{"id":654,"date":"2023-04-24T12:00:18","date_gmt":"2023-04-24T10:00:18","guid":{"rendered":"https:\/\/blogsaverroes.juntadeandalucia.es\/iessulayr\/?page_id=654"},"modified":"2026-02-11T14:30:52","modified_gmt":"2026-02-11T13:30:52","slug":"borrador-automatico","status":"publish","type":"page","link":"https:\/\/blogsaverroes.juntadeandalucia.es\/iessulayr\/borrador-automatico\/","title":{"rendered":"Departamento de Tecnolog\u00eda"},"content":{"rendered":"<p>[et_pb_section fb_built=&#8221;1&#8243; _builder_version=&#8221;4.16&#8243; _module_preset=&#8221;default&#8221; global_colors_info=&#8221;{}&#8221;][et_pb_row _builder_version=&#8221;4.16&#8243; _module_preset=&#8221;default&#8221; global_colors_info=&#8221;{}&#8221;][et_pb_column type=&#8221;4_4&#8243; _builder_version=&#8221;4.16&#8243; _module_preset=&#8221;default&#8221; global_colors_info=&#8221;{}&#8221;][et_pb_image src=&#8221;https:\/\/blogsaverroes.juntadeandalucia.es\/iessulayr\/files\/2023\/04\/cog-wheels-g016b28894_640.jpg&#8221; title_text=&#8221;cog-wheels-g016b28894_640&#8243; _builder_version=&#8221;4.16&#8243; _module_preset=&#8221;default&#8221; global_colors_info=&#8221;{}&#8221;][\/et_pb_image][et_pb_text _builder_version=&#8221;4.24.2&#8243; _module_preset=&#8221;default&#8221; hover_enabled=&#8221;0&#8243; global_colors_info=&#8221;{}&#8221; sticky_enabled=&#8221;0&#8243;]<\/p>\n<p dir=\"ltr\">La Tecnolog\u00eda se define como el conjunto de conocimientos y t\u00e9cnicas que, aplicados de forma l\u00f3gica y ordenada, permiten al ser humano modificar su entorno material o virtual para satisfacer sus necesidades, esto es, un proceso combinado de pensamiento y acci\u00f3n con la finalidad de crear soluciones \u00fatiles.<\/p>\n<p dir=\"ltr\">Profesora del Departamento:&nbsp;<\/p>\n<ul>\n<li>Ortiz, M\u00f3nica (Jefa de Departamento)<\/li>\n<\/ul>\n<p>[\/et_pb_text][\/et_pb_column][\/et_pb_row][et_pb_row column_structure=&#8221;1_3,1_3,1_3&#8243; _builder_version=&#8221;4.16&#8243; _module_preset=&#8221;default&#8221; global_colors_info=&#8221;{}&#8221;][et_pb_column type=&#8221;1_3&#8243; _builder_version=&#8221;4.16&#8243; _module_preset=&#8221;default&#8221; global_colors_info=&#8221;{}&#8221;][et_pb_text admin_label=&#8221;Texto&#8221; _builder_version=&#8221;4.24.2&#8243; _module_preset=&#8221;default&#8221; background_color=&#8221;#8300E9&#8243; hover_enabled=&#8221;0&#8243; global_colors_info=&#8221;{}&#8221; sticky_enabled=&#8221;0&#8243;]<\/p>\n<p>&nbsp;<\/p>\n<p>Criterios de evaluaci\u00f3n de <a href=\"https:\/\/drive.google.com\/file\/d\/10nw1CmHsYK4V_V-sCOGihxluIO1qmkhN\/view?usp=sharing\">Computaci\u00f3n y Rob\u00f3tica 1\u00ba ESO<\/a><\/p>\n<p>Criterios de evaluaci\u00f3n de <a href=\"https:\/\/drive.google.com\/file\/d\/1Nzq4WwqPLphGArRozDwBBb1TSpkzDnhI\/view?usp=sharing\">Computaci\u00f3n y Rob\u00f3tica 3\u00ba ESO<\/a><\/p>\n<p>[\/et_pb_text][\/et_pb_column][et_pb_column type=&#8221;1_3&#8243; _builder_version=&#8221;4.16&#8243; _module_preset=&#8221;default&#8221; global_colors_info=&#8221;{}&#8221;][et_pb_text _builder_version=&#8221;4.24.2&#8243; _module_preset=&#8221;default&#8221; background_color=&#8221;#7CDA24&#8243; hover_enabled=&#8221;0&#8243; global_colors_info=&#8221;{}&#8221; sticky_enabled=&#8221;0&#8243;]<\/p>\n<p>Criterios de evaluaci\u00f3n de <a href=\"https:\/\/drive.google.com\/file\/d\/1xDGKeQc1z0mDQTi56aM-DYe4FWDqIOUn\/view?usp=sharing\">Tecnolog\u00eda y Digitalizaci\u00f3n 2\u00ba ESO<\/a><\/p>\n<p>Criterios de evaluaci\u00f3n de <a href=\"https:\/\/drive.google.com\/file\/d\/1mGJfgBZmwMuDGuY9fyc9C63JciNbFjyo\/view?usp=sharing\">Tecnolog\u00eda y Digitalizaci\u00f3n 3\u00ba ESO<\/a><\/p>\n<p>[\/et_pb_text][\/et_pb_column][et_pb_column type=&#8221;1_3&#8243; _builder_version=&#8221;4.16&#8243; _module_preset=&#8221;default&#8221; global_colors_info=&#8221;{}&#8221;][et_pb_text _builder_version=&#8221;4.24.2&#8243; _module_preset=&#8221;default&#8221; background_color=&#8221;#E09900&#8243; hover_enabled=&#8221;0&#8243; global_colors_info=&#8221;{}&#8221; sticky_enabled=&#8221;0&#8243;]<\/p>\n<p>Criterios de evaluaci\u00f3n de <a href=\"https:\/\/drive.google.com\/file\/d\/1SIHSKdThOPkJMZH6wB4O410eJe-x1mBP\/view?usp=sharing\">Digitalizaci\u00f3n&nbsp;4\u00ba ESO<\/a><\/p>\n<p>[\/et_pb_text][\/et_pb_column][\/et_pb_row][\/et_pb_section]<\/p>\n","protected":false},"excerpt":{"rendered":"<p>La Tecnolog\u00eda se define como el conjunto de conocimientos y t\u00e9cnicas que, aplicados de forma l\u00f3gica y ordenada, permiten al ser humano modificar su entorno material o virtual para satisfacer sus necesidades, esto es, un proceso combinado de pensamiento y acci\u00f3n con la finalidad de crear soluciones \u00fatiles. Profesora del Departamento:&nbsp; Ortiz, M\u00f3nica (Jefa de [&hellip;]<\/p>\n","protected":false},"author":15613,"featured_media":0,"parent":0,"menu_order":0,"comment_status":"closed","ping_status":"closed","template":"","meta":{"_et_pb_use_builder":"on","_et_pb_old_content":"","_et_gb_content_width":"","ngg_post_thumbnail":0,"footnotes":""},"aioseo_notices":[],"_links":{"self":[{"href":"https:\/\/blogsaverroes.juntadeandalucia.es\/iessulayr\/wp-json\/wp\/v2\/pages\/654"}],"collection":[{"href":"https:\/\/blogsaverroes.juntadeandalucia.es\/iessulayr\/wp-json\/wp\/v2\/pages"}],"about":[{"href":"https:\/\/blogsaverroes.juntadeandalucia.es\/iessulayr\/wp-json\/wp\/v2\/types\/page"}],"author":[{"embeddable":true,"href":"https:\/\/blogsaverroes.juntadeandalucia.es\/iessulayr\/wp-json\/wp\/v2\/users\/15613"}],"replies":[{"embeddable":true,"href":"https:\/\/blogsaverroes.juntadeandalucia.es\/iessulayr\/wp-json\/wp\/v2\/comments?post=654"}],"version-history":[{"count":11,"href":"https:\/\/blogsaverroes.juntadeandalucia.es\/iessulayr\/wp-json\/wp\/v2\/pages\/654\/revisions"}],"predecessor-version":[{"id":1947,"href":"https:\/\/blogsaverroes.juntadeandalucia.es\/iessulayr\/wp-json\/wp\/v2\/pages\/654\/revisions\/1947"}],"wp:attachment":[{"href":"https:\/\/blogsaverroes.juntadeandalucia.es\/iessulayr\/wp-json\/wp\/v2\/media?parent=654"}],"curies":[{"name":"wp","href":"https:\/\/api.w.org\/{rel}","templated":true}]}}