{"id":812,"date":"2023-07-19T12:21:24","date_gmt":"2023-07-19T10:21:24","guid":{"rendered":"https:\/\/blogsaverroes.juntadeandalucia.es\/iessulayr\/?page_id=812"},"modified":"2023-07-19T13:19:46","modified_gmt":"2023-07-19T11:19:46","slug":"aulas-bilingues","status":"publish","type":"page","link":"https:\/\/blogsaverroes.juntadeandalucia.es\/iessulayr\/aulas-bilingues\/","title":{"rendered":"Aulas biling\u00fces"},"content":{"rendered":"<p>[et_pb_section fb_built=&#8221;1&#8243; _builder_version=&#8221;4.14.5&#8243; _module_preset=&#8221;default&#8221; global_colors_info=&#8221;{}&#8221;][et_pb_row column_structure=&#8221;1_2,1_2&#8243; _builder_version=&#8221;4.14.5&#8243; _module_preset=&#8221;default&#8221; global_colors_info=&#8221;{}&#8221;][et_pb_column type=&#8221;1_2&#8243; _builder_version=&#8221;4.14.5&#8243; _module_preset=&#8221;default&#8221; global_colors_info=&#8221;{}&#8221;][et_pb_text _builder_version=&#8221;4.14.5&#8243; _module_preset=&#8221;default&#8221; hover_enabled=&#8221;0&#8243; global_colors_info=&#8221;{}&#8221; sticky_enabled=&#8221;0&#8243;]<\/p>\n<p dir=\"ltr\"><strong>Estancia formativa<\/strong><\/p>\n<p dir=\"ltr\">En el curso 2021-2022 el curso de 1\u00ba CFGM de Gu\u00eda en el Medio Natural y de Tiempo Libre tiene autorizada el Aula Biling\u00fce. Gracias a esta financiaci\u00f3n de los fondos europeos #NextGeneration, alumnos y profesores del ciclo realizaron una estancia formativa del 5 al 11 de junio en Dubl\u00edn, asistiendo a clases de ingl\u00e9s por la ma\u00f1ana y realizando actividades tanto relacionadas con los m\u00f3dulos del Ciclo Formativo como con conocimiento de la cultura del pa\u00eds. Para ver fotos y v\u00eddeos de esta experiencia pod\u00e9is pinchar <a href=\"https:\/\/photos.app.goo.gl\/wnoXPWrmsbsbRKux9\">aqu\u00ed<\/a>.<\/p>\n<p dir=\"ltr\"><img loading=\"lazy\" decoding=\"async\" class=\"alignleft size-medium wp-image-816\" src=\"https:\/\/blogsaverroes.juntadeandalucia.es\/iessulayr\/files\/2023\/07\/IMG_20220610_190046_1-225x300.jpg\" alt=\"\" width=\"225\" height=\"300\"><\/p>\n<p dir=\"ltr\">&nbsp;<\/p>\n<p>[\/et_pb_text][\/et_pb_column][et_pb_column type=&#8221;1_2&#8243; _builder_version=&#8221;4.14.5&#8243; _module_preset=&#8221;default&#8221; global_colors_info=&#8221;{}&#8221;][et_pb_text _builder_version=&#8221;4.14.5&#8243; _module_preset=&#8221;default&#8221; hover_enabled=&#8221;0&#8243; global_colors_info=&#8221;{}&#8221; sticky_enabled=&#8221;0&#8243;]<\/p>\n<p dir=\"ltr\"><strong>Estancia formativa Aulas Biling\u00fces<\/strong><\/p>\n<p>Gracias a la financiaci\u00f3n de los fondos europeos #NextGeneration, ekl pasado mes de diciembre del curso 2022-2023 profesorado del Ciclo Formativo de Gu\u00eda en el Medio Natural y Tiempo Libre del IES Sulayr realiz\u00f3 una estancia formativa en Galway, asistiendo a clases de ingl\u00e9s incluyendo job-shadowing por la ma\u00f1ana y realizando actividades de inmersi\u00f3n en ingl\u00e9s. Para m\u00e1s im\u00e1genes, pinchar <a href=\"https:\/\/photos.app.goo.gl\/LVK3WRbvK2T3qcWM6\">aqu\u00ed<\/a>.<\/p>\n<p><img loading=\"lazy\" decoding=\"async\" class=\"alignleft size-medium wp-image-817\" src=\"https:\/\/blogsaverroes.juntadeandalucia.es\/iessulayr\/files\/2023\/07\/IMG_20221204_093941-300x224.jpg\" alt=\"\" width=\"300\" height=\"224\"><\/p>\n<p>[\/et_pb_text][\/et_pb_column][\/et_pb_row][et_pb_row _builder_version=&#8221;4.14.5&#8243; _module_preset=&#8221;default&#8221; global_colors_info=&#8221;{}&#8221;][et_pb_column type=&#8221;4_4&#8243; _builder_version=&#8221;4.14.5&#8243; _module_preset=&#8221;default&#8221; global_colors_info=&#8221;{}&#8221;][et_pb_image src=&#8221;https:\/\/blogsaverroes.juntadeandalucia.es\/iessulayr\/files\/2023\/07\/logo.png&#8221; title_text=&#8221;logo&#8221; _builder_version=&#8221;4.14.5&#8243; _module_preset=&#8221;default&#8221; global_colors_info=&#8221;{}&#8221;][\/et_pb_image][\/et_pb_column][\/et_pb_row][\/et_pb_section]<\/p>\n","protected":false},"excerpt":{"rendered":"<p>Estancia formativa En el curso 2021-2022 el curso de 1\u00ba CFGM de Gu\u00eda en el Medio Natural y de Tiempo Libre tiene autorizada el Aula Biling\u00fce. Gracias a esta financiaci\u00f3n de los fondos europeos #NextGeneration, alumnos y profesores del ciclo realizaron una estancia formativa del 5 al 11 de junio en Dubl\u00edn, asistiendo a clases [&hellip;]<\/p>\n","protected":false},"author":15613,"featured_media":0,"parent":0,"menu_order":0,"comment_status":"closed","ping_status":"closed","template":"","meta":{"_et_pb_use_builder":"on","_et_pb_old_content":"","_et_gb_content_width":"","ngg_post_thumbnail":0,"footnotes":""},"aioseo_notices":[],"_links":{"self":[{"href":"https:\/\/blogsaverroes.juntadeandalucia.es\/iessulayr\/wp-json\/wp\/v2\/pages\/812"}],"collection":[{"href":"https:\/\/blogsaverroes.juntadeandalucia.es\/iessulayr\/wp-json\/wp\/v2\/pages"}],"about":[{"href":"https:\/\/blogsaverroes.juntadeandalucia.es\/iessulayr\/wp-json\/wp\/v2\/types\/page"}],"author":[{"embeddable":true,"href":"https:\/\/blogsaverroes.juntadeandalucia.es\/iessulayr\/wp-json\/wp\/v2\/users\/15613"}],"replies":[{"embeddable":true,"href":"https:\/\/blogsaverroes.juntadeandalucia.es\/iessulayr\/wp-json\/wp\/v2\/comments?post=812"}],"version-history":[{"count":6,"href":"https:\/\/blogsaverroes.juntadeandalucia.es\/iessulayr\/wp-json\/wp\/v2\/pages\/812\/revisions"}],"predecessor-version":[{"id":875,"href":"https:\/\/blogsaverroes.juntadeandalucia.es\/iessulayr\/wp-json\/wp\/v2\/pages\/812\/revisions\/875"}],"wp:attachment":[{"href":"https:\/\/blogsaverroes.juntadeandalucia.es\/iessulayr\/wp-json\/wp\/v2\/media?parent=812"}],"curies":[{"name":"wp","href":"https:\/\/api.w.org\/{rel}","templated":true}]}}