{"id":143,"date":"2024-04-25T22:53:23","date_gmt":"2024-04-25T20:53:23","guid":{"rendered":"https:\/\/blogsaverroes.juntadeandalucia.es\/iestartessoscamas\/?page_id=143"},"modified":"2025-09-14T10:46:46","modified_gmt":"2025-09-14T08:46:46","slug":"ampa","status":"publish","type":"page","link":"https:\/\/blogsaverroes.juntadeandalucia.es\/iestartessoscamas\/ampa\/","title":{"rendered":"AMPA"},"content":{"rendered":"<p>&nbsp;<\/p>\n<div class=\"et_pb_row et_pb_row_0\">\n<div class=\"et_pb_column et_pb_column_4_4 et_pb_column_0 et_pb_css_mix_blend_mode_passthrough et-last-child\">\n<div class=\"et_pb_module et_pb_text et_pb_text_0 et_pb_text_align_left et_pb_bg_layout_light\">\n<div class=\"et_pb_text_inner\">\n<h4><strong>\u00bfQu\u00e9 es el AMPA?<\/strong><\/h4>\n<h4>El AMPA es una asociaci\u00f3n sin \u00e1nimo de lucro que formada por los padres, madres y familias de todo el alumnado del Instituto Tartessos.<\/h4>\n<p>Es un punto de encuentro y de trabajo independiente, abierto y plural.<\/p>\n<p>Desde el AMPA podemos contribuir a la mejora de la calidad de la educaci\u00f3n, la convivencia del centro y de las instalaciones.<\/p>\n<\/div>\n<\/div>\n<\/div>\n<\/div>\n<div class=\"et_pb_row et_pb_row_1\">\n<div class=\"et_pb_column et_pb_column_1_2 et_pb_column_1 et_pb_css_mix_blend_mode_passthrough\">\n<div class=\"et_pb_module et_pb_text et_pb_text_1 et_pb_text_align_left et_pb_bg_layout_light\">\n<div class=\"et_pb_text_inner\">\n<h4><strong>\u00bfPor qu\u00e9 es importante vuestra participaci\u00f3n?<\/strong><\/h4>\n<p>En el Centro existen espacios de participaci\u00f3n, siendo el AMPA el \u00fanico espacio de participaci\u00f3n aut\u00f3nomo de padres, madres y familias. El AMPA es importante porque:<\/p>\n<\/div>\n<\/div>\n<div class=\"et_pb_module et_pb_text et_pb_text_2 et_pb_text_align_left et_pb_bg_layout_light\">\n<div class=\"et_pb_text_inner\">\n<ul>\n<li><strong>Somos corresponsables de la educaci\u00f3n que nuestros hijos\/as reciben en el Instituto.<\/strong><\/li>\n<li><strong>Es un espacio para aportar iniciativas y trabajar con la direcci\u00f3n del Centro, sin depender de esta.<\/strong><\/li>\n<li>El AMPA del \u00a0IES Tartessos, presidido por su Presidenta, Reyes Estevez, hemos sido los promotores de las reivindicaciones por las mejoras de nuestro centro, \u00fanete a nosotros y luchemos porque nuestro instituto sea un lugar seguro para toda la Comunidad Educativa.<\/li>\n<li><iframe src=\"https:\/\/www.youtube.com\/embed\/7Y6XCdfPO_g?si=g3dnrYr_MweCBHiU\" width=\"560\" height=\"315\" frameborder=\"0\"><\/iframe>\n<div class=\"et_pb_column et_pb_column_1_2 et_pb_column_3 et_pb_css_mix_blend_mode_passthrough\">\n<div class=\"et_pb_module et_pb_text et_pb_text_3 et_pb_text_align_left et_pb_bg_layout_light\">\n<div class=\"et_pb_text_inner\">\n<h4><\/h4>\n<h4><\/h4>\n<h4><strong>\u00bfC\u00f3mo puedes participar?<\/strong><\/h4>\n<p>Participar en el AMPA es muy f\u00e1cil y cada uno decide el nivel de implicaci\u00f3n.<\/p>\n<ul>\n<li>Podemos\u00a0<strong>asociarnos<\/strong>\u00a0en cualquier momento, aunque tambi\u00e9n se entrega a las familias una ficha de inscripci\u00f3n con la matr\u00edcula en la que se indica la cuota anual por cada familia (la cuota es por familia no por alumno\/a).<\/li>\n<\/ul>\n<ul>\n<li>Podemos tambi\u00e9n\u00a0<strong>participar<\/strong>\u00a0a trav\u00e9s de las asambleas, incorpor\u00e1ndote a las reuniones abiertas que se convoquen.<\/li>\n<\/ul>\n<ul>\n<li>Podemos\u00a0<strong>colaborar<\/strong>\u00a0en los diferentes grupos de trabajo o en actividades puntuales que se organizan desde el AMPA a lo largo del curso.<\/li>\n<\/ul>\n<ul>\n<li>Podemos\u00a0<strong>proponer<\/strong>\u00a0iniciativas,\u00a0<strong>plantear<\/strong>\u00a0temas de debate,\u00a0<strong>organizar<\/strong>\u00a0actividades, etc., dirigi\u00e9ndote a cualquier miembro de la junta directiva.<\/li>\n<\/ul>\n<p>Como ves,\u00a0<strong>hay muchas formas de participar\u00a0<\/strong>y es muy importante que m\u00e1s padres, madres y familias pasemos a la acci\u00f3n, de forma activa, colectiva y con entusiasmo.<\/p>\n<\/div>\n<\/div>\n<\/div>\n<div class=\"et_pb_column et_pb_column_1_2 et_pb_column_4 et_pb_css_mix_blend_mode_passthrough et-last-child\">\n<div class=\"et_pb_module et_pb_text et_pb_text_4 et_pb_text_align_left et_pb_bg_layout_light\">\n<div class=\"et_pb_text_inner\">\n<h4><strong>\u00bfPara qu\u00e9 sirve?<\/strong><\/h4>\n<ul>\n<li>Para defender y velar por el derecho a una educaci\u00f3n de calidad, democr\u00e1tica, atendiendo a las necesidades de todos los ni\u00f1os\/as y cr\u00edtica.<\/li>\n<li>Para promover la participaci\u00f3n de padres, madres y familias en la vida del centro, defendiendo los intereses del alumnado y de toda la comunidad educativa.<\/li>\n<li>Para buscar soluciones de forma colectiva a temas relacionados con la ense\u00f1anza y educaci\u00f3n de nuestros hijos\/as.<\/li>\n<li>Para crear espacios de encuentro y trabajo en el resto de la comunidad educativa y con el entorno.<\/li>\n<li>Para crear espacios de reflexi\u00f3n y participaci\u00f3n compartida sobre la educaci\u00f3n de nuestros hijos\/as Para participar en la gesti\u00f3n del Centro.<\/li>\n<\/ul>\n<\/div>\n<\/div>\n<div class=\"et_pb_module et_pb_text et_pb_text_5 et_pb_text_align_left et_pb_bg_layout_light\">\n<div class=\"et_pb_text_inner\">\n<h4><strong>Acciones del AMPA<\/strong><\/h4>\n<ul>\n<li>Canaliza las reivindicaciones, inquietudes y dificultades que puedan surgir al alumnado y a las familias.<\/li>\n<li>Forma parte del Consejo Escolar, aportando soluciones a los problemas que pudieran surgir y defendiendo los intereses de los padres y madres con respecto al alumnado y al bienestar de todos en el centro.<\/li>\n<li>Colabora en la organizaci\u00f3n de actividades que complementan la educaci\u00f3n de nuestros hijos e hijas.<\/li>\n<\/ul>\n<\/div>\n<\/div>\n<div class=\"et_pb_module et_pb_text et_pb_text_6 et_pb_text_align_left et_pb_bg_layout_light\">\n<div class=\"et_pb_text_inner\">\n<h4><strong>\u00bfC\u00f3mo se financia?<\/strong><\/h4>\n<p>El AMPA se financia a trav\u00e9s de las cuotas de socios\/as.<br \/>\nLa cuota de socios\/as es el \u00fanico pago que realizan las familias y que gestiona el AMPA para el beneficio exclusivo de la comunidad educativa y en definitiva de la educaci\u00f3n que reciben nuestros hijos\/as en el centro.<\/p>\n<\/div>\n<\/div>\n<\/div>\n<\/li>\n<\/ul>\n<\/div>\n<\/div>\n<\/div>\n<\/div>\n<p><a href=\"https:\/\/www.facebook.com\/p\/AMPA-IES-Tartessos-100057400331367\/\"><img fetchpriority=\"high\" decoding=\"async\" class=\"aligncenter wp-image-770\" src=\"https:\/\/blogsaverroes.juntadeandalucia.es\/iestartessoscamas\/files\/2024\/06\/Captura-de-pantalla-2024-06-14-a-las-19.29.41-300x153.png\" alt=\"\" width=\"622\" height=\"317\" srcset=\"https:\/\/blogsaverroes.juntadeandalucia.es\/iestartessoscamas\/files\/2024\/06\/Captura-de-pantalla-2024-06-14-a-las-19.29.41-300x153.png 300w, https:\/\/blogsaverroes.juntadeandalucia.es\/iestartessoscamas\/files\/2024\/06\/Captura-de-pantalla-2024-06-14-a-las-19.29.41-1024x523.png 1024w, https:\/\/blogsaverroes.juntadeandalucia.es\/iestartessoscamas\/files\/2024\/06\/Captura-de-pantalla-2024-06-14-a-las-19.29.41-768x392.png 768w, https:\/\/blogsaverroes.juntadeandalucia.es\/iestartessoscamas\/files\/2024\/06\/Captura-de-pantalla-2024-06-14-a-las-19.29.41-1536x784.png 1536w, https:\/\/blogsaverroes.juntadeandalucia.es\/iestartessoscamas\/files\/2024\/06\/Captura-de-pantalla-2024-06-14-a-las-19.29.41-2048x1045.png 2048w\" sizes=\"(max-width: 622px) 100vw, 622px\" \/><\/a>NOTICIAS AMPA:<\/p>\n<p><a href=\"https:\/\/cadenaser.com\/audio\/1717586580481\/\"><img decoding=\"async\" class=\"aligncenter wp-image-772\" src=\"https:\/\/blogsaverroes.juntadeandalucia.es\/iestartessoscamas\/files\/2024\/06\/Captura-de-pantalla-2024-06-14-a-las-19.32.04-300x146.png\" alt=\"\" width=\"530\" height=\"258\" srcset=\"https:\/\/blogsaverroes.juntadeandalucia.es\/iestartessoscamas\/files\/2024\/06\/Captura-de-pantalla-2024-06-14-a-las-19.32.04-300x146.png 300w, https:\/\/blogsaverroes.juntadeandalucia.es\/iestartessoscamas\/files\/2024\/06\/Captura-de-pantalla-2024-06-14-a-las-19.32.04-1024x498.png 1024w, https:\/\/blogsaverroes.juntadeandalucia.es\/iestartessoscamas\/files\/2024\/06\/Captura-de-pantalla-2024-06-14-a-las-19.32.04-768x373.png 768w, https:\/\/blogsaverroes.juntadeandalucia.es\/iestartessoscamas\/files\/2024\/06\/Captura-de-pantalla-2024-06-14-a-las-19.32.04-1536x746.png 1536w, https:\/\/blogsaverroes.juntadeandalucia.es\/iestartessoscamas\/files\/2024\/06\/Captura-de-pantalla-2024-06-14-a-las-19.32.04-2048x995.png 2048w\" sizes=\"(max-width: 530px) 100vw, 530px\" \/><\/a><\/p>\n","protected":false},"excerpt":{"rendered":"<p>&nbsp; \u00bfQu\u00e9 es el AMPA? El AMPA es una asociaci\u00f3n sin \u00e1nimo de lucro que formada por los padres, madres y familias de todo el alumnado del Instituto Tartessos. Es un punto de encuentro&#46;&#46;&#46;<\/p>\n","protected":false},"author":18085,"featured_media":0,"parent":0,"menu_order":0,"comment_status":"closed","ping_status":"closed","template":"","meta":{"_exactmetrics_skip_tracking":false,"_exactmetrics_sitenote_active":false,"_exactmetrics_sitenote_note":"","_exactmetrics_sitenote_category":0,"footnotes":"","_mc_calendar":[]},"aioseo_notices":[],"_links":{"self":[{"href":"https:\/\/blogsaverroes.juntadeandalucia.es\/iestartessoscamas\/wp-json\/wp\/v2\/pages\/143"}],"collection":[{"href":"https:\/\/blogsaverroes.juntadeandalucia.es\/iestartessoscamas\/wp-json\/wp\/v2\/pages"}],"about":[{"href":"https:\/\/blogsaverroes.juntadeandalucia.es\/iestartessoscamas\/wp-json\/wp\/v2\/types\/page"}],"author":[{"embeddable":true,"href":"https:\/\/blogsaverroes.juntadeandalucia.es\/iestartessoscamas\/wp-json\/wp\/v2\/users\/18085"}],"replies":[{"embeddable":true,"href":"https:\/\/blogsaverroes.juntadeandalucia.es\/iestartessoscamas\/wp-json\/wp\/v2\/comments?post=143"}],"version-history":[{"count":7,"href":"https:\/\/blogsaverroes.juntadeandalucia.es\/iestartessoscamas\/wp-json\/wp\/v2\/pages\/143\/revisions"}],"predecessor-version":[{"id":1608,"href":"https:\/\/blogsaverroes.juntadeandalucia.es\/iestartessoscamas\/wp-json\/wp\/v2\/pages\/143\/revisions\/1608"}],"wp:attachment":[{"href":"https:\/\/blogsaverroes.juntadeandalucia.es\/iestartessoscamas\/wp-json\/wp\/v2\/media?parent=143"}],"curies":[{"name":"wp","href":"https:\/\/api.w.org\/{rel}","templated":true}]}}

<p>&nbsp;</p>
<div class="et_pb_row et_pb_row_0">
<div class="et_pb_column et_pb_column_4_4 et_pb_column_0 et_pb_css_mix_blend_mode_passthrough et-last-child">
<div class="et_pb_module et_pb_text et_pb_text_0 et_pb_text_align_left et_pb_bg_layout_light">
<div class="et_pb_text_inner">
<h4><strong>¿Qué es el AMPA?</strong></h4>
<h4>El AMPA es una asociación sin ánimo de lucro que formada por los padres, madres y familias de todo el alumnado del Instituto Tartessos.</h4>
<p>Es un punto de encuentro y de trabajo independiente, abierto y plural.</p>
<p>Desde el AMPA podemos contribuir a la mejora de la calidad de la educación, la convivencia del centro y de las instalaciones.</p>
</div>
</div>
</div>
</div>
<div class="et_pb_row et_pb_row_1">
<div class="et_pb_column et_pb_column_1_2 et_pb_column_1 et_pb_css_mix_blend_mode_passthrough">
<div class="et_pb_module et_pb_text et_pb_text_1 et_pb_text_align_left et_pb_bg_layout_light">
<div class="et_pb_text_inner">
<h4><strong>¿Por qué es importante vuestra participación?</strong></h4>
<p>En el Centro existen espacios de participación, siendo el AMPA el único espacio de participación autónomo de padres, madres y familias. El AMPA es importante porque:</p>
</div>
</div>
<div class="et_pb_module et_pb_text et_pb_text_2 et_pb_text_align_left et_pb_bg_layout_light">
<div class="et_pb_text_inner">
<ul>
<li><strong>Somos corresponsables de la educación que nuestros hijos/as reciben en el Instituto.</strong></li>
<li><strong>Es un espacio para aportar iniciativas y trabajar con la dirección del Centro, sin depender de esta.</strong></li>
<li>El AMPA del  IES Tartessos, presidido por su Presidenta, Reyes Estevez, hemos sido los promotores de las reivindicaciones por las mejoras de nuestro centro, únete a nosotros y luchemos porque nuestro instituto sea un lugar seguro para toda la Comunidad Educativa.</li>
<li><iframe src="https://www.youtube.com/embed/7Y6XCdfPO_g?si=g3dnrYr_MweCBHiU" width="560" height="315" frameborder="0"></iframe>
<div class="et_pb_column et_pb_column_1_2 et_pb_column_3 et_pb_css_mix_blend_mode_passthrough">
<div class="et_pb_module et_pb_text et_pb_text_3 et_pb_text_align_left et_pb_bg_layout_light">
<div class="et_pb_text_inner">
<h4></h4>
<h4></h4>
<h4><strong>¿Cómo puedes participar?</strong></h4>
<p>Participar en el AMPA es muy fácil y cada uno decide el nivel de implicación.</p>
<ul>
<li>Podemos <strong>asociarnos</strong> en cualquier momento, aunque también se entrega a las familias una ficha de inscripción con la matrícula en la que se indica la cuota anual por cada familia (la cuota es por familia no por alumno/a).</li>
</ul>
<ul>
<li>Podemos también <strong>participar</strong> a través de las asambleas, incorporándote a las reuniones abiertas que se convoquen.</li>
</ul>
<ul>
<li>Podemos <strong>colaborar</strong> en los diferentes grupos de trabajo o en actividades puntuales que se organizan desde el AMPA a lo largo del curso.</li>
</ul>
<ul>
<li>Podemos <strong>proponer</strong> iniciativas, <strong>plantear</strong> temas de debate, <strong>organizar</strong> actividades, etc., dirigiéndote a cualquier miembro de la junta directiva.</li>
</ul>
<p>Como ves, <strong>hay muchas formas de participar </strong>y es muy importante que más padres, madres y familias pasemos a la acción, de forma activa, colectiva y con entusiasmo.</p>
</div>
</div>
</div>
<div class="et_pb_column et_pb_column_1_2 et_pb_column_4 et_pb_css_mix_blend_mode_passthrough et-last-child">
<div class="et_pb_module et_pb_text et_pb_text_4 et_pb_text_align_left et_pb_bg_layout_light">
<div class="et_pb_text_inner">
<h4><strong>¿Para qué sirve?</strong></h4>
<ul>
<li>Para defender y velar por el derecho a una educación de calidad, democrática, atendiendo a las necesidades de todos los niños/as y crítica.</li>
<li>Para promover la participación de padres, madres y familias en la vida del centro, defendiendo los intereses del alumnado y de toda la comunidad educativa.</li>
<li>Para buscar soluciones de forma colectiva a temas relacionados con la enseñanza y educación de nuestros hijos/as.</li>
<li>Para crear espacios de encuentro y trabajo en el resto de la comunidad educativa y con el entorno.</li>
<li>Para crear espacios de reflexión y participación compartida sobre la educación de nuestros hijos/as Para participar en la gestión del Centro.</li>
</ul>
</div>
</div>
<div class="et_pb_module et_pb_text et_pb_text_5 et_pb_text_align_left et_pb_bg_layout_light">
<div class="et_pb_text_inner">
<h4><strong>Acciones del AMPA</strong></h4>
<ul>
<li>Canaliza las reivindicaciones, inquietudes y dificultades que puedan surgir al alumnado y a las familias.</li>
<li>Forma parte del Consejo Escolar, aportando soluciones a los problemas que pudieran surgir y defendiendo los intereses de los padres y madres con respecto al alumnado y al bienestar de todos en el centro.</li>
<li>Colabora en la organización de actividades que complementan la educación de nuestros hijos e hijas.</li>
</ul>
</div>
</div>
<div class="et_pb_module et_pb_text et_pb_text_6 et_pb_text_align_left et_pb_bg_layout_light">
<div class="et_pb_text_inner">
<h4><strong>¿Cómo se financia?</strong></h4>
<p>El AMPA se financia a través de las cuotas de socios/as.<br />
La cuota de socios/as es el único pago que realizan las familias y que gestiona el AMPA para el beneficio exclusivo de la comunidad educativa y en definitiva de la educación que reciben nuestros hijos/as en el centro.</p>
</div>
</div>
</div>
</li>
</ul>
</div>
</div>
</div>
</div>
<p><a href="https://www.facebook.com/p/AMPA-IES-Tartessos-100057400331367/"><img fetchpriority="high" decoding="async" class="aligncenter wp-image-770" src="https://blogsaverroes.juntadeandalucia.es/iestartessoscamas/files/2024/06/Captura-de-pantalla-2024-06-14-a-las-19.29.41-300x153.png" alt="" width="622" height="317" srcset="https://blogsaverroes.juntadeandalucia.es/iestartessoscamas/files/2024/06/Captura-de-pantalla-2024-06-14-a-las-19.29.41-300x153.png 300w, https://blogsaverroes.juntadeandalucia.es/iestartessoscamas/files/2024/06/Captura-de-pantalla-2024-06-14-a-las-19.29.41-1024x523.png 1024w, https://blogsaverroes.juntadeandalucia.es/iestartessoscamas/files/2024/06/Captura-de-pantalla-2024-06-14-a-las-19.29.41-768x392.png 768w, https://blogsaverroes.juntadeandalucia.es/iestartessoscamas/files/2024/06/Captura-de-pantalla-2024-06-14-a-las-19.29.41-1536x784.png 1536w, https://blogsaverroes.juntadeandalucia.es/iestartessoscamas/files/2024/06/Captura-de-pantalla-2024-06-14-a-las-19.29.41-2048x1045.png 2048w" sizes="(max-width: 622px) 100vw, 622px" /></a>NOTICIAS AMPA:</p>
<p><a href="https://cadenaser.com/audio/1717586580481/"><img decoding="async" class="aligncenter wp-image-772" src="https://blogsaverroes.juntadeandalucia.es/iestartessoscamas/files/2024/06/Captura-de-pantalla-2024-06-14-a-las-19.32.04-300x146.png" alt="" width="530" height="258" srcset="https://blogsaverroes.juntadeandalucia.es/iestartessoscamas/files/2024/06/Captura-de-pantalla-2024-06-14-a-las-19.32.04-300x146.png 300w, https://blogsaverroes.juntadeandalucia.es/iestartessoscamas/files/2024/06/Captura-de-pantalla-2024-06-14-a-las-19.32.04-1024x498.png 1024w, https://blogsaverroes.juntadeandalucia.es/iestartessoscamas/files/2024/06/Captura-de-pantalla-2024-06-14-a-las-19.32.04-768x373.png 768w, https://blogsaverroes.juntadeandalucia.es/iestartessoscamas/files/2024/06/Captura-de-pantalla-2024-06-14-a-las-19.32.04-1536x746.png 1536w, https://blogsaverroes.juntadeandalucia.es/iestartessoscamas/files/2024/06/Captura-de-pantalla-2024-06-14-a-las-19.32.04-2048x995.png 2048w" sizes="(max-width: 530px) 100vw, 530px" /></a></p>

<p>&nbsp; ¿Qué es el AMPA? El AMPA es una asociación sin ánimo de lucro que formada por los padres, madres y familias de todo el alumnado del Instituto Tartessos. Es un punto de encuentro&#46;&#46;&#46;</p>
