{"id":221,"date":"2024-04-26T14:11:09","date_gmt":"2024-04-26T12:11:09","guid":{"rendered":"https:\/\/blogsaverroes.juntadeandalucia.es\/iestartessoscamas\/?page_id=221"},"modified":"2026-01-16T13:34:40","modified_gmt":"2026-01-16T12:34:40","slug":"plan-de-centro","status":"publish","type":"page","link":"https:\/\/blogsaverroes.juntadeandalucia.es\/iestartessoscamas\/plan-de-centro\/","title":{"rendered":"Plan de Centro"},"content":{"rendered":"<p style=\"font-weight: 400\">El <strong>Plan de Centro<\/strong> es el documento donde se plasman los aspectos generales que deben regir la vida de un centro educativo.<\/p>\n<p style=\"font-weight: 400\">Est\u00e1 constituido por el\u00a0<strong>Proyecto Educativo, Reglamento de Organizaci\u00f3n y Funcionamiento y Proyecto de Gesti\u00f3n<\/strong>.<\/p>\n<p style=\"font-weight: 400\">En realidad, es la plasmaci\u00f3n a medio y largo plazo del Proyecto de Direcci\u00f3n que en su d\u00eda se present\u00f3 al Consejo Escolar de este Centro en coherencia con las Finalidades Educativas.<\/p>\n<p style=\"font-weight: 400\">Este Plan contiene ideas que se han puesto en marcha en los a\u00f1os anteriores y que han nacido de las aportaciones del profesorado, alumnado, familias y personal de Administraci\u00f3n y Servicios.<\/p>\n<p style=\"font-weight: 400\">Desarrolla el modelo de organizaci\u00f3n escolar derivado de la aplicaci\u00f3n de la normativa vigente. Tambi\u00e9n se han tenido en cuenta los documentos existentes y todas las actuaciones que se han desarrollado para lograr aspectos de mejora en los distintos \u00e1mbitos que conforman un proyecto de gesti\u00f3n y liderazgo educativo.<\/p>\n<p style=\"font-weight: 400\">Los principios generales que servir\u00e1n como eje vertebrador de este Plan son:<\/p>\n<ul>\n<li style=\"font-weight: 400\">El desarrollo pleno de las capacidades del alumno<\/li>\n<li style=\"font-weight: 400\">La Educaci\u00f3n en Valores<\/li>\n<li style=\"font-weight: 400\">Un modelo de gesti\u00f3n que facilite el buen funcionamiento del Centro, coordinado, participativo y que integre lo diferente<\/li>\n<li style=\"font-weight: 400\">Una Direcci\u00f3n que favorezca el di\u00e1logo, el consenso, la transparencia en la informaci\u00f3n, la coordinaci\u00f3n y la autoevaluaci\u00f3n de su gesti\u00f3n<\/li>\n<li style=\"font-weight: 400\">Una distribuci\u00f3n equilibrada de los recursos humanos y econ\u00f3micos.<\/li>\n<\/ul>\n<p>&nbsp;<\/p>\n<p><a href=\"https:\/\/blogsaverroes.juntadeandalucia.es\/iestartessos\/files\/2026\/01\/PLAN_DE_CENTRO_IES_TARTESSOS_2526.pdf\">Plan de centro<\/a><\/p>\n","protected":false},"excerpt":{"rendered":"<p>El Plan de Centro es el documento donde se plasman los aspectos generales que deben regir la vida de un centro educativo. Est\u00e1 constituido por el\u00a0Proyecto Educativo, Reglamento de Organizaci\u00f3n y Funcionamiento y Proyecto&#46;&#46;&#46;<\/p>\n","protected":false},"author":18085,"featured_media":0,"parent":0,"menu_order":0,"comment_status":"closed","ping_status":"closed","template":"","meta":{"_exactmetrics_skip_tracking":false,"_exactmetrics_sitenote_active":false,"_exactmetrics_sitenote_note":"","_exactmetrics_sitenote_category":0,"footnotes":"","_mc_calendar":[]},"aioseo_notices":[],"_links":{"self":[{"href":"https:\/\/blogsaverroes.juntadeandalucia.es\/iestartessoscamas\/wp-json\/wp\/v2\/pages\/221"}],"collection":[{"href":"https:\/\/blogsaverroes.juntadeandalucia.es\/iestartessoscamas\/wp-json\/wp\/v2\/pages"}],"about":[{"href":"https:\/\/blogsaverroes.juntadeandalucia.es\/iestartessoscamas\/wp-json\/wp\/v2\/types\/page"}],"author":[{"embeddable":true,"href":"https:\/\/blogsaverroes.juntadeandalucia.es\/iestartessoscamas\/wp-json\/wp\/v2\/users\/18085"}],"replies":[{"embeddable":true,"href":"https:\/\/blogsaverroes.juntadeandalucia.es\/iestartessoscamas\/wp-json\/wp\/v2\/comments?post=221"}],"version-history":[{"count":28,"href":"https:\/\/blogsaverroes.juntadeandalucia.es\/iestartessoscamas\/wp-json\/wp\/v2\/pages\/221\/revisions"}],"predecessor-version":[{"id":1732,"href":"https:\/\/blogsaverroes.juntadeandalucia.es\/iestartessoscamas\/wp-json\/wp\/v2\/pages\/221\/revisions\/1732"}],"wp:attachment":[{"href":"https:\/\/blogsaverroes.juntadeandalucia.es\/iestartessoscamas\/wp-json\/wp\/v2\/media?parent=221"}],"curies":[{"name":"wp","href":"https:\/\/api.w.org\/{rel}","templated":true}]}}