{"id":241,"date":"2024-04-29T21:58:59","date_gmt":"2024-04-29T19:58:59","guid":{"rendered":"https:\/\/blogsaverroes.juntadeandalucia.es\/iestartessoscamas\/?page_id=241"},"modified":"2024-04-30T20:59:22","modified_gmt":"2024-04-30T18:59:22","slug":"presentacion-electronica","status":"publish","type":"page","link":"https:\/\/blogsaverroes.juntadeandalucia.es\/iestartessoscamas\/presentacion-electronica\/","title":{"rendered":"Presentaci\u00f3n electr\u00f3nica"},"content":{"rendered":"\t\t<div data-elementor-type=\"wp-page\" data-elementor-id=\"241\" class=\"elementor elementor-241\">\n\t\t\t\t<div class=\"elementor-element elementor-element-7596d4dd e-flex e-con-boxed e-con e-parent\" data-id=\"7596d4dd\" data-element_type=\"container\">\n\t\t\t\t\t<div class=\"e-con-inner\">\n\t\t\t\t<div class=\"elementor-element elementor-element-260fea3c elementor-widget elementor-widget-text-editor\" data-id=\"260fea3c\" data-element_type=\"widget\" data-widget_type=\"text-editor.default\">\n\t\t\t\t<div class=\"elementor-widget-container\">\n\t\t\t\t\t\t\t\t\t<h1 class=\"post-title entry-title\">Presentaci\u00f3n electr\u00f3nica y en el centro<\/h1>\r\n<div class=\"clear\"><\/div>\r\n<div class=\"entry themeform\">\r\n<div class=\"entry-inner\">\r\n<h3><strong>EXPEDICI\u00d3N DE T\u00cdTULOS<\/strong><\/h3>\r\n<h5><strong>T\u00cdTULOS DE GRADUADO EN EDUCACI\u00d3N SECUNDARIA (E.S.O.)<\/strong><\/h5>\r\nLos T\u00edtulos de Graduado en Educaci\u00f3n Secundaria (E.S.O.)\u00a0no est\u00e1n sujetos a pagos de tasas, adem\u00e1s\u00a0no hace falta solicitar su expedici\u00f3n\u00a0ya que se tramitan de oficio.\r\n\r\nLos T\u00edtulos suelen tardar en llegar unos\u00a0<strong>cuatro<\/strong>\u00a0a\u00f1os desde que acabas la ESO.\r\n<h5><strong>T\u00cdTULOS DE BACHILLER, CICLOS FORMATIVOS MEDIOS Y SUPERIORES.<\/strong><\/h5>\r\nLos alumnos\/as que hayan aprobado 2\u00ba de Bachiller y no tengan asignaturas pendientes de 1\u00ba, y los que hayan superado todos los m\u00f3dulos de los Ciclos Formativos de Grado Medio o Superior, deben tramitar la expedici\u00f3n del T\u00edtulo.\r\n\r\nPara tramitar el T\u00edtulo, los alumnos\/as recoger\u00e1n de la Secretar\u00eda de este Centro el impreso<strong>\u00a0<a href=\"https:\/\/www.juntadeandalucia.es\/economiayhacienda\/apl\/surweb\/modelos\/modelo046\/controlador046.sur?origen=modelo046&amp;datosCompletos=no\">modelo\u00a0046<\/a><\/strong>\u00a0e ingresar\u00e1n la cantidad que corresponda en cualquier Banco o Caja de Ahorros de las que act\u00faan como entidades colaboradoras en la recaudaci\u00f3n tributaria (la pr\u00e1ctica totalidad de las mismas).\r\n\r\nUna vez efectuado el ingreso, presentar\u00e1n en la Secretar\u00eda del Instituto:\r\n<ul>\r\n \t<li>\u00a0El \u00abEjemplar para el Interesado\u00bb y el \u00abEjemplar para la Administraci\u00f3n\u00bb del<strong>\u00a0modelo 046<\/strong>\u00a0sellados por el Banco o Caja de Ahorros.<\/li>\r\n \t<li>\u00a0Fotocopia, por las dos caras, del DNI.<\/li>\r\n \t<li>\u00a0Fotocopia, si procede, del Libro de Familia Numerosa actualizado y el original del mismo.\u00a0\u00a0(p\u00e1gina donde se encuentran los datos del alumno\/a)<\/li>\r\n \t<li>Solicitud de expedici\u00f3n del T\u00edtulo que puedes recoger en Secretar\u00eda.<\/li>\r\n \t<li>\u00a0<em><strong>Descarga\u00a0 del modelo y confecci\u00f3n desde internet<\/strong><\/em><em><strong><a href=\"https:\/\/www.ceh.junta-andalucia.es\/economiayhacienda\/apl\/surweb\/modelos\/modelo046\/046.jsp\">www.ceh.junta-andalucia.es\/economiayhacienda\/apl\/surweb\/modelos\/modelo046\/046.jsp<\/a><\/strong><\/em>\u2013 Lo puedes encontrar en\u00a0<strong>www.juntadeandalucia.es, Consejer\u00edas, Econom\u00eda y Hacienda, Tributos, Informaci\u00f3n al Contribuyente, Modelos de declaraciones, liquidaciones y otros impresos<\/strong>.\u2013 Seleccionar por n\u00famero de modelo el<strong>\u00a0046.<\/strong>\u2013 Confecci\u00f3n on-line e imprimir. Saldr\u00e1n 3 copias.\r\n\r\n\u2013 Rellenar los datos. Especificamos algunos de ellos:\r\n<ul>\r\n \t<li>C\u00f3digo territorial del IES TARTESSOS: ED41B7<\/li>\r\n \t<li>Concepto: 0049 para t\u00edtulos y 0027 para Carnet de Estudiante.<\/li>\r\n \t<li>Fecha de devengo: el d\u00eda que rellenas el impreso o haces el pago\r\n<table width=\"502\">\r\n<tbody>\r\n<tr>\r\n<td colspan=\"4\"><strong>Tasas t\u00edtulo a\u00f1o 2013<\/strong><\/td>\r\n<\/tr>\r\n<tr class=\"alt\">\r\n<td width=\"24%\"><\/td>\r\n<td width=\"21%\"><strong>Tarifa Normal<\/strong><\/td>\r\n<td width=\"29%\"><strong>Familia Numerosa\u00a0 Categor\u00eda General<\/strong><\/td>\r\n<td width=\"26%\"><strong>Familia Numerosa de Categor\u00eda Especial o Discapacidad<\/strong><\/td>\r\n<\/tr>\r\n<tr>\r\n<td width=\"24%\"><strong>Bachilleratos<\/strong><\/td>\r\n<td width=\"21%\">51,49 \u20ac<\/td>\r\n<td width=\"29%\">25,75 \u20ac<\/td>\r\n<td width=\"26%\">Exento<\/td>\r\n<\/tr>\r\n<tr class=\"alt\">\r\n<td width=\"24%\"><strong>Ciclos Formativos de Grado Medio<\/strong><\/td>\r\n<td width=\"21%\">20, 96 \u20ac<\/td>\r\n<td width=\"29%\">10,48 \u20ac<\/td>\r\n<td width=\"26%\">Exento<\/td>\r\n<\/tr>\r\n<tr>\r\n<td width=\"24%\"><strong>Ciclos Formativos de Grado Superior<\/strong><\/td>\r\n<td width=\"21%\">49,78 \u20ac<\/td>\r\n<td width=\"29%\">25,75 \u20ac<\/td>\r\n<td width=\"26%\">Exento<\/td>\r\n<\/tr>\r\n<\/tbody>\r\n<\/table>\r\n<ul>\r\n \t<li>\r\n<ul>\r\n \t<li>Presentar en\u00a0<strong>cualquier Caja de Ahorros<\/strong><\/li>\r\n \t<li>Traer al Centro las copias (2 copias) selladas por el banco<\/li>\r\n \t<li>Familia numerosa especial no abona nada pero s\u00ed hay que rellenar el modelo (Importe: 0 \u20ac).<\/li>\r\n<\/ul>\r\n<strong>NOTA: el T\u00edtulo tarda tres o cuatro a\u00f1os en llegar al Instituto despu\u00e9s de que lo hayas solicitado. Si necesitas alg\u00fan documento justificante de haber terminado el Ciclo o el Bachillerato, , lo puedes pedir en nuestra Secretar\u00eda, tambi\u00e9n suele valer de justificante del t\u00edtulo,\u00a0 el documento 046.<\/strong>\r\n<table style=\"width: 77.1826%;height: 272px\" border=\"1\" width=\"515\" cellspacing=\"0\" cellpadding=\"9\" align=\"center\">\r\n<tbody>\r\n<tr class=\"alt\" bgcolor=\"#0000ff\">\r\n<td style=\"width: 100%\">\r\n<div><span style=\"color: #000000\"><strong>Orden en la que se regula la expedici\u00f3n de los t\u00edtulos.<\/strong><\/span><\/div><\/td>\r\n<\/tr>\r\n<tr>\r\n<td style=\"width: 100%\" height=\"137\">\r\n<div>\r\n<p style=\"text-align: left\"><a href=\"http:\/\/www.andaluciajunta.es\/portal\/boletines\/1996\/06\/aj-bojaVerPagina-1996-06\/0,22838,bi%3D6954999081,00.html\" target=\"_blank\" rel=\"noopener noreferrer\">\r\n<\/a><a href=\"http:\/\/www.juntadeandalucia.es\/boja\/boletines\/1996\/67\/d\/50.html\" target=\"_blank\" rel=\"noopener noreferrer\">ORDEN de 21 de mayo de 1996<\/a>, por la que se regulan el procedimiento de expedici\u00f3n y la organizaci\u00f3n y funcionamiento del Registro de los t\u00edtulos acad\u00e9micos y profesionales correspondientes a las ense\u00f1anzas establecidas por la Ley Org\u00e1nica 1\/1990, de 3 de octubre, de Ordenaci\u00f3n General del Sistema Educativo. BOJA 13\/06\/96.<\/p>\r\n\r\n<\/div><\/td>\r\n<\/tr>\r\n<\/tbody>\r\n<\/table>\r\n<table style=\"width: 77.7966%\" border=\"1\" width=\"506\" cellspacing=\"0\" cellpadding=\"7\" align=\"center\">\r\n<tbody>\r\n<tr class=\"alt\" bgcolor=\"#3333ff\">\r\n<td style=\"width: 100%\" bgcolor=\"#3333ff\">\r\n<div><span style=\"color: #ffffff\"><strong>Extractos de la Orden anterior<\/strong><\/span><\/div><\/td>\r\n<\/tr>\r\n<tr>\r\n<td style=\"width: 100%\">\r\n<p style=\"text-align: left\"><strong>Art\u00edculo 1.<\/strong><\/p>\r\n<p style=\"text-align: left\">Iniciaci\u00f3n del procedimiento.<\/p>\r\n<p style=\"text-align: left\">1.\u00a0T\u00edtulos de Graduado en Educaci\u00f3n Secundaria. El procedimiento de expedici\u00f3n se iniciar\u00e1 de oficio.\u00a0A estos efectos los Centros docentes situados en la Comunidad Aut\u00f3noma de Andaluc\u00eda, en que hayan finalizado los estudios los alumnos, ya sean p\u00fablicos o privados, remitir\u00e1n a las Delegaciones Provinciales las relaciones certificadas de alumnos con derecho a la obtenci\u00f3n del t\u00edtulo.<\/p>\r\n<p style=\"text-align: left\">2. Dem\u00e1s t\u00edtulos. El procedimiento de expedici\u00f3n se iniciar\u00e1 a solicitud del interesado previo pago del importe de las tasas correspondientes.<\/p>\r\n<p style=\"text-align: left\"><strong>Art\u00edculo 3.<\/strong><\/p>\r\n<p style=\"text-align: left\">Tasas.<\/p>\r\n<p style=\"text-align: left\">1.\u00a0El t\u00edtulo de Graduado en Educaci\u00f3n Secundaria, de acuerdo con el art. 3 del Real Decreto 733\/95 no estar\u00e1 sujeto al pago de tasas.<\/p>\r\n<p style=\"text-align: left\">2. Los dem\u00e1s t\u00edtulos devengar\u00e1n la tasa por servicios administrativos del art. 107 de la Ley 4\/88 de Tasas y Precios P\u00fablicos de Andaluc\u00eda, en la cuant\u00eda que establezcan las distintas Leyes de Presupuestos de la Comunidad Aut\u00f3noma.<\/p>\r\n<\/td>\r\n<\/tr>\r\n<\/tbody>\r\n<\/table>\r\n<p style=\"text-align: left\"><\/p>\r\n<\/li>\r\n<\/ul>\r\n<\/li>\r\n<\/ul>\r\n<\/li>\r\n<\/ul>\r\n<\/div>\r\n<\/div>\t\t\t\t\t\t\t\t<\/div>\n\t\t\t\t<\/div>\n\t\t\t\t\t<\/div>\n\t\t\t\t<\/div>\n\t\t\t\t<\/div>\n\t\t","protected":false},"excerpt":{"rendered":"<p>Presentaci\u00f3n electr\u00f3nica y en el centro EXPEDICI\u00d3N DE T\u00cdTULOS T\u00cdTULOS DE GRADUADO EN EDUCACI\u00d3N SECUNDARIA (E.S.O.) Los T\u00edtulos de Graduado en Educaci\u00f3n Secundaria (E.S.O.)\u00a0no est\u00e1n sujetos a pagos de tasas, adem\u00e1s\u00a0no hace falta solicitar&#46;&#46;&#46;<\/p>\n","protected":false},"author":18085,"featured_media":0,"parent":0,"menu_order":0,"comment_status":"closed","ping_status":"closed","template":"","meta":{"_exactmetrics_skip_tracking":false,"_exactmetrics_sitenote_active":false,"_exactmetrics_sitenote_note":"","_exactmetrics_sitenote_category":0,"footnotes":"","_mc_calendar":[]},"aioseo_notices":[],"_links":{"self":[{"href":"https:\/\/blogsaverroes.juntadeandalucia.es\/iestartessoscamas\/wp-json\/wp\/v2\/pages\/241"}],"collection":[{"href":"https:\/\/blogsaverroes.juntadeandalucia.es\/iestartessoscamas\/wp-json\/wp\/v2\/pages"}],"about":[{"href":"https:\/\/blogsaverroes.juntadeandalucia.es\/iestartessoscamas\/wp-json\/wp\/v2\/types\/page"}],"author":[{"embeddable":true,"href":"https:\/\/blogsaverroes.juntadeandalucia.es\/iestartessoscamas\/wp-json\/wp\/v2\/users\/18085"}],"replies":[{"embeddable":true,"href":"https:\/\/blogsaverroes.juntadeandalucia.es\/iestartessoscamas\/wp-json\/wp\/v2\/comments?post=241"}],"version-history":[{"count":9,"href":"https:\/\/blogsaverroes.juntadeandalucia.es\/iestartessoscamas\/wp-json\/wp\/v2\/pages\/241\/revisions"}],"predecessor-version":[{"id":391,"href":"https:\/\/blogsaverroes.juntadeandalucia.es\/iestartessoscamas\/wp-json\/wp\/v2\/pages\/241\/revisions\/391"}],"wp:attachment":[{"href":"https:\/\/blogsaverroes.juntadeandalucia.es\/iestartessoscamas\/wp-json\/wp\/v2\/media?parent=241"}],"curies":[{"name":"wp","href":"https:\/\/api.w.org\/{rel}","templated":true}]}}