{"id":253,"date":"2024-04-29T22:00:23","date_gmt":"2024-04-29T20:00:23","guid":{"rendered":"https:\/\/blogsaverroes.juntadeandalucia.es\/iestartessoscamas\/?page_id=253"},"modified":"2024-06-13T16:16:37","modified_gmt":"2024-06-13T14:16:37","slug":"gratuidad-de-libros","status":"publish","type":"page","link":"https:\/\/blogsaverroes.juntadeandalucia.es\/iestartessoscamas\/gratuidad-de-libros\/","title":{"rendered":"Gratuidad de Libros"},"content":{"rendered":"<p>CURSO 2024\/2025<\/p>\n<div class=\"text-wrap\">\n<p>Publicadas las\u00a0<a title=\"Pulse para visualizar el documento:\u00a0Instrucciones de 29 de mayo de 2024 de la Direcci\u00f3n General de Ordenaci\u00f3n, Inclusi\u00f3n, Participaci\u00f3n y Evaluaci\u00f3n Educativa sobre el Programa de Gratuidad de los libros de texto para el curso escolar 2024-25\" href=\"https:\/\/www.juntadeandalucia.es\/educacion\/portals\/delegate\/content\/8451e316-89a5-4a5a-ba64-d107879d2032\/Instrucciones%20de%2029%20de%20mayo%20de%202024%20de%20la%20Direcci%C3%B3n%20General%20de%20Ordenaci%C3%B3n,%20Inclusi%C3%B3n,%20Participaci%C3%B3n%20y%20Evaluaci%C3%B3n%20Educativa%20sobre%20el%20Programa%20de%20Gratuidad%20de%20los%20libros%20de%20texto%20para%20el%20curso%20escolar%202024-25\" target=\"_blank\" rel=\"noopener\">Instrucciones de 29 de mayo de 2024 de la Direcci\u00f3n General de Ordenaci\u00f3n, Inclusi\u00f3n, Participaci\u00f3n y Evaluaci\u00f3n Educativa sobre el Programa de Gratuidad de los libros de texto para el curso escolar 2024-25.<\/a><\/p>\n<p>En ellas se establece que, en aplicaci\u00f3n del principio de prudencia y siguiendo criterios de optimizaci\u00f3n de los recursos p\u00fablicos, para el curso acad\u00e9mico 2024\/2025 est\u00e1 prevista la renovaci\u00f3n completa de los libros de los cursos de primero y segundo de Educaci\u00f3n Primaria, de los cursos de<strong> primero, segundo y tercero de Educaci\u00f3n\u00a0Secundaria, de los cursos de los Ciclos Formativos de Grado B\u00e1sico, y de la dotaci\u00f3n espec\u00edfica para el <\/strong><strong>alumnado con necesidades espec\u00edficas de apoyo educativo (NEAE), <\/strong>y el mantenimiento de los libros de todos los cursos del resto de etapas.<\/p>\n<\/div>\n","protected":false},"excerpt":{"rendered":"<p>CURSO 2024\/2025 Publicadas las\u00a0Instrucciones de 29 de mayo de 2024 de la Direcci\u00f3n General de Ordenaci\u00f3n, Inclusi\u00f3n, Participaci\u00f3n y Evaluaci\u00f3n Educativa sobre el Programa de Gratuidad de los libros de texto para el curso&#46;&#46;&#46;<\/p>\n","protected":false},"author":18085,"featured_media":0,"parent":0,"menu_order":0,"comment_status":"closed","ping_status":"closed","template":"","meta":{"_exactmetrics_skip_tracking":false,"_exactmetrics_sitenote_active":false,"_exactmetrics_sitenote_note":"","_exactmetrics_sitenote_category":0,"footnotes":"","_mc_calendar":[]},"aioseo_notices":[],"_links":{"self":[{"href":"https:\/\/blogsaverroes.juntadeandalucia.es\/iestartessoscamas\/wp-json\/wp\/v2\/pages\/253"}],"collection":[{"href":"https:\/\/blogsaverroes.juntadeandalucia.es\/iestartessoscamas\/wp-json\/wp\/v2\/pages"}],"about":[{"href":"https:\/\/blogsaverroes.juntadeandalucia.es\/iestartessoscamas\/wp-json\/wp\/v2\/types\/page"}],"author":[{"embeddable":true,"href":"https:\/\/blogsaverroes.juntadeandalucia.es\/iestartessoscamas\/wp-json\/wp\/v2\/users\/18085"}],"replies":[{"embeddable":true,"href":"https:\/\/blogsaverroes.juntadeandalucia.es\/iestartessoscamas\/wp-json\/wp\/v2\/comments?post=253"}],"version-history":[{"count":2,"href":"https:\/\/blogsaverroes.juntadeandalucia.es\/iestartessoscamas\/wp-json\/wp\/v2\/pages\/253\/revisions"}],"predecessor-version":[{"id":747,"href":"https:\/\/blogsaverroes.juntadeandalucia.es\/iestartessoscamas\/wp-json\/wp\/v2\/pages\/253\/revisions\/747"}],"wp:attachment":[{"href":"https:\/\/blogsaverroes.juntadeandalucia.es\/iestartessoscamas\/wp-json\/wp\/v2\/media?parent=253"}],"curies":[{"name":"wp","href":"https:\/\/api.w.org\/{rel}","templated":true}]}}