{"id":256,"date":"2024-04-29T22:00:42","date_gmt":"2024-04-29T20:00:42","guid":{"rendered":"https:\/\/blogsaverroes.juntadeandalucia.es\/iestartessoscamas\/?page_id=256"},"modified":"2024-06-13T16:00:38","modified_gmt":"2024-06-13T14:00:38","slug":"transporte-escolar","status":"publish","type":"page","link":"https:\/\/blogsaverroes.juntadeandalucia.es\/iestartessoscamas\/transporte-escolar\/","title":{"rendered":"Transporte Escolar"},"content":{"rendered":"<p><strong>AYUDAS<\/strong><\/p>\n<ul>\n<li><a href=\"https:\/\/www.juntadeandalucia.es\/educacion\/portals\/web\/becas-y-ayudas\/ayudas-al-transporte\"><strong>Ayuda Individualizada para el Transporte escolar<\/strong><\/a>.<\/li>\n<\/ul>\n<p>La Ayuda Individualizada para el Transporte Escolar es un servicio complementario que consiste en una aportaci\u00f3n econ\u00f3mica destinada, en general, a financiar los gastos de transporte\u00a0 escolar a aquellos solicitantes que no puedan hacer uso de ninguna de las modalidades de prestaci\u00f3n y organizaci\u00f3n del servicio, o bien que tengan que cubrir una distancia superior a dos kil\u00f3metros entre su domicilio y la parada de la ruta escolar correspondiente.<\/p>\n<p>Asimismo, tambi\u00e9n ser\u00e1n objeto de esta ayuda el alumnado de bachillerato de la modalidad de artes o de ciclos formativos de Formaci\u00f3n Profesional Inicial que, por su especificidad y dificultad de generalizaci\u00f3n, se encuentren implantados en Centros docentes sostenidos con fondos p\u00fablicos alejados de su localidad de residencia.<\/p>\n<p>Se debe reunir alguno de los siguientes <a href=\"https:\/\/www.juntadeandalucia.es\/educacion\/portals\/web\/becas-y-ayudas\/ayudas-al-transporte\/preguntas-frecuentes\/requisitos\">supuestos<\/a>.<\/p>\n<ul>\n<li><a href=\"https:\/\/www.juntadeandalucia.es\/educacion\/portals\/web\/becas-y-ayudas\/ayudas\/ayuda-desplazamientos-empresas\"><strong>Ayudas por desplazamientos a empresas, FCT y Dual<\/strong><\/a>.<\/li>\n<\/ul>\n<p>La finalidad de estas ayudas es proporcionar al alumnado que realiza el\u00a0<strong>m\u00f3dulo profesional de formaci\u00f3n en centros de trabajo o formaci\u00f3n profesional dual en las empresas<\/strong>, ayudas para el desplazamiento a las empresas o entidades donde realizar\u00e1n las actividades programadas en esta fase de su formaci\u00f3n.<\/p>\n<p>Los destinatarios de estas ayudas son alumnos y alumnas que cursan ense\u00f1anzas de formaci\u00f3n profesional inicial sostenidas con fondos p\u00fablicos, siendo subvencionables los gastos de desplazamiento necesarios para realizaci\u00f3n del m\u00f3dulo profesional de formaci\u00f3n en centros de trabajo o la formaci\u00f3n profesional dual en empresas o entidades colaboradoras situadas a una distancia superior a 5 Kms. contados desde el centro docente en que se est\u00e9 matriculado.<\/p>\n<p>Muy importante: consultar la informaci\u00f3n sobre estas ayudas que se puede encontrar en la siguiente p\u00e1gina de esta web: <a href=\"http:\/\/www.iespolitecnico.es\/empresas-fct-empleo\/ayudas-fct\/\"><strong>Ayudas FCT y Dual<\/strong><\/a><\/p>\n","protected":false},"excerpt":{"rendered":"<p>AYUDAS Ayuda Individualizada para el Transporte escolar. La Ayuda Individualizada para el Transporte Escolar es un servicio complementario que consiste en una aportaci\u00f3n econ\u00f3mica destinada, en general, a financiar los gastos de transporte\u00a0 escolar&#46;&#46;&#46;<\/p>\n","protected":false},"author":18085,"featured_media":0,"parent":0,"menu_order":0,"comment_status":"closed","ping_status":"closed","template":"","meta":{"_exactmetrics_skip_tracking":false,"_exactmetrics_sitenote_active":false,"_exactmetrics_sitenote_note":"","_exactmetrics_sitenote_category":0,"footnotes":"","_mc_calendar":[]},"aioseo_notices":[],"_links":{"self":[{"href":"https:\/\/blogsaverroes.juntadeandalucia.es\/iestartessoscamas\/wp-json\/wp\/v2\/pages\/256"}],"collection":[{"href":"https:\/\/blogsaverroes.juntadeandalucia.es\/iestartessoscamas\/wp-json\/wp\/v2\/pages"}],"about":[{"href":"https:\/\/blogsaverroes.juntadeandalucia.es\/iestartessoscamas\/wp-json\/wp\/v2\/types\/page"}],"author":[{"embeddable":true,"href":"https:\/\/blogsaverroes.juntadeandalucia.es\/iestartessoscamas\/wp-json\/wp\/v2\/users\/18085"}],"replies":[{"embeddable":true,"href":"https:\/\/blogsaverroes.juntadeandalucia.es\/iestartessoscamas\/wp-json\/wp\/v2\/comments?post=256"}],"version-history":[{"count":2,"href":"https:\/\/blogsaverroes.juntadeandalucia.es\/iestartessoscamas\/wp-json\/wp\/v2\/pages\/256\/revisions"}],"predecessor-version":[{"id":738,"href":"https:\/\/blogsaverroes.juntadeandalucia.es\/iestartessoscamas\/wp-json\/wp\/v2\/pages\/256\/revisions\/738"}],"wp:attachment":[{"href":"https:\/\/blogsaverroes.juntadeandalucia.es\/iestartessoscamas\/wp-json\/wp\/v2\/media?parent=256"}],"curies":[{"name":"wp","href":"https:\/\/api.w.org\/{rel}","templated":true}]}}