{"id":62,"date":"2024-04-25T22:37:51","date_gmt":"2024-04-25T20:37:51","guid":{"rendered":"https:\/\/blogsaverroes.juntadeandalucia.es\/iestartessoscamas\/?page_id=62"},"modified":"2025-11-21T12:33:20","modified_gmt":"2025-11-21T11:33:20","slug":"dibujo","status":"publish","type":"page","link":"https:\/\/blogsaverroes.juntadeandalucia.es\/iestartessoscamas\/dibujo\/","title":{"rendered":"Dibujo"},"content":{"rendered":"<p style=\"font-style: normal;font-size: 14px;text-align: left\"><strong><span style=\"font-size: 12pt\">\u00a0PROFESORADO DEL DEPARTAMENTO<\/span><\/strong><\/p>\n<table style=\"border-collapse: collapse;width: 100%\">\n<tbody>\n<tr>\n<td style=\"width: 50%\">D\u00aa\u00a0 Mar\u00eda \u00c1lvarez Romero<\/td>\n<td style=\"width: 50%\">malvrom317@g.educaand.es<\/td>\n<\/tr>\n<tr>\n<td style=\"width: 50%\">D\u00aa Mar\u00eda del Mar Cerezal S\u00e1nchez (Jefa de Departamento)<\/td>\n<td style=\"width: 50%\">mcersan390@g.educaand.es<\/td>\n<\/tr>\n<\/tbody>\n<\/table>\n<p>&nbsp;<\/p>\n<p style=\"font-style: normal;, calibri, sans-serif;font-size: 14px\"><span style=\"font-size: 14pt\"><strong>PROGRAMACIONES.<\/strong><\/span><\/p>\n<p>&nbsp;<\/p>\n<p style=\"font-style: normal;, calibri, sans-serif;font-size: 14px\"><span style=\"font-size: 14pt\">Enlaces<\/span><\/p>\n<p><a href=\"https:\/\/blogsaverroes.juntadeandalucia.es\/iestartessos\/files\/2025\/11\/PROGRAMACIONES-DEL-DEPARTAMENTO-DE-DIBUJO-IES-TARTESSOS.pdf\">PROGRAMACIONES<\/a><\/p>\n<p style=\"font-style: normal;, calibri, sans-serif;font-size: 14px\"><span style=\"font-size: 14pt\"><a style=\"text-decoration: none\" title=\"EX\u00c1MENES Y ORIENTACIONES SOBRE LA PRUEBA DE ACCESO Y\/O ADMISI\u00d3N A LA UNIVERSIDAD\" href=\"https:\/\/www.juntadeandalucia.es\/economiaconocimientoempresasyuniversidad\/sguit\/?q=grados&amp;d=g_b_examenes_anteriores.php\" target=\"_blank\" rel=\"noopener\">Ex\u00e1menes selectividad Andaluc\u00eda.<\/a><\/span><\/p>\n<p style=\"font-style: normal;, calibri, sans-serif;font-size: 14px\"><span style=\"font-size: 14pt\"><a style=\"text-decoration: none\" title=\"Recursos tic dibujo t\u00e9cnico\" href=\"http:\/\/www.mongge.com\/educacion\/dibujo-tecnico\/#\" target=\"_blank\" rel=\"noopener\">Recursos Secundaria Mongge.<\/a><\/span><\/p>\n<p style=\"font-style: normal;, calibri, sans-serif;font-size: 14px\"><span style=\"font-size: 14pt\"><a style=\"text-decoration: none\" title=\"Pagina de Jos\u00e9 Antonio Cuadrado dib. tecnico.\" href=\"http:\/\/jcuadra2.wix.com\/cuadrado#!dibujo-tcnico\/c1rvq\" target=\"_blank\" rel=\"noopener\">Recursos Secundaria Jos\u00e9 Antonio Cuadrado.<\/a><\/span><\/p>\n<p style=\"font-style: normal;, calibri, sans-serif;font-size: 14px\"><span style=\"font-size: 14pt\"><a style=\"text-decoration: none\" href=\"http:\/\/www.educacionplastica.net\/MenuDie.htm\" target=\"_blank\" rel=\"noopener\">Sistema di\u00e9drico.<\/a><\/span><\/p>\n<p style=\"font-style: normal;, calibri, sans-serif;font-size: 14px\"><span style=\"font-size: 14pt\"><a style=\"text-decoration: none\" href=\"http:\/\/www.educacionplastica.net\/\" target=\"_blank\" rel=\"noopener\">Educaci\u00f3npl\u00e1stica.net<\/a><\/span><\/p>\n","protected":false},"excerpt":{"rendered":"<p>\u00a0PROFESORADO DEL DEPARTAMENTO D\u00aa\u00a0 Mar\u00eda \u00c1lvarez Romero malvrom317@g.educaand.es D\u00aa Mar\u00eda del Mar Cerezal S\u00e1nchez (Jefa de Departamento) mcersan390@g.educaand.es &nbsp; PROGRAMACIONES. &nbsp; Enlaces PROGRAMACIONES Ex\u00e1menes selectividad Andaluc\u00eda. Recursos Secundaria Mongge. Recursos Secundaria Jos\u00e9 Antonio Cuadrado.&#46;&#46;&#46;<\/p>\n","protected":false},"author":18085,"featured_media":0,"parent":0,"menu_order":0,"comment_status":"closed","ping_status":"closed","template":"","meta":{"_exactmetrics_skip_tracking":false,"_exactmetrics_sitenote_active":false,"_exactmetrics_sitenote_note":"","_exactmetrics_sitenote_category":0,"footnotes":"","_mc_calendar":[]},"aioseo_notices":[],"_links":{"self":[{"href":"https:\/\/blogsaverroes.juntadeandalucia.es\/iestartessoscamas\/wp-json\/wp\/v2\/pages\/62"}],"collection":[{"href":"https:\/\/blogsaverroes.juntadeandalucia.es\/iestartessoscamas\/wp-json\/wp\/v2\/pages"}],"about":[{"href":"https:\/\/blogsaverroes.juntadeandalucia.es\/iestartessoscamas\/wp-json\/wp\/v2\/types\/page"}],"author":[{"embeddable":true,"href":"https:\/\/blogsaverroes.juntadeandalucia.es\/iestartessoscamas\/wp-json\/wp\/v2\/users\/18085"}],"replies":[{"embeddable":true,"href":"https:\/\/blogsaverroes.juntadeandalucia.es\/iestartessoscamas\/wp-json\/wp\/v2\/comments?post=62"}],"version-history":[{"count":20,"href":"https:\/\/blogsaverroes.juntadeandalucia.es\/iestartessoscamas\/wp-json\/wp\/v2\/pages\/62\/revisions"}],"predecessor-version":[{"id":1725,"href":"https:\/\/blogsaverroes.juntadeandalucia.es\/iestartessoscamas\/wp-json\/wp\/v2\/pages\/62\/revisions\/1725"}],"wp:attachment":[{"href":"https:\/\/blogsaverroes.juntadeandalucia.es\/iestartessoscamas\/wp-json\/wp\/v2\/media?parent=62"}],"curies":[{"name":"wp","href":"https:\/\/api.w.org\/{rel}","templated":true}]}}