{"id":623,"date":"2024-06-12T11:15:23","date_gmt":"2024-06-12T09:15:23","guid":{"rendered":"https:\/\/blogsaverroes.juntadeandalucia.es\/iestartessoscamas\/?page_id=623"},"modified":"2026-04-10T13:54:16","modified_gmt":"2026-04-10T11:54:16","slug":"grado-medio","status":"publish","type":"page","link":"https:\/\/blogsaverroes.juntadeandalucia.es\/iestartessoscamas\/grado-medio\/","title":{"rendered":"Grado Medio y Grado b\u00e1sico"},"content":{"rendered":"<p><img fetchpriority=\"high\" decoding=\"async\" class=\"aligncenter wp-image-731\" src=\"https:\/\/blogsaverroes.juntadeandalucia.es\/iestartessoscamas\/files\/2024\/06\/Captura-de-pantalla-2024-06-13-a-las-14.36.56-300x75.png\" alt=\"\" width=\"536\" height=\"134\" srcset=\"https:\/\/blogsaverroes.juntadeandalucia.es\/iestartessoscamas\/files\/2024\/06\/Captura-de-pantalla-2024-06-13-a-las-14.36.56-300x75.png 300w, https:\/\/blogsaverroes.juntadeandalucia.es\/iestartessoscamas\/files\/2024\/06\/Captura-de-pantalla-2024-06-13-a-las-14.36.56-768x193.png 768w, https:\/\/blogsaverroes.juntadeandalucia.es\/iestartessoscamas\/files\/2024\/06\/Captura-de-pantalla-2024-06-13-a-las-14.36.56.png 804w\" sizes=\"(max-width: 536px) 100vw, 536px\" \/><\/p>\n<p>&nbsp;<\/p>\n<div>\n<div><a href=\"https:\/\/blogsaverroes.juntadeandalucia.es\/iestartessoscamas\/files\/2025\/10\/Bases-C-ALJARAFE-90D-2026.docx-1-1.pdf\">BASES CONVOCATORIA 2\u00ba GM y 2\u00ba GRADO B\u00c1SICO 90 D\u00cdAS 2025-2026<\/a><\/div>\n<div><a href=\"https:\/\/blogsaverroes.juntadeandalucia.es\/iestartessoscamas\/files\/2025\/10\/Formulario-Inscripcio\u2560un-90D-ALJARAFE-2026.pdf\"><span style=\"font-size: 16px\">FORMULARIO INSCRIPCI\u00d3N 2\u00ba GM\u00a0 y 2\u00ba GRADO B\u00c1SICO 90 D\u00cdAS 2025-2026<\/span><\/a><\/div>\n<div><a href=\"https:\/\/blogsaverroes.juntadeandalucia.es\/iestartessos\/files\/2026\/02\/Bases-15D-ALJARAFE-2026.docx.pdf\">BASES DE LA CONVOCATORIA 2\u00ba GM 15 d\u00edas\u00a0 PORTUGAL 2026<\/a><\/div>\n<div><a href=\"https:\/\/blogsaverroes.juntadeandalucia.es\/iestartessoscamas\/files\/2026\/02\/F-Inscripcio\u2560un-ALJARAFE-15-CD-2026.pdf\">FORMULARIO DE INSCRIPCI\u00d3N 2\u00ba GM 15 D\u00cdAS PORTUGAL 2026<\/a><\/div>\n<div>\n<div><a href=\"https:\/\/blogsaverroes.juntadeandalucia.es\/iestartessos\/files\/2026\/04\/LISTADO-ADMITIDOS-GM-15-DIAS-2026.docx-1.pdf\">LISTADO DE SELECCIONADOS\/AS DE GRADO MEDIO 1\u00ba 15 d\u00edas Portugal 2026<\/a><\/div>\n<div><\/div>\n<\/div>\n<\/div>\n","protected":false},"excerpt":{"rendered":"<p>&nbsp; BASES CONVOCATORIA 2\u00ba GM y 2\u00ba GRADO B\u00c1SICO 90 D\u00cdAS 2025-2026 FORMULARIO INSCRIPCI\u00d3N 2\u00ba GM\u00a0 y 2\u00ba GRADO B\u00c1SICO 90 D\u00cdAS 2025-2026 BASES DE LA CONVOCATORIA 2\u00ba GM 15 d\u00edas\u00a0 PORTUGAL 2026 FORMULARIO&#46;&#46;&#46;<\/p>\n","protected":false},"author":18085,"featured_media":0,"parent":0,"menu_order":0,"comment_status":"closed","ping_status":"closed","template":"","meta":{"_exactmetrics_skip_tracking":false,"_exactmetrics_sitenote_active":false,"_exactmetrics_sitenote_note":"","_exactmetrics_sitenote_category":0,"footnotes":"","_mc_calendar":[]},"aioseo_notices":[],"_links":{"self":[{"href":"https:\/\/blogsaverroes.juntadeandalucia.es\/iestartessoscamas\/wp-json\/wp\/v2\/pages\/623"}],"collection":[{"href":"https:\/\/blogsaverroes.juntadeandalucia.es\/iestartessoscamas\/wp-json\/wp\/v2\/pages"}],"about":[{"href":"https:\/\/blogsaverroes.juntadeandalucia.es\/iestartessoscamas\/wp-json\/wp\/v2\/types\/page"}],"author":[{"embeddable":true,"href":"https:\/\/blogsaverroes.juntadeandalucia.es\/iestartessoscamas\/wp-json\/wp\/v2\/users\/18085"}],"replies":[{"embeddable":true,"href":"https:\/\/blogsaverroes.juntadeandalucia.es\/iestartessoscamas\/wp-json\/wp\/v2\/comments?post=623"}],"version-history":[{"count":36,"href":"https:\/\/blogsaverroes.juntadeandalucia.es\/iestartessoscamas\/wp-json\/wp\/v2\/pages\/623\/revisions"}],"predecessor-version":[{"id":1788,"href":"https:\/\/blogsaverroes.juntadeandalucia.es\/iestartessoscamas\/wp-json\/wp\/v2\/pages\/623\/revisions\/1788"}],"wp:attachment":[{"href":"https:\/\/blogsaverroes.juntadeandalucia.es\/iestartessoscamas\/wp-json\/wp\/v2\/media?parent=623"}],"curies":[{"name":"wp","href":"https:\/\/api.w.org\/{rel}","templated":true}]}}