{"id":87,"date":"2024-04-25T22:44:23","date_gmt":"2024-04-25T20:44:23","guid":{"rendered":"https:\/\/blogsaverroes.juntadeandalucia.es\/iestartessoscamas\/?page_id=87"},"modified":"2025-11-12T19:14:56","modified_gmt":"2025-11-12T18:14:56","slug":"frances","status":"publish","type":"page","link":"https:\/\/blogsaverroes.juntadeandalucia.es\/iestartessoscamas\/frances\/","title":{"rendered":"Franc\u00e9s"},"content":{"rendered":"<p><strong>PROFESORADO DEL DEPARTAMENTO<\/strong><\/p>\n<table style=\"border-collapse: collapse;width: 84.5995%\">\n<tbody>\n<tr>\n<td style=\"width: 50.6081%\" width=\"382\">D\u00aa.\u00a0 Mercedes \u00c1ngela B\u00e9jar G\u00f3mez\u00a0 \u00a0 (Jefa departamento)<\/td>\n<td style=\"width: 33.9915%\"><span data-sheets-root=\"1\" data-sheets-value=\"{&quot;1&quot;:2,&quot;2&quot;:&quot;mbresan947@g.educaand.es&quot;}\" data-sheets-userformat=\"{&quot;2&quot;:14781,&quot;3&quot;:{&quot;1&quot;:0,&quot;3&quot;:1},&quot;5&quot;:{&quot;1&quot;:[{&quot;1&quot;:2,&quot;2&quot;:0,&quot;5&quot;:{&quot;1&quot;:2,&quot;2&quot;:0}},{&quot;1&quot;:0,&quot;2&quot;:0,&quot;3&quot;:3},{&quot;1&quot;:1,&quot;2&quot;:0,&quot;4&quot;:1}]},&quot;6&quot;:{&quot;1&quot;:[{&quot;1&quot;:2,&quot;2&quot;:0,&quot;5&quot;:{&quot;1&quot;:2,&quot;2&quot;:0}},{&quot;1&quot;:0,&quot;2&quot;:0,&quot;3&quot;:3},{&quot;1&quot;:1,&quot;2&quot;:0,&quot;4&quot;:1}]},&quot;7&quot;:{&quot;1&quot;:[{&quot;1&quot;:2,&quot;2&quot;:0,&quot;5&quot;:{&quot;1&quot;:2,&quot;2&quot;:0}},{&quot;1&quot;:0,&quot;2&quot;:0,&quot;3&quot;:3},{&quot;1&quot;:1,&quot;2&quot;:0,&quot;4&quot;:1}]},&quot;8&quot;:{&quot;1&quot;:[{&quot;1&quot;:2,&quot;2&quot;:0,&quot;5&quot;:{&quot;1&quot;:2,&quot;2&quot;:0}},{&quot;1&quot;:0,&quot;2&quot;:0,&quot;3&quot;:3},{&quot;1&quot;:1,&quot;2&quot;:0,&quot;4&quot;:1}]},&quot;10&quot;:0,&quot;11&quot;:4,&quot;14&quot;:{&quot;1&quot;:2,&quot;2&quot;:0},&quot;15&quot;:&quot;Times New Roman&quot;,&quot;16&quot;:12}\">mbejgom517@g.educaand.es<\/span><\/td>\n<\/tr>\n<tr>\n<td style=\"width: 50.6081%\" width=\"382\">D\u00aa. Carmen Breval S\u00e1nchez<\/td>\n<td style=\"width: 33.9915%\">mbresan947@g.educaand.es<\/td>\n<\/tr>\n<tr>\n<td style=\"width: 50.6081%\">D\u00aa. Inmaculada L\u00f3pez<\/td>\n<td style=\"width: 33.9915%\">ilopsan342@g.educaand.es<\/td>\n<\/tr>\n<\/tbody>\n<\/table>\n<p>&nbsp;<\/p>\n<p><em>LIENS<\/em>:<\/p>\n<ul class=\"texto\">\n<li><span style=\"color: #0000ff\"><a style=\"color: #0000ff\" href=\"http:\/\/www.juntadeandalucia.es\/averroes\/centros-tic\/41000880\/moodle\/login\/index.php\">PLATAFORMA MOODLE: teor\u00eda y ejercicios autocorregibles para los alumnos.<\/a><\/span><\/li>\n<li><span style=\"color: #0000ff\"><a style=\"color: #0000ff\" title=\"http:\/\/www.larousse.fr\/dictionnaires\/espagnol-francais\/Rechercher%20un%20mot\" href=\"http:\/\/www.larousse.fr\/dictionnaires\/espagnol-francais\/Rechercher%20un%20mot\">Diccionario espa\u00f1ol-franc\u00e9s<\/a><\/span><\/li>\n<li><span style=\"color: #0000ff\"><a style=\"color: #0000ff\" title=\"http:\/\/www.leconjugueur.com\/ukindex.php\" href=\"http:\/\/www.leconjugueur.com\/\">Le conjugueur<\/a><\/span><\/li>\n<\/ul>\n<p><strong>\u00a0PROGRAMACIONES CURSO 2025-2026<\/strong><\/p>\n<p><a href=\"https:\/\/blogsaverroes.juntadeandalucia.es\/iestartessoscamas\/files\/2025\/11\/Programacion-didactica-FRANCES-2025-2026-ESO.pdf\">PROGRAMACI\u00d3N FRANC\u00c9S ESO<\/a><\/p>\n<p><a href=\"https:\/\/blogsaverroes.juntadeandalucia.es\/iestartessoscamas\/files\/2025\/11\/Programacion-didactica-FRANCES-2025-26-Bachillerato.pdf\">PROGRAMACI\u00d3N FRANC\u00c9S BACHILLERATO<\/a><\/p>\n","protected":false},"excerpt":{"rendered":"<p>PROFESORADO DEL DEPARTAMENTO D\u00aa.\u00a0 Mercedes \u00c1ngela B\u00e9jar G\u00f3mez\u00a0 \u00a0 (Jefa departamento) mbejgom517@g.educaand.es D\u00aa. Carmen Breval S\u00e1nchez mbresan947@g.educaand.es D\u00aa. Inmaculada L\u00f3pez ilopsan342@g.educaand.es &nbsp; LIENS: PLATAFORMA MOODLE: teor\u00eda y ejercicios autocorregibles para los alumnos. Diccionario espa\u00f1ol-franc\u00e9s&#46;&#46;&#46;<\/p>\n","protected":false},"author":18085,"featured_media":0,"parent":0,"menu_order":0,"comment_status":"closed","ping_status":"closed","template":"","meta":{"_exactmetrics_skip_tracking":false,"_exactmetrics_sitenote_active":false,"_exactmetrics_sitenote_note":"","_exactmetrics_sitenote_category":0,"footnotes":"","_mc_calendar":[]},"aioseo_notices":[],"_links":{"self":[{"href":"https:\/\/blogsaverroes.juntadeandalucia.es\/iestartessoscamas\/wp-json\/wp\/v2\/pages\/87"}],"collection":[{"href":"https:\/\/blogsaverroes.juntadeandalucia.es\/iestartessoscamas\/wp-json\/wp\/v2\/pages"}],"about":[{"href":"https:\/\/blogsaverroes.juntadeandalucia.es\/iestartessoscamas\/wp-json\/wp\/v2\/types\/page"}],"author":[{"embeddable":true,"href":"https:\/\/blogsaverroes.juntadeandalucia.es\/iestartessoscamas\/wp-json\/wp\/v2\/users\/18085"}],"replies":[{"embeddable":true,"href":"https:\/\/blogsaverroes.juntadeandalucia.es\/iestartessoscamas\/wp-json\/wp\/v2\/comments?post=87"}],"version-history":[{"count":12,"href":"https:\/\/blogsaverroes.juntadeandalucia.es\/iestartessoscamas\/wp-json\/wp\/v2\/pages\/87\/revisions"}],"predecessor-version":[{"id":1703,"href":"https:\/\/blogsaverroes.juntadeandalucia.es\/iestartessoscamas\/wp-json\/wp\/v2\/pages\/87\/revisions\/1703"}],"wp:attachment":[{"href":"https:\/\/blogsaverroes.juntadeandalucia.es\/iestartessoscamas\/wp-json\/wp\/v2\/media?parent=87"}],"curies":[{"name":"wp","href":"https:\/\/api.w.org\/{rel}","templated":true}]}}