{"id":99,"date":"2024-04-25T22:38:19","date_gmt":"2024-04-25T20:38:19","guid":{"rendered":"https:\/\/blogsaverroes.juntadeandalucia.es\/iestartessoscamas\/?page_id=99"},"modified":"2025-11-17T10:09:15","modified_gmt":"2025-11-17T09:09:15","slug":"musica","status":"publish","type":"page","link":"https:\/\/blogsaverroes.juntadeandalucia.es\/iestartessoscamas\/musica\/","title":{"rendered":"M\u00fasica"},"content":{"rendered":"<div id=\"tituloItem\" class=\"blockTituloItem\"><strong>PROFESORADO DEL DEPARTAMENTO DE M\u00daSICA<\/strong><\/div>\n<div><\/div>\n<div id=\"contenido_sitio\">\n<table style=\"border-collapse: collapse;width: 100%;height: 59px\">\n<tbody>\n<tr style=\"height: 35px\">\n<td style=\"width: 50%;height: 35px\">D\u00aa. In\u00e9s Cuerva Rodr\u00edguez (Jefa de departamento)<\/td>\n<td style=\"width: 50%;height: 35px\"><span data-sheets-root=\"1\" data-sheets-value=\"{&quot;1&quot;:2,&quot;2&quot;:&quot;icuerod818@g.educaand.es&quot;}\" data-sheets-userformat=\"{&quot;2&quot;:14781,&quot;3&quot;:{&quot;1&quot;:0,&quot;3&quot;:1},&quot;5&quot;:{&quot;1&quot;:[{&quot;1&quot;:2,&quot;2&quot;:0,&quot;5&quot;:{&quot;1&quot;:2,&quot;2&quot;:0}},{&quot;1&quot;:0,&quot;2&quot;:0,&quot;3&quot;:3},{&quot;1&quot;:1,&quot;2&quot;:0,&quot;4&quot;:1}]},&quot;6&quot;:{&quot;1&quot;:[{&quot;1&quot;:2,&quot;2&quot;:0,&quot;5&quot;:{&quot;1&quot;:2,&quot;2&quot;:0}},{&quot;1&quot;:0,&quot;2&quot;:0,&quot;3&quot;:3},{&quot;1&quot;:1,&quot;2&quot;:0,&quot;4&quot;:1}]},&quot;7&quot;:{&quot;1&quot;:[{&quot;1&quot;:2,&quot;2&quot;:0,&quot;5&quot;:{&quot;1&quot;:2,&quot;2&quot;:0}},{&quot;1&quot;:0,&quot;2&quot;:0,&quot;3&quot;:3},{&quot;1&quot;:1,&quot;2&quot;:0,&quot;4&quot;:1}]},&quot;8&quot;:{&quot;1&quot;:[{&quot;1&quot;:2,&quot;2&quot;:0,&quot;5&quot;:{&quot;1&quot;:2,&quot;2&quot;:0}},{&quot;1&quot;:0,&quot;2&quot;:0,&quot;3&quot;:3},{&quot;1&quot;:1,&quot;2&quot;:0,&quot;4&quot;:1}]},&quot;10&quot;:0,&quot;11&quot;:4,&quot;14&quot;:{&quot;1&quot;:2,&quot;2&quot;:0},&quot;15&quot;:&quot;Times New Roman&quot;,&quot;16&quot;:12}\">icuerod818@g.educaand.es<\/span><\/td>\n<\/tr>\n<tr style=\"height: 24px\">\n<td style=\"width: 50%;height: 24px\" width=\"382\">D. Jos\u00e9 Francisco Rosa Mart\u00ednez<\/td>\n<td style=\"width: 50%\" width=\"245\">jrosmar072@g.educaand.es<\/td>\n<\/tr>\n<\/tbody>\n<\/table>\n<p>ENLACES<\/p>\n<p><a href=\"https:\/\/blogsaverroes.juntadeandalucia.es\/iestartessos\/files\/2025\/11\/Programaciones-del-Departamento-de-Musica.pdf\">PROGRAMACI\u00d3N DEL DEPARTAMENTO DE M\u00daSICA 2025-2026<\/a><\/p>\n<\/div>\n","protected":false},"excerpt":{"rendered":"<p>PROFESORADO DEL DEPARTAMENTO DE M\u00daSICA D\u00aa. In\u00e9s Cuerva Rodr\u00edguez (Jefa de departamento) icuerod818@g.educaand.es D. Jos\u00e9 Francisco Rosa Mart\u00ednez jrosmar072@g.educaand.es ENLACES PROGRAMACI\u00d3N DEL DEPARTAMENTO DE M\u00daSICA 2025-2026<\/p>\n","protected":false},"author":18085,"featured_media":0,"parent":0,"menu_order":0,"comment_status":"closed","ping_status":"closed","template":"","meta":{"_exactmetrics_skip_tracking":false,"_exactmetrics_sitenote_active":false,"_exactmetrics_sitenote_note":"","_exactmetrics_sitenote_category":0,"footnotes":"","_mc_calendar":[]},"aioseo_notices":[],"_links":{"self":[{"href":"https:\/\/blogsaverroes.juntadeandalucia.es\/iestartessoscamas\/wp-json\/wp\/v2\/pages\/99"}],"collection":[{"href":"https:\/\/blogsaverroes.juntadeandalucia.es\/iestartessoscamas\/wp-json\/wp\/v2\/pages"}],"about":[{"href":"https:\/\/blogsaverroes.juntadeandalucia.es\/iestartessoscamas\/wp-json\/wp\/v2\/types\/page"}],"author":[{"embeddable":true,"href":"https:\/\/blogsaverroes.juntadeandalucia.es\/iestartessoscamas\/wp-json\/wp\/v2\/users\/18085"}],"replies":[{"embeddable":true,"href":"https:\/\/blogsaverroes.juntadeandalucia.es\/iestartessoscamas\/wp-json\/wp\/v2\/comments?post=99"}],"version-history":[{"count":14,"href":"https:\/\/blogsaverroes.juntadeandalucia.es\/iestartessoscamas\/wp-json\/wp\/v2\/pages\/99\/revisions"}],"predecessor-version":[{"id":1721,"href":"https:\/\/blogsaverroes.juntadeandalucia.es\/iestartessoscamas\/wp-json\/wp\/v2\/pages\/99\/revisions\/1721"}],"wp:attachment":[{"href":"https:\/\/blogsaverroes.juntadeandalucia.es\/iestartessoscamas\/wp-json\/wp\/v2\/media?parent=99"}],"curies":[{"name":"wp","href":"https:\/\/api.w.org\/{rel}","templated":true}]}}

Música

<div id="tituloItem" class="blockTituloItem"><strong>PROFESORADO DEL DEPARTAMENTO DE MÚSICA</strong></div>
<div></div>
<div id="contenido_sitio">
<table style="border-collapse: collapse;width: 100%;height: 59px">
<tbody>
<tr style="height: 35px">
<td style="width: 50%;height: 35px">Dª. Inés Cuerva Rodríguez (Jefa de departamento)</td>
<td style="width: 50%;height: 35px"><span data-sheets-root="1" data-sheets-value="{&quot;1&quot;:2,&quot;2&quot;:&quot;icuerod818@g.educaand.es&quot;}" data-sheets-userformat="{&quot;2&quot;:14781,&quot;3&quot;:{&quot;1&quot;:0,&quot;3&quot;:1},&quot;5&quot;:{&quot;1&quot;:[{&quot;1&quot;:2,&quot;2&quot;:0,&quot;5&quot;:{&quot;1&quot;:2,&quot;2&quot;:0}},{&quot;1&quot;:0,&quot;2&quot;:0,&quot;3&quot;:3},{&quot;1&quot;:1,&quot;2&quot;:0,&quot;4&quot;:1}]},&quot;6&quot;:{&quot;1&quot;:[{&quot;1&quot;:2,&quot;2&quot;:0,&quot;5&quot;:{&quot;1&quot;:2,&quot;2&quot;:0}},{&quot;1&quot;:0,&quot;2&quot;:0,&quot;3&quot;:3},{&quot;1&quot;:1,&quot;2&quot;:0,&quot;4&quot;:1}]},&quot;7&quot;:{&quot;1&quot;:[{&quot;1&quot;:2,&quot;2&quot;:0,&quot;5&quot;:{&quot;1&quot;:2,&quot;2&quot;:0}},{&quot;1&quot;:0,&quot;2&quot;:0,&quot;3&quot;:3},{&quot;1&quot;:1,&quot;2&quot;:0,&quot;4&quot;:1}]},&quot;8&quot;:{&quot;1&quot;:[{&quot;1&quot;:2,&quot;2&quot;:0,&quot;5&quot;:{&quot;1&quot;:2,&quot;2&quot;:0}},{&quot;1&quot;:0,&quot;2&quot;:0,&quot;3&quot;:3},{&quot;1&quot;:1,&quot;2&quot;:0,&quot;4&quot;:1}]},&quot;10&quot;:0,&quot;11&quot;:4,&quot;14&quot;:{&quot;1&quot;:2,&quot;2&quot;:0},&quot;15&quot;:&quot;Times New Roman&quot;,&quot;16&quot;:12}">icuerod818@g.educaand.es</span></td>
</tr>
<tr style="height: 24px">
<td style="width: 50%;height: 24px" width="382">D. José Francisco Rosa Martínez</td>
<td style="width: 50%" width="245">jrosmar072@g.educaand.es</td>
</tr>
</tbody>
</table>
<p>ENLACES</p>
<p><a href="https://blogsaverroes.juntadeandalucia.es/iestartessos/files/2025/11/Programaciones-del-Departamento-de-Musica.pdf">PROGRAMACIÓN DEL DEPARTAMENTO DE MÚSICA 2025-2026</a></p>
</div>

<p>PROFESORADO DEL DEPARTAMENTO DE MÚSICA Dª. Inés Cuerva Rodríguez (Jefa de departamento) icuerod818@g.educaand.es D. José Francisco Rosa Martínez jrosmar072@g.educaand.es ENLACES PROGRAMACIÓN DEL DEPARTAMENTO DE MÚSICA 2025-2026</p>
