{"id":533,"date":"2018-08-06T06:25:24","date_gmt":"2018-08-06T06:25:24","guid":{"rendered":"https:\/\/themify.me\/demo\/themes\/ultra-education\/?page_id=6"},"modified":"2025-10-07T17:42:36","modified_gmt":"2025-10-07T15:42:36","slug":"home","status":"publish","type":"page","link":"https:\/\/blogsaverroes.juntadeandalucia.es\/iestorrealmirante\/","title":{"rendered":"Home"},"content":{"rendered":"\t\t<div data-elementor-type=\"wp-page\" data-elementor-id=\"533\" class=\"elementor elementor-533\">\n\t\t\t\t<div class=\"elementor-element elementor-element-4210d88 e-flex e-con-boxed e-con e-parent\" data-id=\"4210d88\" data-element_type=\"container\">\n\t\t\t\t\t<div class=\"e-con-inner\">\n\t\t\t\t<div class=\"elementor-element elementor-element-7d38625 elementor-widget elementor-widget-contentviews_widget_grid1\" data-id=\"7d38625\" data-element_type=\"widget\" data-widget_type=\"contentviews_widget_grid1.default\">\n\t\t\t\t<div class=\"elementor-widget-container\">\n\t\t\t\t\t<div class='pt-cv-wrapper'> <div class=\"pt-cv-view pt-cv-blockgrid iscvblock iscvelementor grid1 layout1\" id=\"pt-cv-view-7d38625\"><div data-id=\"pt-cv-page-1\" class=\"pt-cv-page\" data-cvc=\"1\"><div class=\" pt-cv-content-item pt-cv-1-col\" ><div class=\"pt-cv-thumb-wrapper  \"><a href=\"https:\/\/blogsaverroes.juntadeandalucia.es\/iestorrealmirante\/1a-semana-de-la-ciencia-del-21-al-25-de-enero\/\" class=\"_self pt-cv-href-thumbnail pt-cv-thumb-default\" target=\"_self\" ><img fetchpriority=\"high\" decoding=\"async\" width=\"800\" height=\"500\" src=\"https:\/\/blogsaverroes.juntadeandalucia.es\/iestorrealmirante\/files\/2020\/02\/paper-3213924_1920-1080x675-1-1024x640.jpg\" class=\"pt-cv-thumbnail\" alt=\"\" \/><\/a><div class=\"pt-cv-taxoterm over_top_right\"><a href='https:\/\/blogsaverroes.juntadeandalucia.es\/iestorrealmirante\/category\/portada\/' title='Portada' class='pt-cv-tax-portada'>Portada<\/a><\/div><\/div>\n<h4 class=\"pt-cv-title\"><a href=\"https:\/\/blogsaverroes.juntadeandalucia.es\/iestorrealmirante\/1a-semana-de-la-ciencia-del-21-al-25-de-enero\/\" class=\"_self\" target=\"_self\" >1\u00aa SEMANA DE LA CIENCIA  DEL 21 AL 25 DE ENERO<\/a><\/h4>\n<div class=\"pt-cv-content\">Lorem ipsum dolor sit amet, consectetur adipiscing elit. Pellentesque a neque eu urna dictum feugiat ac eget enim. Fusce placerat ...<\/div>\n<div class=\"pt-cv-rmwrap\"><a href=\"https:\/\/blogsaverroes.juntadeandalucia.es\/iestorrealmirante\/1a-semana-de-la-ciencia-del-21-al-25-de-enero\/\" class=\"_self pt-cv-readmore btn btn-success\" target=\"_self\" >Leer M\u00e1s<\/a><\/div>\n<div class=\"pt-cv-meta-fields\"><span class=\"entry-date\"> <time datetime=\"2020-02-11T17:03:41+01:00\">11 febrero, 2020<\/time><\/span><span> \/ <\/span><span class=\"author\"> <a href=\"https:\/\/blogsaverroes.juntadeandalucia.es\/iestorrealmirante\/author\/11008495edu\/\" rel=\"author\">11008495edu<\/a><\/span><\/div><\/div>\n<div class=\" pt-cv-content-item pt-cv-1-col\" ><div class=\"pt-cv-thumb-wrapper  \"><a href=\"https:\/\/blogsaverroes.juntadeandalucia.es\/iestorrealmirante\/lucy-y-zacarias-nos-visitan\/\" class=\"_self pt-cv-href-thumbnail pt-cv-thumb-default\" target=\"_self\" ><img decoding=\"async\" width=\"800\" height=\"450\" src=\"https:\/\/blogsaverroes.juntadeandalucia.es\/iestorrealmirante\/files\/2020\/01\/life-coach-27.jpg\" class=\"pt-cv-thumbnail\" alt=\"\" \/><\/a><div class=\"pt-cv-taxoterm over_top_right\"><a href='https:\/\/blogsaverroes.juntadeandalucia.es\/iestorrealmirante\/category\/portada\/' title='Portada' class='pt-cv-tax-portada'>Portada<\/a><\/div><\/div>\n<h4 class=\"pt-cv-title\"><a href=\"https:\/\/blogsaverroes.juntadeandalucia.es\/iestorrealmirante\/lucy-y-zacarias-nos-visitan\/\" class=\"_self\" target=\"_self\" >Lucy y Zacar\u00edas nos visitan en clase<\/a><\/h4>\n<div class=\"pt-cv-content\">Lorem ipsum dolor sit amet, consectetur adipiscing elit. Pellentesque a neque eu urna dictum feugiat ac eget enim. Fusce placerat ...<\/div>\n<div class=\"pt-cv-rmwrap\"><a href=\"https:\/\/blogsaverroes.juntadeandalucia.es\/iestorrealmirante\/lucy-y-zacarias-nos-visitan\/\" class=\"_self pt-cv-readmore btn btn-success\" target=\"_self\" >Leer M\u00e1s<\/a><\/div>\n<div class=\"pt-cv-meta-fields\"><span class=\"entry-date\"> <time datetime=\"2020-02-11T16:28:08+01:00\">11 febrero, 2020<\/time><\/span><span> \/ <\/span><span class=\"author\"> <a href=\"https:\/\/blogsaverroes.juntadeandalucia.es\/iestorrealmirante\/author\/11008495edu\/\" rel=\"author\">11008495edu<\/a><\/span><\/div><\/div>\n<div class=\" pt-cv-content-item pt-cv-1-col\" ><div class=\"pt-cv-thumb-wrapper  \"><a href=\"https:\/\/blogsaverroes.juntadeandalucia.es\/iestorrealmirante\/celebracion-dia-de-andalucia-2019\/\" class=\"_self pt-cv-href-thumbnail pt-cv-thumb-default\" target=\"_self\" ><img decoding=\"async\" width=\"800\" height=\"320\" src=\"https:\/\/blogsaverroes.juntadeandalucia.es\/iestorrealmirante\/files\/2020\/01\/graduation-995042_1920-1024x409.jpg\" class=\"pt-cv-thumbnail\" alt=\"\" \/><\/a><div class=\"pt-cv-taxoterm over_top_right\"><a href='https:\/\/blogsaverroes.juntadeandalucia.es\/iestorrealmirante\/category\/portada\/' title='Portada' class='pt-cv-tax-portada'>Portada<\/a><\/div><\/div>\n<h4 class=\"pt-cv-title\"><a href=\"https:\/\/blogsaverroes.juntadeandalucia.es\/iestorrealmirante\/celebracion-dia-de-andalucia-2019\/\" class=\"_self\" target=\"_self\" >Celebraci\u00f3n D\u00eda de Andaluc\u00eda 2019<\/a><\/h4>\n<div class=\"pt-cv-content\">Lorem ipsum dolor sit amet, consectetur adipiscing elit. Pellentesque a neque eu urna dictum feugiat ac eget enim. Fusce placerat ...<\/div>\n<div class=\"pt-cv-rmwrap\"><a href=\"https:\/\/blogsaverroes.juntadeandalucia.es\/iestorrealmirante\/celebracion-dia-de-andalucia-2019\/\" class=\"_self pt-cv-readmore btn btn-success\" target=\"_self\" >Leer M\u00e1s<\/a><\/div>\n<div class=\"pt-cv-meta-fields\"><span class=\"entry-date\"> <time datetime=\"2020-02-11T16:22:20+01:00\">11 febrero, 2020<\/time><\/span><span> \/ <\/span><span class=\"author\"> <a href=\"https:\/\/blogsaverroes.juntadeandalucia.es\/iestorrealmirante\/author\/11008495edu\/\" rel=\"author\">11008495edu<\/a><\/span><\/div><\/div><\/div><\/div> <\/div> \t\t\t\t<\/div>\n\t\t\t\t<\/div>\n\t\t\t\t\t<\/div>\n\t\t\t\t<\/div>\n\t\t\t\t<\/div>\n\t\t","protected":false},"excerpt":{"rendered":"<p>Portada 1\u00aa SEMANA DE LA CIENCIA DEL 21 AL 25 DE ENERO Lorem ipsum dolor sit amet, consectetur adipiscing elit. Pellentesque a neque eu urna dictum feugiat ac eget enim. Fusce placerat &#8230; Leer M\u00e1s 11 febrero, 2020 \/ 11008495edu Portada Lucy y Zacar\u00edas nos visitan en clase Lorem ipsum dolor sit amet, consectetur adipiscing [&hellip;]<\/p>\n","protected":false},"author":13586,"featured_media":0,"parent":0,"menu_order":0,"comment_status":"closed","ping_status":"closed","template":"","meta":{"ngg_post_thumbnail":0,"footnotes":""},"aioseo_notices":[],"_links":{"self":[{"href":"https:\/\/blogsaverroes.juntadeandalucia.es\/iestorrealmirante\/wp-json\/wp\/v2\/pages\/533"}],"collection":[{"href":"https:\/\/blogsaverroes.juntadeandalucia.es\/iestorrealmirante\/wp-json\/wp\/v2\/pages"}],"about":[{"href":"https:\/\/blogsaverroes.juntadeandalucia.es\/iestorrealmirante\/wp-json\/wp\/v2\/types\/page"}],"author":[{"embeddable":true,"href":"https:\/\/blogsaverroes.juntadeandalucia.es\/iestorrealmirante\/wp-json\/wp\/v2\/users\/13586"}],"replies":[{"embeddable":true,"href":"https:\/\/blogsaverroes.juntadeandalucia.es\/iestorrealmirante\/wp-json\/wp\/v2\/comments?post=533"}],"version-history":[{"count":61,"href":"https:\/\/blogsaverroes.juntadeandalucia.es\/iestorrealmirante\/wp-json\/wp\/v2\/pages\/533\/revisions"}],"predecessor-version":[{"id":670,"href":"https:\/\/blogsaverroes.juntadeandalucia.es\/iestorrealmirante\/wp-json\/wp\/v2\/pages\/533\/revisions\/670"}],"wp:attachment":[{"href":"https:\/\/blogsaverroes.juntadeandalucia.es\/iestorrealmirante\/wp-json\/wp\/v2\/media?parent=533"}],"curies":[{"name":"wp","href":"https:\/\/api.w.org\/{rel}","templated":true}]}}

<div data-elementor-type="wp-page" data-elementor-id="533" class="elementor elementor-533">
				<div class="elementor-element elementor-element-4210d88 e-flex e-con-boxed e-con e-parent" data-id="4210d88" data-element_type="container">
					<div class="e-con-inner">
				<div class="elementor-element elementor-element-7d38625 elementor-widget elementor-widget-contentviews_widget_grid1" data-id="7d38625" data-element_type="widget" data-widget_type="contentviews_widget_grid1.default">
				<div class="elementor-widget-container">
					<div class='pt-cv-wrapper'> <div class="pt-cv-view pt-cv-blockgrid iscvblock iscvelementor grid1 layout1" id="pt-cv-view-7d38625"><div data-id="pt-cv-page-1" class="pt-cv-page" data-cvc="1"><div class=" pt-cv-content-item pt-cv-1-col" ><div class="pt-cv-thumb-wrapper  "><a href="https://blogsaverroes.juntadeandalucia.es/iestorrealmirante/1a-semana-de-la-ciencia-del-21-al-25-de-enero/" class="_self pt-cv-href-thumbnail pt-cv-thumb-default" target="_self" ><img fetchpriority="high" decoding="async" width="800" height="500" src="https://blogsaverroes.juntadeandalucia.es/iestorrealmirante/files/2020/02/paper-3213924_1920-1080x675-1-1024x640.jpg" class="pt-cv-thumbnail" alt="" /></a><div class="pt-cv-taxoterm over_top_right"><a href='https://blogsaverroes.juntadeandalucia.es/iestorrealmirante/category/portada/' title='Portada' class='pt-cv-tax-portada'>Portada</a></div></div>
<h4 class="pt-cv-title"><a href="https://blogsaverroes.juntadeandalucia.es/iestorrealmirante/1a-semana-de-la-ciencia-del-21-al-25-de-enero/" class="_self" target="_self" >1ª SEMANA DE LA CIENCIA  DEL 21 AL 25 DE ENERO</a></h4>
<div class="pt-cv-content">Lorem ipsum dolor sit amet, consectetur adipiscing elit. Pellentesque a neque eu urna dictum feugiat ac eget enim. Fusce placerat ...</div>
<div class="pt-cv-rmwrap"><a href="https://blogsaverroes.juntadeandalucia.es/iestorrealmirante/1a-semana-de-la-ciencia-del-21-al-25-de-enero/" class="_self pt-cv-readmore btn btn-success" target="_self" >Leer Más</a></div>
<div class="pt-cv-meta-fields"><span class="entry-date"> <time datetime="2020-02-11T17:03:41+01:00">11 febrero, 2020</time></span><span> / </span><span class="author"> <a href="https://blogsaverroes.juntadeandalucia.es/iestorrealmirante/author/11008495edu/" rel="author">11008495edu</a></span></div></div>
<div class=" pt-cv-content-item pt-cv-1-col" ><div class="pt-cv-thumb-wrapper  "><a href="https://blogsaverroes.juntadeandalucia.es/iestorrealmirante/lucy-y-zacarias-nos-visitan/" class="_self pt-cv-href-thumbnail pt-cv-thumb-default" target="_self" ><img decoding="async" width="800" height="450" src="https://blogsaverroes.juntadeandalucia.es/iestorrealmirante/files/2020/01/life-coach-27.jpg" class="pt-cv-thumbnail" alt="" /></a><div class="pt-cv-taxoterm over_top_right"><a href='https://blogsaverroes.juntadeandalucia.es/iestorrealmirante/category/portada/' title='Portada' class='pt-cv-tax-portada'>Portada</a></div></div>
<h4 class="pt-cv-title"><a href="https://blogsaverroes.juntadeandalucia.es/iestorrealmirante/lucy-y-zacarias-nos-visitan/" class="_self" target="_self" >Lucy y Zacarías nos visitan en clase</a></h4>
<div class="pt-cv-content">Lorem ipsum dolor sit amet, consectetur adipiscing elit. Pellentesque a neque eu urna dictum feugiat ac eget enim. Fusce placerat ...</div>
<div class="pt-cv-rmwrap"><a href="https://blogsaverroes.juntadeandalucia.es/iestorrealmirante/lucy-y-zacarias-nos-visitan/" class="_self pt-cv-readmore btn btn-success" target="_self" >Leer Más</a></div>
<div class="pt-cv-meta-fields"><span class="entry-date"> <time datetime="2020-02-11T16:28:08+01:00">11 febrero, 2020</time></span><span> / </span><span class="author"> <a href="https://blogsaverroes.juntadeandalucia.es/iestorrealmirante/author/11008495edu/" rel="author">11008495edu</a></span></div></div>
<div class=" pt-cv-content-item pt-cv-1-col" ><div class="pt-cv-thumb-wrapper  "><a href="https://blogsaverroes.juntadeandalucia.es/iestorrealmirante/celebracion-dia-de-andalucia-2019/" class="_self pt-cv-href-thumbnail pt-cv-thumb-default" target="_self" ><img decoding="async" width="800" height="320" src="https://blogsaverroes.juntadeandalucia.es/iestorrealmirante/files/2020/01/graduation-995042_1920-1024x409.jpg" class="pt-cv-thumbnail" alt="" /></a><div class="pt-cv-taxoterm over_top_right"><a href='https://blogsaverroes.juntadeandalucia.es/iestorrealmirante/category/portada/' title='Portada' class='pt-cv-tax-portada'>Portada</a></div></div>
<h4 class="pt-cv-title"><a href="https://blogsaverroes.juntadeandalucia.es/iestorrealmirante/celebracion-dia-de-andalucia-2019/" class="_self" target="_self" >Celebración Día de Andalucía 2019</a></h4>
<div class="pt-cv-content">Lorem ipsum dolor sit amet, consectetur adipiscing elit. Pellentesque a neque eu urna dictum feugiat ac eget enim. Fusce placerat ...</div>
<div class="pt-cv-rmwrap"><a href="https://blogsaverroes.juntadeandalucia.es/iestorrealmirante/celebracion-dia-de-andalucia-2019/" class="_self pt-cv-readmore btn btn-success" target="_self" >Leer Más</a></div>
<div class="pt-cv-meta-fields"><span class="entry-date"> <time datetime="2020-02-11T16:22:20+01:00">11 febrero, 2020</time></span><span> / </span><span class="author"> <a href="https://blogsaverroes.juntadeandalucia.es/iestorrealmirante/author/11008495edu/" rel="author">11008495edu</a></span></div></div></div></div> </div> 				</div>
				</div>
					</div>
				</div>
				</div>

<p>Portada 1ª SEMANA DE LA CIENCIA DEL 21 AL 25 DE ENERO Lorem ipsum dolor sit amet, consectetur adipiscing elit. Pellentesque a neque eu urna dictum feugiat ac eget enim. Fusce placerat &#8230; Leer Más 11 febrero, 2020 / 11008495edu Portada Lucy y Zacarías nos visitan en clase Lorem ipsum dolor sit amet, consectetur adipiscing [&hellip;]</p>
