{"id":82,"date":"2015-03-16T06:59:55","date_gmt":"2015-03-16T06:59:55","guid":{"rendered":"http:\/\/blogsaverroes.juntadeandalucia.es\/pre\/ceip\/?page_id=82"},"modified":"2019-04-23T17:37:25","modified_gmt":"2019-04-23T17:37:25","slug":"horarios","status":"publish","type":"page","link":"https:\/\/blogsaverroes.juntadeandalucia.es\/iestorredelaguila\/horarios\/","title":{"rendered":"Horarios"},"content":{"rendered":"<p><img loading=\"lazy\" decoding=\"async\" class=\"alignnone size-medium wp-image-1675\" src=\"http:\/\/blogsaverroes.juntadeandalucia.es\/temafrontieries\/files\/2015\/03\/horario2-300x211.jpg\" alt=\"horario2\" width=\"300\" height=\"211\" srcset=\"https:\/\/blogsaverroes.juntadeandalucia.es\/iestorredelaguila\/files\/2015\/03\/horario2-300x211.jpg 300w, https:\/\/blogsaverroes.juntadeandalucia.es\/iestorredelaguila\/files\/2015\/03\/horario2.jpg 640w\" sizes=\"(max-width: 300px) 100vw, 300px\" \/><\/p>\n<p>Horario lectivo: de 8:15 a 14: 45, de lunes a viernes.<\/p>\n<p>Horario de atenci\u00f3n a madres y padres: martes de 14:45 a 15:45<\/p>\n<p>Acompa\u00f1amiento escolar: lunes y mi\u00e9rcoles, de 16:00 a 18:00<\/p>\n","protected":false},"excerpt":{"rendered":"<p>Horario lectivo: de 8:15 a 14: 45, de lunes a viernes. Horario de atenci\u00f3n a madres y padres: martes de 14:45 a 15:45 Acompa\u00f1amiento escolar: lunes y mi\u00e9rcoles, de 16:00 a 18:00<\/p>\n","protected":false},"author":1,"featured_media":0,"parent":0,"menu_order":0,"comment_status":"closed","ping_status":"open","template":"page-cs.php","meta":{"ngg_post_thumbnail":0,"footnotes":"","_mc_calendar":[]},"aioseo_notices":[],"_links":{"self":[{"href":"https:\/\/blogsaverroes.juntadeandalucia.es\/iestorredelaguila\/wp-json\/wp\/v2\/pages\/82"}],"collection":[{"href":"https:\/\/blogsaverroes.juntadeandalucia.es\/iestorredelaguila\/wp-json\/wp\/v2\/pages"}],"about":[{"href":"https:\/\/blogsaverroes.juntadeandalucia.es\/iestorredelaguila\/wp-json\/wp\/v2\/types\/page"}],"author":[{"embeddable":true,"href":"https:\/\/blogsaverroes.juntadeandalucia.es\/iestorredelaguila\/wp-json\/wp\/v2\/users\/1"}],"replies":[{"embeddable":true,"href":"https:\/\/blogsaverroes.juntadeandalucia.es\/iestorredelaguila\/wp-json\/wp\/v2\/comments?post=82"}],"version-history":[{"count":5,"href":"https:\/\/blogsaverroes.juntadeandalucia.es\/iestorredelaguila\/wp-json\/wp\/v2\/pages\/82\/revisions"}],"predecessor-version":[{"id":2498,"href":"https:\/\/blogsaverroes.juntadeandalucia.es\/iestorredelaguila\/wp-json\/wp\/v2\/pages\/82\/revisions\/2498"}],"wp:attachment":[{"href":"https:\/\/blogsaverroes.juntadeandalucia.es\/iestorredelaguila\/wp-json\/wp\/v2\/media?parent=82"}],"curies":[{"name":"wp","href":"https:\/\/api.w.org\/{rel}","templated":true}]}}

<p><img loading="lazy" decoding="async" class="alignnone size-medium wp-image-1675" src="http://blogsaverroes.juntadeandalucia.es/temafrontieries/files/2015/03/horario2-300x211.jpg" alt="horario2" width="300" height="211" srcset="https://blogsaverroes.juntadeandalucia.es/iestorredelaguila/files/2015/03/horario2-300x211.jpg 300w, https://blogsaverroes.juntadeandalucia.es/iestorredelaguila/files/2015/03/horario2.jpg 640w" sizes="(max-width: 300px) 100vw, 300px" /></p>
<p>Horario lectivo: de 8:15 a 14: 45, de lunes a viernes.</p>
<p>Horario de atención a madres y padres: martes de 14:45 a 15:45</p>
<p>Acompañamiento escolar: lunes y miércoles, de 16:00 a 18:00</p>

<p>Horario lectivo: de 8:15 a 14: 45, de lunes a viernes. Horario de atención a madres y padres: martes de 14:45 a 15:45 Acompañamiento escolar: lunes y miércoles, de 16:00 a 18:00</p>
