{"id":147,"date":"2020-02-07T07:46:52","date_gmt":"2020-02-07T06:46:52","guid":{"rendered":"http:\/\/blogsaverroes.juntadeandalucia.es\/pre\/ceip\/?page_id=147"},"modified":"2020-02-12T17:03:11","modified_gmt":"2020-02-12T16:03:11","slug":"clasicas","status":"publish","type":"page","link":"https:\/\/blogsaverroes.juntadeandalucia.es\/iestorredelprado\/clasicas\/","title":{"rendered":"Econom\u00eda"},"content":{"rendered":"<div style=\"text-align: justify\" data-canvas-width=\"108.91167217458664\"><img loading=\"lazy\" decoding=\"async\" class=\" wp-image-2035 aligncenter\" src=\"http:\/\/blogsaverroes.juntadeandalucia.es\/temahuemanies\/files\/2015\/03\/economia-300x212.jpg\" alt=\"economia\" width=\"151\" height=\"107\" srcset=\"https:\/\/blogsaverroes.juntadeandalucia.es\/iestorredelprado\/files\/2015\/03\/economia-300x212.jpg 300w, https:\/\/blogsaverroes.juntadeandalucia.es\/iestorredelprado\/files\/2015\/03\/economia.jpg 640w\" sizes=\"(max-width: 151px) 100vw, 151px\" \/><\/div>\n<p style=\"text-align: justify\"><strong>Econom\u00eda<\/strong><\/p>\n<p style=\"text-align: justify\">El estudio y la formaci\u00f3n en econom\u00eda se hacen absolutamente necesarios en un contexto muy globalizado, en el que las relaciones econ\u00f3micas son cada vez m\u00e1s complejas. La econom\u00eda est\u00e1 presente en todos los aspectos de nuestra vida cotidiana, cualquier ciudadano necesita conocer las reglas b\u00e1sicas que explican los acontecimientos econ\u00f3micos y el lenguaje espec\u00edfico que es utilizado por los economistas y los medios de comunicaci\u00f3n para analizar esos hechos. La realidad no puede entenderse correctamente sin considerar el comportamiento econ\u00f3mico, individual y colectivo, de las personas en la b\u00fasqueda de la satisfacci\u00f3n de sus necesidades, as\u00ed como la producci\u00f3n y organizaci\u00f3n de los bienes y servicios que se necesitan para ello, y la distribuci\u00f3n de los recursos escasos.<\/p>\n<p style=\"text-align: justify\"><strong>Econom\u00eda de la Empresa<\/strong><\/p>\n<p style=\"text-align: justify\">La Econom\u00eda de la Empresa estudia y analiza respuestas para los problemas econ\u00f3micos que se plantean en el seno de la empresa; su objetivo es avanzar en el an\u00e1lisis de la moderna organizaci\u00f3n y administraci\u00f3n de empresas, con un enfoque completo y actualizado.<\/p>\n<h4 id=\"nodeTitle\" style=\"text-align: justify\"><a href=\"http:\/\/agrega.juntadeandalucia.es\/visualizar\/es\/es-an_2010060213_9135930\/true\" target=\"_blank\" rel=\"noopener noreferrer\">La actividad econ\u00f3mica y su organizaci\u00f3n: La base de la actividad econ\u00f3mica: Factores, agentes y sectores<\/a><\/h4>\n<p style=\"text-align: justify\"><a href=\"http:\/\/agrega.juntadeandalucia.es\/visualizar\/es\/es-an_2010060213_9135930\/true\" target=\"_blank\" rel=\"noopener noreferrer\"><img loading=\"lazy\" decoding=\"async\" class=\" wp-image-2039 alignleft\" src=\"http:\/\/blogsaverroes.juntadeandalucia.es\/temahuemanies\/files\/2015\/03\/economia01-300x199.jpg\" alt=\"economia01\" width=\"150\" height=\"99\" srcset=\"https:\/\/blogsaverroes.juntadeandalucia.es\/iestorredelprado\/files\/2015\/03\/economia01-300x199.jpg 300w, https:\/\/blogsaverroes.juntadeandalucia.es\/iestorredelprado\/files\/2015\/03\/economia01-1024x680.jpg 1024w, https:\/\/blogsaverroes.juntadeandalucia.es\/iestorredelprado\/files\/2015\/03\/economia01.jpg 1600w\" sizes=\"(max-width: 150px) 100vw, 150px\" \/><\/a>Para la satisfacci\u00f3n de las necesidades humanas es preciso disponer de recursos que permitan obtener todo aquello que les satisface. Es adem\u00e1s necesario que se desarrollen procesos de producci\u00f3n e intercambio que permitan obtener y disfrutar lo que deseamos.<\/p>\n<p style=\"text-align: justify\">El conjunto de actividades de producci\u00f3n, distribuci\u00f3n y disfrute es lo que constituye la actividad econ\u00f3mica.<\/p>\n<h4 id=\"nodeTitle\" style=\"text-align: justify\"><a href=\"http:\/\/agrega.juntadeandalucia.es\/visualizar\/es\/es-an_2010091013_9192919\/true\" target=\"_blank\" rel=\"noopener noreferrer\">La empresa y su entorno: La empresa y el empresario<\/a><\/h4>\n<p style=\"text-align: justify\"><a href=\"http:\/\/agrega.juntadeandalucia.es\/visualizar\/es\/es-an_2010091013_9192919\/true\" target=\"_blank\" rel=\"noopener noreferrer\"><img loading=\"lazy\" decoding=\"async\" class=\" wp-image-2040 alignleft\" src=\"http:\/\/blogsaverroes.juntadeandalucia.es\/temahuemanies\/files\/2015\/03\/economia02-300x237.jpg\" alt=\"economia02\" width=\"151\" height=\"119\" srcset=\"https:\/\/blogsaverroes.juntadeandalucia.es\/iestorredelprado\/files\/2015\/03\/economia02-300x237.jpg 300w, https:\/\/blogsaverroes.juntadeandalucia.es\/iestorredelprado\/files\/2015\/03\/economia02.jpg 738w\" sizes=\"(max-width: 151px) 100vw, 151px\" \/><\/a>La empresa es uno de los agentes econ\u00f3micos que estudiamos en la asignatura de 1\u00ba de Bachillerato, junto a las econom\u00edas dom\u00e9sticas y el sector p\u00fablico. Si recuerdas cumple un papel b\u00e1sico en la actividad econ\u00f3mica, puesto que produce los bienes y servicios que satisfacen las necesidades de las personas. Para llevar a cabo esa funci\u00f3n, por otra parte, tiene que demandar&nbsp; factores productivos (recursos naturales, trabajo y capital). Esta relaci\u00f3n entre agentes econ\u00f3micos la ilustr\u00e1bamos con el flujo circular de la renta.<\/p>\n","protected":false},"excerpt":{"rendered":"<p>Econom\u00eda El estudio y la formaci\u00f3n en econom\u00eda se hacen absolutamente necesarios en un contexto muy globalizado, en el que las relaciones econ\u00f3micas son cada vez m\u00e1s complejas. La econom\u00eda est\u00e1 presente en todos&#46;&#46;&#46;<\/p>\n","protected":false},"author":1,"featured_media":0,"parent":0,"menu_order":0,"comment_status":"open","ping_status":"open","template":"page-template-full.php","meta":{"ngg_post_thumbnail":0,"footnotes":"","_mc_calendar":[]},"aioseo_notices":[],"_links":{"self":[{"href":"https:\/\/blogsaverroes.juntadeandalucia.es\/iestorredelprado\/wp-json\/wp\/v2\/pages\/147"}],"collection":[{"href":"https:\/\/blogsaverroes.juntadeandalucia.es\/iestorredelprado\/wp-json\/wp\/v2\/pages"}],"about":[{"href":"https:\/\/blogsaverroes.juntadeandalucia.es\/iestorredelprado\/wp-json\/wp\/v2\/types\/page"}],"author":[{"embeddable":true,"href":"https:\/\/blogsaverroes.juntadeandalucia.es\/iestorredelprado\/wp-json\/wp\/v2\/users\/1"}],"replies":[{"embeddable":true,"href":"https:\/\/blogsaverroes.juntadeandalucia.es\/iestorredelprado\/wp-json\/wp\/v2\/comments?post=147"}],"version-history":[{"count":18,"href":"https:\/\/blogsaverroes.juntadeandalucia.es\/iestorredelprado\/wp-json\/wp\/v2\/pages\/147\/revisions"}],"predecessor-version":[{"id":2654,"href":"https:\/\/blogsaverroes.juntadeandalucia.es\/iestorredelprado\/wp-json\/wp\/v2\/pages\/147\/revisions\/2654"}],"wp:attachment":[{"href":"https:\/\/blogsaverroes.juntadeandalucia.es\/iestorredelprado\/wp-json\/wp\/v2\/media?parent=147"}],"curies":[{"name":"wp","href":"https:\/\/api.w.org\/{rel}","templated":true}]}}