{"id":174,"date":"2020-02-07T07:56:14","date_gmt":"2020-02-07T06:56:14","guid":{"rendered":"http:\/\/blogsaverroes.juntadeandalucia.es\/pre\/ceip\/?page_id=174"},"modified":"2020-02-12T17:17:44","modified_gmt":"2020-02-12T16:17:44","slug":"dibujo","status":"publish","type":"page","link":"https:\/\/blogsaverroes.juntadeandalucia.es\/iestorredelprado\/dibujo\/","title":{"rendered":"Pl\u00e1stica"},"content":{"rendered":"<p><img loading=\"lazy\" decoding=\"async\" class=\"aligncenter wp-image-2018\" src=\"http:\/\/blogsaverroes.juntadeandalucia.es\/temahuemanies\/files\/2015\/03\/dibujo-300x200.jpg\" alt=\"dibujo\" width=\"151\" height=\"101\" srcset=\"https:\/\/blogsaverroes.juntadeandalucia.es\/iestorredelprado\/files\/2015\/03\/dibujo-300x200.jpg 300w, https:\/\/blogsaverroes.juntadeandalucia.es\/iestorredelprado\/files\/2015\/03\/dibujo.jpg 640w\" sizes=\"(max-width: 151px) 100vw, 151px\" \/><\/p>\n<p style=\"text-align: justify\"><strong>Dibujo Art\u00edstico. <\/strong><\/p>\n<p style=\"text-align: justify\">Partiendo de las destrezas y conocimientos previos adquiridos de forma general en la asignatura de Educaci\u00f3n Pl\u00e1stica, Visual y Audiovisual de la ESO, en Bachillerato se profundizar en las destrezas y conceptos del Dibujo como herramienta del pensamiento que participa en el proceso creativo, comunicativo, pl\u00e1stico y visual, contribuyendo a adquirir las competencias necesarias para la formaci\u00f3n permanente del individuo. <\/p>\n<p style=\"text-align: justify\"><strong>Dibujo T\u00e9cnico.<\/strong> <\/p>\n<p style=\"text-align: justify\">Entre las finalidades del Dibujo T\u00e9cnico figura de manera espec\u00edfica dotar al estudiante de las competencias necesarias para poder comunicarse gr\u00e1ficamente con objetividad en un mundo cada vez m\u00e1s complejo, que requiere del dise\u00f1o y fabricaci\u00f3n de productos que resuelvan las necesidades presentes y futuras. Esta funci\u00f3n comunicativa, gracias al acuerdo de una serie de convenciones a escala nacional, comunitaria e internacional, nos permite transmitir, interpretar y comprender ideas o proyectos de manera fiable, objetiva e inequ\u00edvoca. <\/p>\n<h4 style=\"text-align: justify\"><a href=\"http:\/\/agrega.juntadeandalucia.es\/visualizador-1\/Visualizar\/Visualizar.do?identificador=es-an_2011071213_9172433&amp;secuencia=true&amp;idioma=es\" target=\"_blank\" rel=\"noopener noreferrer\">Dibujo, visualidad y conocimiento: Elementos comunes de la unidad<\/a><\/h4>\n<p style=\"text-align: justify\"><a href=\"http:\/\/agrega.juntadeandalucia.es\/visualizador-1\/Visualizar\/Visualizar.do?identificador=es-an_2011071213_9172433&amp;secuencia=true&amp;idioma=es\" target=\"_blank\" rel=\"noopener noreferrer\"><img loading=\"lazy\" decoding=\"async\" class=\" wp-image-2023 alignleft\" src=\"http:\/\/blogsaverroes.juntadeandalucia.es\/temahuemanies\/files\/2015\/03\/dibujo01-300x204.jpg\" alt=\"dibujo01\" width=\"151\" height=\"103\" srcset=\"https:\/\/blogsaverroes.juntadeandalucia.es\/iestorredelprado\/files\/2015\/03\/dibujo01-300x204.jpg 300w, https:\/\/blogsaverroes.juntadeandalucia.es\/iestorredelprado\/files\/2015\/03\/dibujo01.jpg 693w\" sizes=\"(max-width: 151px) 100vw, 151px\" \/><\/a><\/p>\n<p style=\"text-align: justify\">La historia inicial que vas a encontrarte en esta primera unidad comienza hace mucho, mucho tiempo. Hay frases que han pasado a la historia por lo que han significado y por los acontecimientos a los que est\u00e1n ligadas. Tal vez te suenen estas dos : la primera \u00ab\u00a1\u00a1 Mira pap\u00e1, bueyes en el techo !\u00bb; la segunda, \u00abUn peque\u00f1o paso para un hombre pero un gran salto para la humanidad\u00bb y una tercera y \u00faltima tal vez menos conocida, \u00abDespu\u00e9s de Altamira todo me parece decadente\u00bb.<\/p>\n<p style=\"text-align: justify\">&nbsp;<\/p>\n<h4 style=\"text-align: justify\"><a href=\"http:\/\/agrega.juntadeandalucia.es\/visualizar\/es\/es-an_2011070113_9133317\/true\" target=\"_blank\" rel=\"noopener noreferrer\">Elementos y trazados fundamentales: los materiales y t\u00e9cnicas b\u00e1sicas, paralelismo y perpendicularidad<\/a><\/h4>\n<p style=\"text-align: justify\"><a href=\"http:\/\/agrega.juntadeandalucia.es\/visualizar\/es\/es-an_2011070113_9133317\/true\" target=\"_blank\" rel=\"noopener noreferrer\"><img loading=\"lazy\" decoding=\"async\" class=\" wp-image-2032 alignleft\" src=\"http:\/\/blogsaverroes.juntadeandalucia.es\/temahuemanies\/files\/2015\/03\/dibujo02-300x192.jpg\" alt=\"dibujo02\" width=\"150\" height=\"96\" srcset=\"https:\/\/blogsaverroes.juntadeandalucia.es\/iestorredelprado\/files\/2015\/03\/dibujo02-300x192.jpg 300w, https:\/\/blogsaverroes.juntadeandalucia.es\/iestorredelprado\/files\/2015\/03\/dibujo02.jpg 594w\" sizes=\"(max-width: 150px) 100vw, 150px\" \/><\/a>El Dibujo T\u00e9cnico es un lenguaje objetivo y universal, su principal funci\u00f3n es la de exponer de forma clara una idea para que pueda ser comprendida sin dificultad por distintos observadores, esto requiere el uso de unas t\u00e9cnicas gr\u00e1ficas espec\u00edficas.<\/p>\n","protected":false},"excerpt":{"rendered":"<p>Dibujo Art\u00edstico. Partiendo de las destrezas y conocimientos previos adquiridos de forma general en la asignatura de Educaci\u00f3n Pl\u00e1stica, Visual y Audiovisual de la ESO, en Bachillerato se profundizar en las destrezas y conceptos&#46;&#46;&#46;<\/p>\n","protected":false},"author":1,"featured_media":0,"parent":0,"menu_order":0,"comment_status":"open","ping_status":"open","template":"page-template-full.php","meta":{"ngg_post_thumbnail":0,"footnotes":"","_mc_calendar":[]},"aioseo_notices":[],"_links":{"self":[{"href":"https:\/\/blogsaverroes.juntadeandalucia.es\/iestorredelprado\/wp-json\/wp\/v2\/pages\/174"}],"collection":[{"href":"https:\/\/blogsaverroes.juntadeandalucia.es\/iestorredelprado\/wp-json\/wp\/v2\/pages"}],"about":[{"href":"https:\/\/blogsaverroes.juntadeandalucia.es\/iestorredelprado\/wp-json\/wp\/v2\/types\/page"}],"author":[{"embeddable":true,"href":"https:\/\/blogsaverroes.juntadeandalucia.es\/iestorredelprado\/wp-json\/wp\/v2\/users\/1"}],"replies":[{"embeddable":true,"href":"https:\/\/blogsaverroes.juntadeandalucia.es\/iestorredelprado\/wp-json\/wp\/v2\/comments?post=174"}],"version-history":[{"count":8,"href":"https:\/\/blogsaverroes.juntadeandalucia.es\/iestorredelprado\/wp-json\/wp\/v2\/pages\/174\/revisions"}],"predecessor-version":[{"id":2667,"href":"https:\/\/blogsaverroes.juntadeandalucia.es\/iestorredelprado\/wp-json\/wp\/v2\/pages\/174\/revisions\/2667"}],"wp:attachment":[{"href":"https:\/\/blogsaverroes.juntadeandalucia.es\/iestorredelprado\/wp-json\/wp\/v2\/media?parent=174"}],"curies":[{"name":"wp","href":"https:\/\/api.w.org\/{rel}","templated":true}]}}