{"id":2532,"date":"2020-12-06T20:21:11","date_gmt":"2020-12-06T20:21:11","guid":{"rendered":"https:\/\/blogsaverroes.juntadeandalucia.es\/iestorreolvidada\/?page_id=2532"},"modified":"2021-11-09T06:42:14","modified_gmt":"2021-11-09T06:42:14","slug":"protocolo-de-actuacion-covid-19","status":"publish","type":"page","link":"https:\/\/blogsaverroes.juntadeandalucia.es\/iestorreolvidada\/protocolo-de-actuacion-covid-19\/","title":{"rendered":"PROTOCOLO DE ACTUACION COVID-19"},"content":{"rendered":"<p><a href=\"https:\/\/blogsaverroes.juntadeandalucia.es\/iestorreolvidada\/files\/2021\/02\/covid19.jpg\"><img fetchpriority=\"high\" decoding=\"async\" class=\"size-medium wp-image-2670 aligncenter\" src=\"https:\/\/blogsaverroes.juntadeandalucia.es\/iestorreolvidada\/files\/2021\/02\/covid19-300x231.jpg\" alt=\"\" width=\"300\" height=\"231\" srcset=\"https:\/\/blogsaverroes.juntadeandalucia.es\/iestorreolvidada\/files\/2021\/02\/covid19-300x231.jpg 300w, https:\/\/blogsaverroes.juntadeandalucia.es\/iestorreolvidada\/files\/2021\/02\/covid19.jpg 500w\" sizes=\"(max-width: 300px) 100vw, 300px\" \/><\/a><\/p>\n<p>&nbsp;<\/p>\n<p>Tras la reuni\u00f3n de la comisi\u00f3n COVID y el Consejo Escolar del I.E.S. Torre Olvidada, se publica el citado protocolo. Dicho documento est\u00e1 sujeto a mejoras y modificaciones, previo consenso y aprobaci\u00f3n de la comisi\u00f3n.<\/p>\n<h4>Protocolo de Actuaci\u00f3n COVID-19<\/h4>\n<p><code><div class=\"_3d-flip-book  fb3d-fullscreen-mode full-size\" data-id=\"0\" data-mode=\"fullscreen\" data-title=\"false\" data-template=\"short-white-book-view\" data-lightbox=\"dark-shadow\" data-urlparam=\"fb3d-page\" data-page-n=\"0\" data-pdf=\"https:\/\/blogsaverroes.juntadeandalucia.es\/iestorreolvidada\/files\/2021\/11\/PROTOCOLO-COVID-21-22.pdf\" data-tax=\"null\" data-thumbnail=\"https:\/\/blogsaverroes.juntadeandalucia.es\/iestorreolvidada\/files\/2020\/12\/Protocolo-Actuaci%C3%B3n-Covid-19-Torre-Olvidada.pdf\" data-cols=\"3\" data-book-template=\"default\" data-trigger=\"\"><\/div><\/code><\/p>\n<ul>\n<li><a href=\"https:\/\/blogsaverroes.juntadeandalucia.es\/iestorreolvidada\/files\/2021\/11\/PROTOCOLO-COVID-21-22.pdf\">Descargar<\/a><\/li>\n<\/ul>\n<p>&nbsp;<\/p>\n<p>&nbsp;<\/p>\n","protected":false},"excerpt":{"rendered":"<p>&nbsp; Tras la reuni\u00f3n de la comisi\u00f3n COVID y el Consejo Escolar del I.E.S. Torre Olvidada, se publica el citado protocolo. Dicho documento est\u00e1 sujeto a mejoras y modificaciones, previo consenso y aprobaci\u00f3n de&#46;&#46;&#46;<\/p>\n","protected":false},"author":6516,"featured_media":2670,"parent":0,"menu_order":0,"comment_status":"closed","ping_status":"closed","template":"","meta":{"ngg_post_thumbnail":0,"footnotes":"","_mc_calendar":[]},"aioseo_notices":[],"post_mailing_queue_ids":[],"_links":{"self":[{"href":"https:\/\/blogsaverroes.juntadeandalucia.es\/iestorreolvidada\/wp-json\/wp\/v2\/pages\/2532"}],"collection":[{"href":"https:\/\/blogsaverroes.juntadeandalucia.es\/iestorreolvidada\/wp-json\/wp\/v2\/pages"}],"about":[{"href":"https:\/\/blogsaverroes.juntadeandalucia.es\/iestorreolvidada\/wp-json\/wp\/v2\/types\/page"}],"author":[{"embeddable":true,"href":"https:\/\/blogsaverroes.juntadeandalucia.es\/iestorreolvidada\/wp-json\/wp\/v2\/users\/6516"}],"replies":[{"embeddable":true,"href":"https:\/\/blogsaverroes.juntadeandalucia.es\/iestorreolvidada\/wp-json\/wp\/v2\/comments?post=2532"}],"version-history":[{"count":8,"href":"https:\/\/blogsaverroes.juntadeandalucia.es\/iestorreolvidada\/wp-json\/wp\/v2\/pages\/2532\/revisions"}],"predecessor-version":[{"id":2664,"href":"https:\/\/blogsaverroes.juntadeandalucia.es\/iestorreolvidada\/wp-json\/wp\/v2\/pages\/2532\/revisions\/2664"}],"wp:featuredmedia":[{"embeddable":true,"href":"https:\/\/blogsaverroes.juntadeandalucia.es\/iestorreolvidada\/wp-json\/wp\/v2\/media\/2670"}],"wp:attachment":[{"href":"https:\/\/blogsaverroes.juntadeandalucia.es\/iestorreolvidada\/wp-json\/wp\/v2\/media?parent=2532"}],"curies":[{"name":"wp","href":"https:\/\/api.w.org\/{rel}","templated":true}]}}

<p><a href="https://blogsaverroes.juntadeandalucia.es/iestorreolvidada/files/2021/02/covid19.jpg"><img fetchpriority="high" decoding="async" class="size-medium wp-image-2670 aligncenter" src="https://blogsaverroes.juntadeandalucia.es/iestorreolvidada/files/2021/02/covid19-300x231.jpg" alt="" width="300" height="231" srcset="https://blogsaverroes.juntadeandalucia.es/iestorreolvidada/files/2021/02/covid19-300x231.jpg 300w, https://blogsaverroes.juntadeandalucia.es/iestorreolvidada/files/2021/02/covid19.jpg 500w" sizes="(max-width: 300px) 100vw, 300px" /></a></p>
<p>&nbsp;</p>
<p>Tras la reunión de la comisión COVID y el Consejo Escolar del I.E.S. Torre Olvidada, se publica el citado protocolo. Dicho documento está sujeto a mejoras y modificaciones, previo consenso y aprobación de la comisión.</p>
<h4>Protocolo de Actuación COVID-19</h4>
<p><code><div class="_3d-flip-book  fb3d-fullscreen-mode full-size" data-id="0" data-mode="fullscreen" data-title="false" data-template="short-white-book-view" data-lightbox="dark-shadow" data-urlparam="fb3d-page" data-page-n="0" data-pdf="https://blogsaverroes.juntadeandalucia.es/iestorreolvidada/files/2021/11/PROTOCOLO-COVID-21-22.pdf" data-tax="null" data-thumbnail="https://blogsaverroes.juntadeandalucia.es/iestorreolvidada/files/2020/12/Protocolo-Actuaci%C3%B3n-Covid-19-Torre-Olvidada.pdf" data-cols="3" data-book-template="default" data-trigger=""></div></code></p>
<ul>
<li><a href="https://blogsaverroes.juntadeandalucia.es/iestorreolvidada/files/2021/11/PROTOCOLO-COVID-21-22.pdf">Descargar</a></li>
</ul>
<p>&nbsp;</p>
<p>&nbsp;</p>

<p>&nbsp; Tras la reunión de la comisión COVID y el Consejo Escolar del I.E.S. Torre Olvidada, se publica el citado protocolo. Dicho documento está sujeto a mejoras y modificaciones, previo consenso y aprobación de&#46;&#46;&#46;</p>
