{"id":2702,"date":"2021-02-08T17:39:30","date_gmt":"2021-02-08T17:39:30","guid":{"rendered":"https:\/\/blogsaverroes.juntadeandalucia.es\/iestorreolvidada\/?page_id=2702"},"modified":"2021-02-09T01:52:30","modified_gmt":"2021-02-09T01:52:30","slug":"movilidad-virtual","status":"publish","type":"page","link":"https:\/\/blogsaverroes.juntadeandalucia.es\/iestorreolvidada\/erasmus\/movilidad-virtual\/","title":{"rendered":"Movilidad Virtual"},"content":{"rendered":"<h4>&nbsp;<\/h4>\n<h4 style=\"text-align: justify;\"><b>TEMAS Y DISTRIBUCI\u00d3N DE GRUPOS<\/b><\/h4>\n<ul style=\"text-align: justify;\">\n<li style=\"font-weight: 400;\" aria-level=\"1\"><span style=\"font-weight: 400;\">T\u00edtulo de la actividad: <\/span><i><span style=\"font-weight: 400;\">Who are we?<\/span><\/i><\/li>\n<li style=\"font-weight: 400;\" aria-level=\"1\"><span style=\"font-weight: 400;\">Centro organizador: IES Torre Olvidada (Espa\u00f1a)<\/span><\/li>\n<li style=\"font-weight: 400;\" aria-level=\"1\"><span style=\"font-weight: 400;\">Tipo de movilidad: actividad con alumnos, actividad virtual<\/span><\/li>\n<li style=\"font-weight: 400;\" aria-level=\"1\"><span style=\"font-weight: 400;\">Temporalizaci\u00f3n: Febrero<\/span><\/li>\n<li style=\"font-weight: 400;\" aria-level=\"1\"><span style=\"font-weight: 400;\">Temas: identidad nacional, estereotipos e identidad europea.<\/span><\/li>\n<li style=\"font-weight: 400;\" aria-level=\"1\"><span style=\"font-weight: 400;\">Justificaci\u00f3n: Esta primera actividad con el alumnado tiene como finalidad darnos a conocer, mostrar aspectos propios de nuestra identidad. La finalidad es investigar sobre lo que nos hace diferentes, sobre nuestras caracter\u00edsticas propias. Tambi\u00e9n haremos un estudio sobre lo que pensamos sobre los otros pa\u00edses. En esta actividad, intentaremos ver qu\u00e9 ideas preconcebidas tenemos sobre los pa\u00edses participantes con el prop\u00f3sito de descubrir c\u00f3mo somos cada uno de nosotros realmente.<\/span><\/li>\n<li style=\"font-weight: 400;\" aria-level=\"1\"><span style=\"font-weight: 400;\">Actividades planificadas:<\/span>\n<ul>\n<li style=\"font-weight: 400;\" aria-level=\"2\"><span style=\"font-weight: 400;\">Concurso de logo del proyecto <\/span><i><span style=\"font-weight: 400;\">Leave the mobile and move on<\/span><\/i><span style=\"font-weight: 400;\">.<\/span><\/li>\n<li style=\"font-weight: 400;\" aria-level=\"2\"><span style=\"font-weight: 400;\">Cuestionario: <\/span><i><span style=\"font-weight: 400;\">\u00bfQu\u00e9 sabes sobre m\u00ed?<\/span><\/i><\/li>\n<li style=\"font-weight: 400;\" aria-level=\"2\"><span style=\"font-weight: 400;\">Presentaci\u00f3n de tem\u00e1ticas que vamos a trabajar.<\/span><\/li>\n<li style=\"font-weight: 400;\" aria-level=\"2\"><span style=\"font-weight: 400;\">Publicaci\u00f3n de proyectos.<\/span><\/li>\n<li style=\"font-weight: 400;\" aria-level=\"2\"><span style=\"font-weight: 400;\">Cuestionario final : \u00bf<\/span><i><span style=\"font-weight: 400;\">Y ahora qu\u00e9 sabes sobre m\u00ed?<\/span><\/i><\/li>\n<\/ul>\n<\/li>\n<li style=\"font-weight: 400;\" aria-level=\"1\"><span style=\"font-weight: 400;\">Trabajo en grupo, cooperativo.<\/span><\/li>\n<li style=\"font-weight: 400;\" aria-level=\"1\"><span style=\"font-weight: 400;\">Material necesario:<\/span>\n<ul>\n<li style=\"font-weight: 400;\" aria-level=\"2\"><span style=\"font-weight: 400;\">Ordenadores<\/span><\/li>\n<li style=\"font-weight: 400;\" aria-level=\"2\"><span style=\"font-weight: 400;\">Cartulinas<\/span><\/li>\n<li style=\"font-weight: 400;\" aria-level=\"2\"><span style=\"font-weight: 400;\">Fotograf\u00edas.<\/span><\/li>\n<li style=\"font-weight: 400;\" aria-level=\"2\"><span style=\"font-weight: 400;\">Pantalla, micr\u00f3fonos y c\u00e1mara.<\/span><\/li>\n<\/ul>\n<\/li>\n<li style=\"font-weight: 400;\" aria-level=\"1\"><span style=\"font-weight: 400;\">La actividad se llevar\u00e1 a cabo a nivel de centro. Cada nivel investigar\u00e1 sobre un tema diferente.<\/span><\/li>\n<li style=\"font-weight: 400;\" aria-level=\"1\"><span style=\"font-weight: 400;\">El grupo que participar\u00e1 de forma directa online en la actividad ser\u00e1 el grupo biling\u00fce de 4\u00ba ESO.<\/span><\/li>\n<\/ul>\n<p style=\"text-align: justify;\">&nbsp;<\/p>\n","protected":false},"excerpt":{"rendered":"<p>&nbsp; TEMAS Y DISTRIBUCI\u00d3N DE GRUPOS T\u00edtulo de la actividad: Who are we? Centro organizador: IES Torre Olvidada (Espa\u00f1a) Tipo de movilidad: actividad con alumnos, actividad virtual Temporalizaci\u00f3n: Febrero Temas: identidad nacional, estereotipos e&#46;&#46;&#46;<\/p>\n","protected":false},"author":6516,"featured_media":0,"parent":2676,"menu_order":0,"comment_status":"closed","ping_status":"closed","template":"page-c.php","meta":{"ngg_post_thumbnail":0,"footnotes":"","_mc_calendar":[]},"aioseo_notices":[],"post_mailing_queue_ids":[],"_links":{"self":[{"href":"https:\/\/blogsaverroes.juntadeandalucia.es\/iestorreolvidada\/wp-json\/wp\/v2\/pages\/2702"}],"collection":[{"href":"https:\/\/blogsaverroes.juntadeandalucia.es\/iestorreolvidada\/wp-json\/wp\/v2\/pages"}],"about":[{"href":"https:\/\/blogsaverroes.juntadeandalucia.es\/iestorreolvidada\/wp-json\/wp\/v2\/types\/page"}],"author":[{"embeddable":true,"href":"https:\/\/blogsaverroes.juntadeandalucia.es\/iestorreolvidada\/wp-json\/wp\/v2\/users\/6516"}],"replies":[{"embeddable":true,"href":"https:\/\/blogsaverroes.juntadeandalucia.es\/iestorreolvidada\/wp-json\/wp\/v2\/comments?post=2702"}],"version-history":[{"count":2,"href":"https:\/\/blogsaverroes.juntadeandalucia.es\/iestorreolvidada\/wp-json\/wp\/v2\/pages\/2702\/revisions"}],"predecessor-version":[{"id":2786,"href":"https:\/\/blogsaverroes.juntadeandalucia.es\/iestorreolvidada\/wp-json\/wp\/v2\/pages\/2702\/revisions\/2786"}],"up":[{"embeddable":true,"href":"https:\/\/blogsaverroes.juntadeandalucia.es\/iestorreolvidada\/wp-json\/wp\/v2\/pages\/2676"}],"wp:attachment":[{"href":"https:\/\/blogsaverroes.juntadeandalucia.es\/iestorreolvidada\/wp-json\/wp\/v2\/media?parent=2702"}],"curies":[{"name":"wp","href":"https:\/\/api.w.org\/{rel}","templated":true}]}}

<h4>&nbsp;</h4>
<h4 style="text-align: justify;"><b>TEMAS Y DISTRIBUCIÓN DE GRUPOS</b></h4>
<ul style="text-align: justify;">
<li style="font-weight: 400;" aria-level="1"><span style="font-weight: 400;">Título de la actividad: </span><i><span style="font-weight: 400;">Who are we?</span></i></li>
<li style="font-weight: 400;" aria-level="1"><span style="font-weight: 400;">Centro organizador: IES Torre Olvidada (España)</span></li>
<li style="font-weight: 400;" aria-level="1"><span style="font-weight: 400;">Tipo de movilidad: actividad con alumnos, actividad virtual</span></li>
<li style="font-weight: 400;" aria-level="1"><span style="font-weight: 400;">Temporalización: Febrero</span></li>
<li style="font-weight: 400;" aria-level="1"><span style="font-weight: 400;">Temas: identidad nacional, estereotipos e identidad europea.</span></li>
<li style="font-weight: 400;" aria-level="1"><span style="font-weight: 400;">Justificación: Esta primera actividad con el alumnado tiene como finalidad darnos a conocer, mostrar aspectos propios de nuestra identidad. La finalidad es investigar sobre lo que nos hace diferentes, sobre nuestras características propias. También haremos un estudio sobre lo que pensamos sobre los otros países. En esta actividad, intentaremos ver qué ideas preconcebidas tenemos sobre los países participantes con el propósito de descubrir cómo somos cada uno de nosotros realmente.</span></li>
<li style="font-weight: 400;" aria-level="1"><span style="font-weight: 400;">Actividades planificadas:</span>
<ul>
<li style="font-weight: 400;" aria-level="2"><span style="font-weight: 400;">Concurso de logo del proyecto </span><i><span style="font-weight: 400;">Leave the mobile and move on</span></i><span style="font-weight: 400;">.</span></li>
<li style="font-weight: 400;" aria-level="2"><span style="font-weight: 400;">Cuestionario: </span><i><span style="font-weight: 400;">¿Qué sabes sobre mí?</span></i></li>
<li style="font-weight: 400;" aria-level="2"><span style="font-weight: 400;">Presentación de temáticas que vamos a trabajar.</span></li>
<li style="font-weight: 400;" aria-level="2"><span style="font-weight: 400;">Publicación de proyectos.</span></li>
<li style="font-weight: 400;" aria-level="2"><span style="font-weight: 400;">Cuestionario final : ¿</span><i><span style="font-weight: 400;">Y ahora qué sabes sobre mí?</span></i></li>
</ul>
</li>
<li style="font-weight: 400;" aria-level="1"><span style="font-weight: 400;">Trabajo en grupo, cooperativo.</span></li>
<li style="font-weight: 400;" aria-level="1"><span style="font-weight: 400;">Material necesario:</span>
<ul>
<li style="font-weight: 400;" aria-level="2"><span style="font-weight: 400;">Ordenadores</span></li>
<li style="font-weight: 400;" aria-level="2"><span style="font-weight: 400;">Cartulinas</span></li>
<li style="font-weight: 400;" aria-level="2"><span style="font-weight: 400;">Fotografías.</span></li>
<li style="font-weight: 400;" aria-level="2"><span style="font-weight: 400;">Pantalla, micrófonos y cámara.</span></li>
</ul>
</li>
<li style="font-weight: 400;" aria-level="1"><span style="font-weight: 400;">La actividad se llevará a cabo a nivel de centro. Cada nivel investigará sobre un tema diferente.</span></li>
<li style="font-weight: 400;" aria-level="1"><span style="font-weight: 400;">El grupo que participará de forma directa online en la actividad será el grupo bilingüe de 4º ESO.</span></li>
</ul>
<p style="text-align: justify;">&nbsp;</p>

<p>&nbsp; TEMAS Y DISTRIBUCIÓN DE GRUPOS Título de la actividad: Who are we? Centro organizador: IES Torre Olvidada (España) Tipo de movilidad: actividad con alumnos, actividad virtual Temporalización: Febrero Temas: identidad nacional, estereotipos e&#46;&#46;&#46;</p>
