{"id":2768,"date":"2021-02-08T23:32:51","date_gmt":"2021-02-08T23:32:51","guid":{"rendered":"https:\/\/blogsaverroes.juntadeandalucia.es\/iestorreolvidada\/?page_id=2768"},"modified":"2021-02-09T02:20:31","modified_gmt":"2021-02-09T02:20:31","slug":"organigrama-departamento-lengua-castellana-y-literatura","status":"publish","type":"page","link":"https:\/\/blogsaverroes.juntadeandalucia.es\/iestorreolvidada\/ingles\/organigrama-departamento-lengua-castellana-y-literatura\/","title":{"rendered":"Organigrama Departamento Lengua Castellana y Literatura"},"content":{"rendered":"<ul>\n<li style=\"font-weight: 400; text-align: justify;\" aria-level=\"1\"><strong>D\u00f1a. LUISA M\u00aa MENA RUBIO<\/strong><span style=\"font-weight: 400;\">: JEFA DE DEPARTAMENTO Y COORDINADORA DEL \u00c1REA&nbsp; SOCIOLING\u00dc\u00cdSTICA.<\/span><\/li>\n<li style=\"font-weight: 400; text-align: justify;\" aria-level=\"1\"><strong>D. JUAN PANCORBO JIM\u00c9NEZ<\/strong><span style=\"font-weight: 400;\">: COORDINADOR DE TRANSFORMACI\u00d3N DIGITAL EDUCATIVA<\/span><\/li>\n<li style=\"font-weight: 400; text-align: justify;\" aria-level=\"1\"><strong>D\u00f1a. ANA MU\u00d1OZ GAL\u00c1N<\/strong><span style=\"font-weight: 400;\">: TUTORA&nbsp;<\/span><\/li>\n<li style=\"font-weight: 400; text-align: justify;\" aria-level=\"1\"><strong>D\u00f1a. ANA QUESADA ARMENTEROS<\/strong><span style=\"font-weight: 400;\">: TUTORA<\/span><\/li>\n<li style=\"font-weight: 400; text-align: justify;\" aria-level=\"1\"><strong>D\u00f1a. NOELIA PARRAS ARMENTEROS<\/strong><span style=\"font-weight: 400;\">: TUTORA<\/span><\/li>\n<li style=\"font-weight: 400; text-align: justify;\" aria-level=\"1\"><strong>D. CARLOS LINARES MU\u00d1OZ<\/strong><\/li>\n<\/ul>\n<p>&nbsp;<\/p>\n<p>&nbsp;<\/p>\n<p>&nbsp;<\/p>\n","protected":false},"excerpt":{"rendered":"<p>D\u00f1a. LUISA M\u00aa MENA RUBIO: JEFA DE DEPARTAMENTO Y COORDINADORA DEL \u00c1REA&nbsp; SOCIOLING\u00dc\u00cdSTICA. D. JUAN PANCORBO JIM\u00c9NEZ: COORDINADOR DE TRANSFORMACI\u00d3N DIGITAL EDUCATIVA D\u00f1a. ANA MU\u00d1OZ GAL\u00c1N: TUTORA&nbsp; D\u00f1a. ANA QUESADA ARMENTEROS: TUTORA D\u00f1a. NOELIA&#46;&#46;&#46;<\/p>\n","protected":false},"author":6516,"featured_media":0,"parent":155,"menu_order":0,"comment_status":"closed","ping_status":"closed","template":"page-c.php","meta":{"ngg_post_thumbnail":0,"footnotes":"","_mc_calendar":[]},"aioseo_notices":[],"post_mailing_queue_ids":[],"_links":{"self":[{"href":"https:\/\/blogsaverroes.juntadeandalucia.es\/iestorreolvidada\/wp-json\/wp\/v2\/pages\/2768"}],"collection":[{"href":"https:\/\/blogsaverroes.juntadeandalucia.es\/iestorreolvidada\/wp-json\/wp\/v2\/pages"}],"about":[{"href":"https:\/\/blogsaverroes.juntadeandalucia.es\/iestorreolvidada\/wp-json\/wp\/v2\/types\/page"}],"author":[{"embeddable":true,"href":"https:\/\/blogsaverroes.juntadeandalucia.es\/iestorreolvidada\/wp-json\/wp\/v2\/users\/6516"}],"replies":[{"embeddable":true,"href":"https:\/\/blogsaverroes.juntadeandalucia.es\/iestorreolvidada\/wp-json\/wp\/v2\/comments?post=2768"}],"version-history":[{"count":1,"href":"https:\/\/blogsaverroes.juntadeandalucia.es\/iestorreolvidada\/wp-json\/wp\/v2\/pages\/2768\/revisions"}],"predecessor-version":[{"id":2769,"href":"https:\/\/blogsaverroes.juntadeandalucia.es\/iestorreolvidada\/wp-json\/wp\/v2\/pages\/2768\/revisions\/2769"}],"up":[{"embeddable":true,"href":"https:\/\/blogsaverroes.juntadeandalucia.es\/iestorreolvidada\/wp-json\/wp\/v2\/pages\/155"}],"wp:attachment":[{"href":"https:\/\/blogsaverroes.juntadeandalucia.es\/iestorreolvidada\/wp-json\/wp\/v2\/media?parent=2768"}],"curies":[{"name":"wp","href":"https:\/\/api.w.org\/{rel}","templated":true}]}}

<ul>
<li style="font-weight: 400; text-align: justify;" aria-level="1"><strong>Dña. LUISA Mª MENA RUBIO</strong><span style="font-weight: 400;">: JEFA DE DEPARTAMENTO Y COORDINADORA DEL ÁREA&nbsp; SOCIOLINGÜÍSTICA.</span></li>
<li style="font-weight: 400; text-align: justify;" aria-level="1"><strong>D. JUAN PANCORBO JIMÉNEZ</strong><span style="font-weight: 400;">: COORDINADOR DE TRANSFORMACIÓN DIGITAL EDUCATIVA</span></li>
<li style="font-weight: 400; text-align: justify;" aria-level="1"><strong>Dña. ANA MUÑOZ GALÁN</strong><span style="font-weight: 400;">: TUTORA&nbsp;</span></li>
<li style="font-weight: 400; text-align: justify;" aria-level="1"><strong>Dña. ANA QUESADA ARMENTEROS</strong><span style="font-weight: 400;">: TUTORA</span></li>
<li style="font-weight: 400; text-align: justify;" aria-level="1"><strong>Dña. NOELIA PARRAS ARMENTEROS</strong><span style="font-weight: 400;">: TUTORA</span></li>
<li style="font-weight: 400; text-align: justify;" aria-level="1"><strong>D. CARLOS LINARES MUÑOZ</strong></li>
</ul>
<p>&nbsp;</p>
<p>&nbsp;</p>
<p>&nbsp;</p>

<p>Dña. LUISA Mª MENA RUBIO: JEFA DE DEPARTAMENTO Y COORDINADORA DEL ÁREA&nbsp; SOCIOLINGÜÍSTICA. D. JUAN PANCORBO JIMÉNEZ: COORDINADOR DE TRANSFORMACIÓN DIGITAL EDUCATIVA Dña. ANA MUÑOZ GALÁN: TUTORA&nbsp; Dña. ANA QUESADA ARMENTEROS: TUTORA Dña. NOELIA&#46;&#46;&#46;</p>
