{"id":2772,"date":"2021-02-08T23:39:17","date_gmt":"2021-02-08T23:39:17","guid":{"rendered":"https:\/\/blogsaverroes.juntadeandalucia.es\/iestorreolvidada\/?page_id=2772"},"modified":"2021-02-09T02:20:36","modified_gmt":"2021-02-09T02:20:36","slug":"programaciones-lengua-castellana","status":"publish","type":"page","link":"https:\/\/blogsaverroes.juntadeandalucia.es\/iestorreolvidada\/ingles\/programaciones-lengua-castellana\/","title":{"rendered":"Programaciones Lengua Castellana"},"content":{"rendered":"<ul>\n<li><a href=\"https:\/\/blogsaverroes.juntadeandalucia.es\/iestorreolvidada\/files\/2021\/02\/PROGRAMACI\u00d3N-20_21-LENGUA-CASTELLANA-Y-LITERATURA.pdf\">PROGRAMACI\u00d3N 20_21 LENGUA CASTELLANA Y LITERATURA<\/a><\/li>\n<li><a href=\"https:\/\/blogsaverroes.juntadeandalucia.es\/iestorreolvidada\/files\/2021\/02\/PROGRAMACI\u00d3N-20_21-LENGUA-INA.pdf\">PROGRAMACI\u00d3N 20_21 LENGUA INA<\/a><\/li>\n<li><a href=\"https:\/\/blogsaverroes.juntadeandalucia.es\/iestorreolvidada\/files\/2021\/02\/PROGRAMACION-20_21-LENGUA-INA-ANEXO-I.pdf\">PROGRAMACION 20_21 LENGUA INA ANEXO I<\/a><\/li>\n<li><a href=\"https:\/\/blogsaverroes.juntadeandalucia.es\/iestorreolvidada\/files\/2021\/02\/PROGRAMACI\u00d3N-20_21-LENGUA-INA-ANEXO-II.pdf\">PROGRAMACI\u00d3N 20_21 LENGUA INA ANEXO II<\/a><\/li>\n<\/ul>\n","protected":false},"excerpt":{"rendered":"<p>PROGRAMACI\u00d3N 20_21 LENGUA CASTELLANA Y LITERATURA PROGRAMACI\u00d3N 20_21 LENGUA INA PROGRAMACION 20_21 LENGUA INA ANEXO I PROGRAMACI\u00d3N 20_21 LENGUA INA ANEXO II<\/p>\n","protected":false},"author":6516,"featured_media":0,"parent":155,"menu_order":0,"comment_status":"closed","ping_status":"closed","template":"page-c.php","meta":{"ngg_post_thumbnail":0,"footnotes":"","_mc_calendar":[]},"aioseo_notices":[],"post_mailing_queue_ids":[],"_links":{"self":[{"href":"https:\/\/blogsaverroes.juntadeandalucia.es\/iestorreolvidada\/wp-json\/wp\/v2\/pages\/2772"}],"collection":[{"href":"https:\/\/blogsaverroes.juntadeandalucia.es\/iestorreolvidada\/wp-json\/wp\/v2\/pages"}],"about":[{"href":"https:\/\/blogsaverroes.juntadeandalucia.es\/iestorreolvidada\/wp-json\/wp\/v2\/types\/page"}],"author":[{"embeddable":true,"href":"https:\/\/blogsaverroes.juntadeandalucia.es\/iestorreolvidada\/wp-json\/wp\/v2\/users\/6516"}],"replies":[{"embeddable":true,"href":"https:\/\/blogsaverroes.juntadeandalucia.es\/iestorreolvidada\/wp-json\/wp\/v2\/comments?post=2772"}],"version-history":[{"count":1,"href":"https:\/\/blogsaverroes.juntadeandalucia.es\/iestorreolvidada\/wp-json\/wp\/v2\/pages\/2772\/revisions"}],"predecessor-version":[{"id":2773,"href":"https:\/\/blogsaverroes.juntadeandalucia.es\/iestorreolvidada\/wp-json\/wp\/v2\/pages\/2772\/revisions\/2773"}],"up":[{"embeddable":true,"href":"https:\/\/blogsaverroes.juntadeandalucia.es\/iestorreolvidada\/wp-json\/wp\/v2\/pages\/155"}],"wp:attachment":[{"href":"https:\/\/blogsaverroes.juntadeandalucia.es\/iestorreolvidada\/wp-json\/wp\/v2\/media?parent=2772"}],"curies":[{"name":"wp","href":"https:\/\/api.w.org\/{rel}","templated":true}]}}

<ul>
<li><a href="https://blogsaverroes.juntadeandalucia.es/iestorreolvidada/files/2021/02/PROGRAMACIÓN-20_21-LENGUA-CASTELLANA-Y-LITERATURA.pdf">PROGRAMACIÓN 20_21 LENGUA CASTELLANA Y LITERATURA</a></li>
<li><a href="https://blogsaverroes.juntadeandalucia.es/iestorreolvidada/files/2021/02/PROGRAMACIÓN-20_21-LENGUA-INA.pdf">PROGRAMACIÓN 20_21 LENGUA INA</a></li>
<li><a href="https://blogsaverroes.juntadeandalucia.es/iestorreolvidada/files/2021/02/PROGRAMACION-20_21-LENGUA-INA-ANEXO-I.pdf">PROGRAMACION 20_21 LENGUA INA ANEXO I</a></li>
<li><a href="https://blogsaverroes.juntadeandalucia.es/iestorreolvidada/files/2021/02/PROGRAMACIÓN-20_21-LENGUA-INA-ANEXO-II.pdf">PROGRAMACIÓN 20_21 LENGUA INA ANEXO II</a></li>
</ul>

<p>PROGRAMACIÓN 20_21 LENGUA CASTELLANA Y LITERATURA PROGRAMACIÓN 20_21 LENGUA INA PROGRAMACION 20_21 LENGUA INA ANEXO I PROGRAMACIÓN 20_21 LENGUA INA ANEXO II</p>
