{"id":2841,"date":"2021-02-11T22:32:05","date_gmt":"2021-02-11T22:32:05","guid":{"rendered":"https:\/\/blogsaverroes.juntadeandalucia.es\/iestorreolvidada\/?page_id=2841"},"modified":"2021-02-11T22:32:54","modified_gmt":"2021-02-11T22:32:54","slug":"concurso-de-logotipos","status":"publish","type":"page","link":"https:\/\/blogsaverroes.juntadeandalucia.es\/iestorreolvidada\/erasmus\/concurso-de-logotipos\/","title":{"rendered":"Concurso de Logotipos"},"content":{"rendered":"<h3><a href=\"https:\/\/blogsaverroes.juntadeandalucia.es\/iestorreolvidada\/files\/2021\/02\/erasmus.jpg\"><img decoding=\"async\" class=\"alignleft wp-image-2678 size-thumbnail\" src=\"https:\/\/blogsaverroes.juntadeandalucia.es\/iestorreolvidada\/files\/2021\/02\/erasmus-150x150.jpg\" alt=\"\" width=\"150\" height=\"150\" srcset=\"https:\/\/blogsaverroes.juntadeandalucia.es\/iestorreolvidada\/files\/2021\/02\/erasmus-150x150.jpg 150w, https:\/\/blogsaverroes.juntadeandalucia.es\/iestorreolvidada\/files\/2021\/02\/erasmus-300x300.jpg 300w, https:\/\/blogsaverroes.juntadeandalucia.es\/iestorreolvidada\/files\/2021\/02\/erasmus-50x50.jpg 50w, https:\/\/blogsaverroes.juntadeandalucia.es\/iestorreolvidada\/files\/2021\/02\/erasmus.jpg 500w\" sizes=\"(max-width: 150px) 100vw, 150px\" \/><\/a><\/h3>\n<h3>&nbsp;<\/h3>\n<h3>&nbsp;<\/h3>\n<h3>&nbsp;<\/h3>\n<h3>&nbsp;<\/h3>\n<h3><b>PROYECTO DEJA EL M\u00d3VIL Y MU\u00c9VETE<\/b><\/h3>\n<p>&nbsp;<\/p>\n<h4><b>DESCRIPCI\u00d3N DE LA ACTIVIDAD<\/b><\/h4>\n<p style=\"text-align: justify;\"><span style=\"font-weight: 400;\">Dise\u00f1o de un logo pensado para ser la imagen representativa del proyecto Erasmus<\/span><i><span style=\"font-weight: 400;\"> &#8220;Leave the Mobile and Move on&#8221; &#8211;&nbsp; Deja el m\u00f3vil Mu\u00e9vete<\/span><\/i><span style=\"font-weight: 400;\">. Este logo se publicar\u00e1 en el proyecto Erasmus y en los diferentes productos y documentos creados.<\/span><\/p>\n<p style=\"text-align: justify;\"><span style=\"font-weight: 400;\">El logo debe reflejar el tema del proyecto y podr\u00eda incluir los siguientes temas:<\/span><\/p>\n<ul>\n<li style=\"text-align: justify;\"><span style=\"font-weight: 400;\">Adicci\u00f3n a los tel\u00e9fonos m\u00f3viles y las nuevas tecnolog\u00edas.<\/span><\/li>\n<li style=\"text-align: justify;\"><span style=\"font-weight: 400;\">Ciberacoso.<\/span><\/li>\n<li style=\"text-align: justify;\"><span style=\"font-weight: 400;\">Europa y Erasmus<\/span><\/li>\n<li style=\"text-align: justify;\"><span style=\"font-weight: 400;\">Nuevos h\u00e1bitos saludables en lugar de tecnolog\u00edas.<\/span><\/li>\n<li style=\"text-align: justify;\"><span style=\"font-weight: 400;\">Uso saludable de tecnolog\u00edas.<\/span><\/li>\n<\/ul>\n<p>&nbsp;<\/p>\n<h4><b>ORGANIZACI\u00d3N DEL CONCURSO<\/b><\/h4>\n<ul>\n<li><span style=\"font-weight: 400;\">Concurso de logos realizados de forma individual o en grupo desde las tutor\u00edas.<\/span><\/li>\n<li><span style=\"font-weight: 400;\">Fecha de entrega: <strong>3 de marzo<\/strong><\/span><\/li>\n<li><span style=\"font-weight: 400;\">Una vez realizados, el tutor los recoge y los entrega a D\u00f1a. Antonia Padilla (orientadora).<\/span><\/li>\n<li><span style=\"font-weight: 400;\">Fallo del jurado: <strong>5 de marzo<\/strong><\/span><\/li>\n<li><span style=\"font-weight: 400;\">El logo ganador ser\u00e1 candidato para el concurso Erasmus internacional.&nbsp;<\/span><\/li>\n<\/ul>\n<p>&nbsp;<\/p>\n<h4><b>BASES DEL CONCURSO:<\/b><\/h4>\n<ol>\n<li style=\"font-weight: 400;\" aria-level=\"1\"><span style=\"font-weight: 400;\">Los dise\u00f1os deben ser originales y nuevos. Los participantes deben reconocer que es su propio trabajo y que no se han tomado elementos de ninguna otra imagen o logotipo. Todos los elementos del dise\u00f1o deben crearse.&nbsp;<\/span><\/li>\n<li style=\"font-weight: 400;\" aria-level=\"1\"><span style=\"font-weight: 400;\">Es aconsejable utilizar colores f\u00e1cilmente cambiables a una escala de grises de colores, para su posterior impresi\u00f3n en color o en negro o con. Se recomienda usar solo tres colores.&nbsp;&nbsp;<\/span><\/li>\n<li style=\"font-weight: 400;\" aria-level=\"1\"><span style=\"font-weight: 400;\">Se entregar\u00e1n al tutor del grupo.&nbsp;<\/span><\/li>\n<li style=\"font-weight: 400;\" aria-level=\"1\"><span style=\"font-weight: 400;\">Se excluir\u00e1n todos los logotipos con matices ofensivos.<\/span><\/li>\n<li style=\"font-weight: 400;\" aria-level=\"1\"><span style=\"font-weight: 400;\">Una vez enviada la propuesta del logo, no se pudo retirar.<\/span><\/li>\n<\/ol>\n<p>&nbsp;<\/p>\n<h4><b>PREMIO:&nbsp;<\/b><\/h4>\n<ul>\n<li><span style=\"font-weight: 400;\">Cheque canjeable por material escolar en negocio local por valor de <strong>50 euros<\/strong>.<\/span><\/li>\n<\/ul>\n<p>&nbsp;<\/p>\n<h4><b>TEMPORALIZACI\u00d3N DE LA ACTIVIDAD:<\/b><\/h4>\n<ul>\n<li><span style=\"font-weight: 400;\">Presentaci\u00f3n de la actividad: tutor\u00edas de la semana del 15 de febrero.<\/span><\/li>\n<li><span style=\"font-weight: 400;\">Plazo de presentaci\u00f3n: hasta el 3 de marzo<\/span><\/li>\n<li><span style=\"font-weight: 400;\">Fallo del jurado: 5 de marzo.<\/span><\/li>\n<\/ul>\n<p>&nbsp;<\/p>\n","protected":false},"excerpt":{"rendered":"<p>&nbsp; &nbsp; &nbsp; &nbsp; PROYECTO DEJA EL M\u00d3VIL Y MU\u00c9VETE &nbsp; DESCRIPCI\u00d3N DE LA ACTIVIDAD Dise\u00f1o de un logo pensado para ser la imagen representativa del proyecto Erasmus &#8220;Leave the Mobile and Move on&#8221;&#46;&#46;&#46;<\/p>\n","protected":false},"author":6516,"featured_media":2678,"parent":2676,"menu_order":0,"comment_status":"closed","ping_status":"closed","template":"page-c.php","meta":{"ngg_post_thumbnail":0,"footnotes":"","_mc_calendar":[]},"aioseo_notices":[],"post_mailing_queue_ids":[],"_links":{"self":[{"href":"https:\/\/blogsaverroes.juntadeandalucia.es\/iestorreolvidada\/wp-json\/wp\/v2\/pages\/2841"}],"collection":[{"href":"https:\/\/blogsaverroes.juntadeandalucia.es\/iestorreolvidada\/wp-json\/wp\/v2\/pages"}],"about":[{"href":"https:\/\/blogsaverroes.juntadeandalucia.es\/iestorreolvidada\/wp-json\/wp\/v2\/types\/page"}],"author":[{"embeddable":true,"href":"https:\/\/blogsaverroes.juntadeandalucia.es\/iestorreolvidada\/wp-json\/wp\/v2\/users\/6516"}],"replies":[{"embeddable":true,"href":"https:\/\/blogsaverroes.juntadeandalucia.es\/iestorreolvidada\/wp-json\/wp\/v2\/comments?post=2841"}],"version-history":[{"count":3,"href":"https:\/\/blogsaverroes.juntadeandalucia.es\/iestorreolvidada\/wp-json\/wp\/v2\/pages\/2841\/revisions"}],"predecessor-version":[{"id":2844,"href":"https:\/\/blogsaverroes.juntadeandalucia.es\/iestorreolvidada\/wp-json\/wp\/v2\/pages\/2841\/revisions\/2844"}],"up":[{"embeddable":true,"href":"https:\/\/blogsaverroes.juntadeandalucia.es\/iestorreolvidada\/wp-json\/wp\/v2\/pages\/2676"}],"wp:featuredmedia":[{"embeddable":true,"href":"https:\/\/blogsaverroes.juntadeandalucia.es\/iestorreolvidada\/wp-json\/wp\/v2\/media\/2678"}],"wp:attachment":[{"href":"https:\/\/blogsaverroes.juntadeandalucia.es\/iestorreolvidada\/wp-json\/wp\/v2\/media?parent=2841"}],"curies":[{"name":"wp","href":"https:\/\/api.w.org\/{rel}","templated":true}]}}

<h3><a href="https://blogsaverroes.juntadeandalucia.es/iestorreolvidada/files/2021/02/erasmus.jpg"><img decoding="async" class="alignleft wp-image-2678 size-thumbnail" src="https://blogsaverroes.juntadeandalucia.es/iestorreolvidada/files/2021/02/erasmus-150x150.jpg" alt="" width="150" height="150" srcset="https://blogsaverroes.juntadeandalucia.es/iestorreolvidada/files/2021/02/erasmus-150x150.jpg 150w, https://blogsaverroes.juntadeandalucia.es/iestorreolvidada/files/2021/02/erasmus-300x300.jpg 300w, https://blogsaverroes.juntadeandalucia.es/iestorreolvidada/files/2021/02/erasmus-50x50.jpg 50w, https://blogsaverroes.juntadeandalucia.es/iestorreolvidada/files/2021/02/erasmus.jpg 500w" sizes="(max-width: 150px) 100vw, 150px" /></a></h3>
<h3>&nbsp;</h3>
<h3>&nbsp;</h3>
<h3>&nbsp;</h3>
<h3>&nbsp;</h3>
<h3><b>PROYECTO DEJA EL MÓVIL Y MUÉVETE</b></h3>
<p>&nbsp;</p>
<h4><b>DESCRIPCIÓN DE LA ACTIVIDAD</b></h4>
<p style="text-align: justify;"><span style="font-weight: 400;">Diseño de un logo pensado para ser la imagen representativa del proyecto Erasmus</span><i><span style="font-weight: 400;"> &#8220;Leave the Mobile and Move on&#8221; &#8211;&nbsp; Deja el móvil Muévete</span></i><span style="font-weight: 400;">. Este logo se publicará en el proyecto Erasmus y en los diferentes productos y documentos creados.</span></p>
<p style="text-align: justify;"><span style="font-weight: 400;">El logo debe reflejar el tema del proyecto y podría incluir los siguientes temas:</span></p>
<ul>
<li style="text-align: justify;"><span style="font-weight: 400;">Adicción a los teléfonos móviles y las nuevas tecnologías.</span></li>
<li style="text-align: justify;"><span style="font-weight: 400;">Ciberacoso.</span></li>
<li style="text-align: justify;"><span style="font-weight: 400;">Europa y Erasmus</span></li>
<li style="text-align: justify;"><span style="font-weight: 400;">Nuevos hábitos saludables en lugar de tecnologías.</span></li>
<li style="text-align: justify;"><span style="font-weight: 400;">Uso saludable de tecnologías.</span></li>
</ul>
<p>&nbsp;</p>
<h4><b>ORGANIZACIÓN DEL CONCURSO</b></h4>
<ul>
<li><span style="font-weight: 400;">Concurso de logos realizados de forma individual o en grupo desde las tutorías.</span></li>
<li><span style="font-weight: 400;">Fecha de entrega: <strong>3 de marzo</strong></span></li>
<li><span style="font-weight: 400;">Una vez realizados, el tutor los recoge y los entrega a Dña. Antonia Padilla (orientadora).</span></li>
<li><span style="font-weight: 400;">Fallo del jurado: <strong>5 de marzo</strong></span></li>
<li><span style="font-weight: 400;">El logo ganador será candidato para el concurso Erasmus internacional.&nbsp;</span></li>
</ul>
<p>&nbsp;</p>
<h4><b>BASES DEL CONCURSO:</b></h4>
<ol>
<li style="font-weight: 400;" aria-level="1"><span style="font-weight: 400;">Los diseños deben ser originales y nuevos. Los participantes deben reconocer que es su propio trabajo y que no se han tomado elementos de ninguna otra imagen o logotipo. Todos los elementos del diseño deben crearse.&nbsp;</span></li>
<li style="font-weight: 400;" aria-level="1"><span style="font-weight: 400;">Es aconsejable utilizar colores fácilmente cambiables a una escala de grises de colores, para su posterior impresión en color o en negro o con. Se recomienda usar solo tres colores.&nbsp;&nbsp;</span></li>
<li style="font-weight: 400;" aria-level="1"><span style="font-weight: 400;">Se entregarán al tutor del grupo.&nbsp;</span></li>
<li style="font-weight: 400;" aria-level="1"><span style="font-weight: 400;">Se excluirán todos los logotipos con matices ofensivos.</span></li>
<li style="font-weight: 400;" aria-level="1"><span style="font-weight: 400;">Una vez enviada la propuesta del logo, no se pudo retirar.</span></li>
</ol>
<p>&nbsp;</p>
<h4><b>PREMIO:&nbsp;</b></h4>
<ul>
<li><span style="font-weight: 400;">Cheque canjeable por material escolar en negocio local por valor de <strong>50 euros</strong>.</span></li>
</ul>
<p>&nbsp;</p>
<h4><b>TEMPORALIZACIÓN DE LA ACTIVIDAD:</b></h4>
<ul>
<li><span style="font-weight: 400;">Presentación de la actividad: tutorías de la semana del 15 de febrero.</span></li>
<li><span style="font-weight: 400;">Plazo de presentación: hasta el 3 de marzo</span></li>
<li><span style="font-weight: 400;">Fallo del jurado: 5 de marzo.</span></li>
</ul>
<p>&nbsp;</p>

<p>&nbsp; &nbsp; &nbsp; &nbsp; PROYECTO DEJA EL MÓVIL Y MUÉVETE &nbsp; DESCRIPCIÓN DE LA ACTIVIDAD Diseño de un logo pensado para ser la imagen representativa del proyecto Erasmus &#8220;Leave the Mobile and Move on&#8221;&#46;&#46;&#46;</p>
