{"id":3028,"date":"2021-04-20T18:17:11","date_gmt":"2021-04-20T18:17:11","guid":{"rendered":"https:\/\/blogsaverroes.juntadeandalucia.es\/iestorreolvidada\/?page_id=3028"},"modified":"2021-04-20T18:17:11","modified_gmt":"2021-04-20T18:17:11","slug":"programaciones-fp","status":"publish","type":"page","link":"https:\/\/blogsaverroes.juntadeandalucia.es\/iestorreolvidada\/formacion-profesional\/programaciones-fp\/","title":{"rendered":"Programaciones FP"},"content":{"rendered":"<ul>\n<li>\n<h5><a href=\"https:\/\/blogsaverroes.juntadeandalucia.es\/iestorreolvidada\/files\/2021\/04\/PROGRAMACION-DPTO-FPB-TORRE-OLVIDADA-nov-2020.pdf\">PROGRAMACI\u00d3N DID\u00c1CTICA FORMACI\u00d3N PROFESIONAL B\u00c1SICA<\/a><\/h5>\n<\/li>\n<li>\n<h5><a href=\"https:\/\/blogsaverroes.juntadeandalucia.es\/iestorreolvidada\/files\/2021\/04\/PROGRAMACION_EPA_2020-2021-TORRE-OLVIDADA-noviembre20.pdf\">PROGRAMACI\u00d3N DID\u00c1CTICA GRADO MEDIO<\/a><\/h5>\n<\/li>\n<\/ul>\n","protected":false},"excerpt":{"rendered":"<p>PROGRAMACI\u00d3N DID\u00c1CTICA FORMACI\u00d3N PROFESIONAL B\u00c1SICA PROGRAMACI\u00d3N DID\u00c1CTICA GRADO MEDIO<\/p>\n","protected":false},"author":6516,"featured_media":0,"parent":2798,"menu_order":0,"comment_status":"closed","ping_status":"closed","template":"page-c.php","meta":{"ngg_post_thumbnail":0,"footnotes":"","_mc_calendar":[]},"aioseo_notices":[],"post_mailing_queue_ids":[],"_links":{"self":[{"href":"https:\/\/blogsaverroes.juntadeandalucia.es\/iestorreolvidada\/wp-json\/wp\/v2\/pages\/3028"}],"collection":[{"href":"https:\/\/blogsaverroes.juntadeandalucia.es\/iestorreolvidada\/wp-json\/wp\/v2\/pages"}],"about":[{"href":"https:\/\/blogsaverroes.juntadeandalucia.es\/iestorreolvidada\/wp-json\/wp\/v2\/types\/page"}],"author":[{"embeddable":true,"href":"https:\/\/blogsaverroes.juntadeandalucia.es\/iestorreolvidada\/wp-json\/wp\/v2\/users\/6516"}],"replies":[{"embeddable":true,"href":"https:\/\/blogsaverroes.juntadeandalucia.es\/iestorreolvidada\/wp-json\/wp\/v2\/comments?post=3028"}],"version-history":[{"count":1,"href":"https:\/\/blogsaverroes.juntadeandalucia.es\/iestorreolvidada\/wp-json\/wp\/v2\/pages\/3028\/revisions"}],"predecessor-version":[{"id":3029,"href":"https:\/\/blogsaverroes.juntadeandalucia.es\/iestorreolvidada\/wp-json\/wp\/v2\/pages\/3028\/revisions\/3029"}],"up":[{"embeddable":true,"href":"https:\/\/blogsaverroes.juntadeandalucia.es\/iestorreolvidada\/wp-json\/wp\/v2\/pages\/2798"}],"wp:attachment":[{"href":"https:\/\/blogsaverroes.juntadeandalucia.es\/iestorreolvidada\/wp-json\/wp\/v2\/media?parent=3028"}],"curies":[{"name":"wp","href":"https:\/\/api.w.org\/{rel}","templated":true}]}}

<ul>
<li>
<h5><a href="https://blogsaverroes.juntadeandalucia.es/iestorreolvidada/files/2021/04/PROGRAMACION-DPTO-FPB-TORRE-OLVIDADA-nov-2020.pdf">PROGRAMACIÓN DIDÁCTICA FORMACIÓN PROFESIONAL BÁSICA</a></h5>
</li>
<li>
<h5><a href="https://blogsaverroes.juntadeandalucia.es/iestorreolvidada/files/2021/04/PROGRAMACION_EPA_2020-2021-TORRE-OLVIDADA-noviembre20.pdf">PROGRAMACIÓN DIDÁCTICA GRADO MEDIO</a></h5>
</li>
</ul>

<p>PROGRAMACIÓN DIDÁCTICA FORMACIÓN PROFESIONAL BÁSICA PROGRAMACIÓN DIDÁCTICA GRADO MEDIO</p>
