{"id":3262,"date":"2022-03-02T12:27:13","date_gmt":"2022-03-02T12:27:13","guid":{"rendered":"https:\/\/blogsaverroes.juntadeandalucia.es\/iestorreolvidada\/?page_id=3262"},"modified":"2022-03-02T12:39:20","modified_gmt":"2022-03-02T12:39:20","slug":"criterios-de-evaluacion-dep-frances","status":"publish","type":"page","link":"https:\/\/blogsaverroes.juntadeandalucia.es\/iestorreolvidada\/filosofia\/criterios-de-evaluacion-dep-frances\/","title":{"rendered":"Criterios de Evaluaci\u00f3n Dep. Franc\u00e9s"},"content":{"rendered":"\t\t<div data-elementor-type=\"wp-page\" data-elementor-id=\"3262\" class=\"elementor elementor-3262\">\n\t\t\t\t\t\t<section class=\"elementor-section elementor-top-section elementor-element elementor-element-0ec985f elementor-section-boxed elementor-section-height-default elementor-section-height-default\" data-id=\"0ec985f\" data-element_type=\"section\">\n\t\t\t\t\t\t<div class=\"elementor-container elementor-column-gap-default\">\n\t\t\t\t\t<div class=\"elementor-column elementor-col-100 elementor-top-column elementor-element elementor-element-c3c2b86\" data-id=\"c3c2b86\" data-element_type=\"column\">\n\t\t\t<div class=\"elementor-widget-wrap elementor-element-populated\">\n\t\t\t\t\t\t<div class=\"elementor-element elementor-element-e6d0de5 elementor-widget elementor-widget-text-editor\" data-id=\"e6d0de5\" data-element_type=\"widget\" data-widget_type=\"text-editor.default\">\n\t\t\t\t<div class=\"elementor-widget-container\">\n\t\t\t\t\t\t\t\t\t<p style=\"text-align: justify\">La materia de Segunda Lengua Extranjera, Franc\u00e9s, est\u00e1 dividida en cuatro grandes bloques:&nbsp;<\/p>\n<ul>\n<li style=\"text-align: justify\">Bloque 1: comprensi\u00f3n oral<\/li>\n<li style=\"text-align: justify\">Bloque 2: expresi\u00f3n oral,<\/li>\n<li style=\"text-align: justify\">Bloque 3: comprensi\u00f3n escrita<\/li>\n<li style=\"text-align: justify\">Bloque 4: expresi\u00f3n escrita.<\/li>\n<\/ul>\n<p>Existe un quinto bloque, sint\u00e1ctico-discursivo, que se encuentra presente en los cuatro bloques anteriores.<\/p>\n<p style=\"text-align: justify\">En lo que se refiere a los criterios de calificaci\u00f3n se har\u00e1n por bloques, computando los dos primeros un 20% y un 30% los dos \u00faltimos, y, a pesar de que la ponderaci\u00f3n de los criterios de cada bloque es diferente, generalmente se har\u00e1n de manera conjunta, ya que se encuentran muy relacionados entre s\u00ed, por lo que resulta bastante dif\u00edcil separar unos de otros. A pesar de ello,&nbsp; en determinadas actividades se realizar\u00e1n por separado atendiendo a la ponderaci\u00f3n individual.<\/p>\n<p style=\"text-align: justify\">Para llevar a cabo la evaluaci\u00f3n de los criterios que a continuaci\u00f3n se relacionan,&nbsp; se tendr\u00e1n en cuenta diferentes instrumentos de evaluaci\u00f3n, entre los que se encuentran:<\/p>\n<p style=\"text-align: justify\">&#8211; Realizaci\u00f3n de pruebas peri\u00f3dicas tanto escritas como orales.<\/p>\n<p style=\"text-align: justify\">&#8211; Realizaci\u00f3n de trabajos individuales y en grupo (siempre que la situaci\u00f3n sanitaria lo permita),, proyectos, collages, proyectos\u2026.<\/p>\n<p style=\"text-align: justify\">&#8211; Observaci\u00f3n directa en el aula, actividades de clase ,de casa y de classroom<\/p>\n<p style=\"text-align: justify\">En cuanto a la recuperaci\u00f3n de la materia, al tratarse de un proceso continuo de evaluaci\u00f3n, que se extiende desde el mes de septiembre hasta el mes de junio, a final de curso se recuperar\u00e1n los criterios que no se hayan superado a lo largo del curso y, en caso de no superar esos criterios se elaborar\u00e1 un informe negativo con los criterios no superados para su recuperaci\u00f3n en la evaluaci\u00f3n extraordinaria.<\/p>\n<p style=\"text-align: justify\">A continuaci\u00f3n se detallan los criterios de evaluaci\u00f3n de cada uno de los cursos de la ESO.<\/p>\n<p style=\"text-align: justify\">\n<\/p><p style=\"text-align: justify\">\n<\/p>\t\t\t\t\t\t\t\t<\/div>\n\t\t\t\t<\/div>\n\t\t\t\t\t<\/div>\n\t\t<\/div>\n\t\t\t\t\t<\/div>\n\t\t<\/section>\n\t\t\t\t<section class=\"elementor-section elementor-top-section elementor-element elementor-element-4a2dc08 elementor-section-boxed elementor-section-height-default elementor-section-height-default\" data-id=\"4a2dc08\" data-element_type=\"section\">\n\t\t\t\t\t\t<div class=\"elementor-container elementor-column-gap-default\">\n\t\t\t\t\t<div class=\"elementor-column elementor-col-100 elementor-top-column elementor-element elementor-element-21927e5\" data-id=\"21927e5\" data-element_type=\"column\">\n\t\t\t<div class=\"elementor-widget-wrap elementor-element-populated\">\n\t\t\t\t\t\t<div class=\"elementor-element elementor-element-b33edfb elementor-icon-list--layout-traditional elementor-list-item-link-full_width elementor-widget elementor-widget-icon-list\" data-id=\"b33edfb\" data-element_type=\"widget\" data-widget_type=\"icon-list.default\">\n\t\t\t\t<div class=\"elementor-widget-container\">\n\t\t\t\t\t\t\t<ul class=\"elementor-icon-list-items\">\n\t\t\t\t\t\t\t<li class=\"elementor-icon-list-item\">\n\t\t\t\t\t\t\t\t\t\t\t<a href=\"https:\/\/blogsaverroes.juntadeandalucia.es\/iestorreolvidada\/files\/2022\/03\/FRANCES-CRITERIOS-EVALUACI\u00d3N-1\u00ba-ESO.pdf\" target=\"_blank\">\n\n\t\t\t\t\t\t\t\t\t\t\t\t<span class=\"elementor-icon-list-icon\">\n\t\t\t\t\t\t\t<i aria-hidden=\"true\" class=\"fas fa-file-pdf\"><\/i>\t\t\t\t\t\t<\/span>\n\t\t\t\t\t\t\t\t\t\t<span class=\"elementor-icon-list-text\">Criterios de Evaluaci\u00f3n 1\u00ba ESO<\/span>\n\t\t\t\t\t\t\t\t\t\t\t<\/a>\n\t\t\t\t\t\t\t\t\t<\/li>\n\t\t\t\t\t\t\t\t<li class=\"elementor-icon-list-item\">\n\t\t\t\t\t\t\t\t\t\t\t<a href=\"https:\/\/blogsaverroes.juntadeandalucia.es\/iestorreolvidada\/files\/2022\/03\/FRANCES-CRITERIOS-EVALUACI\u00d3N-2\u00ba-ESO.pdf\" target=\"_blank\">\n\n\t\t\t\t\t\t\t\t\t\t\t\t<span class=\"elementor-icon-list-icon\">\n\t\t\t\t\t\t\t<i aria-hidden=\"true\" class=\"fas fa-file-pdf\"><\/i>\t\t\t\t\t\t<\/span>\n\t\t\t\t\t\t\t\t\t\t<span class=\"elementor-icon-list-text\">Criterios de Evaluaci\u00f3n 2\u00ba ESO<\/span>\n\t\t\t\t\t\t\t\t\t\t\t<\/a>\n\t\t\t\t\t\t\t\t\t<\/li>\n\t\t\t\t\t\t\t\t<li class=\"elementor-icon-list-item\">\n\t\t\t\t\t\t\t\t\t\t\t<a href=\"https:\/\/blogsaverroes.juntadeandalucia.es\/iestorreolvidada\/files\/2022\/03\/FRANCES-CRITERIOS-EVALUACI\u00d3N-3\u00ba-ESO.pdf\" target=\"_blank\">\n\n\t\t\t\t\t\t\t\t\t\t\t\t<span class=\"elementor-icon-list-icon\">\n\t\t\t\t\t\t\t<i aria-hidden=\"true\" class=\"fas fa-file-pdf\"><\/i>\t\t\t\t\t\t<\/span>\n\t\t\t\t\t\t\t\t\t\t<span class=\"elementor-icon-list-text\">Criterios de Evaluaci\u00f3n 3\u00ba ESO<\/span>\n\t\t\t\t\t\t\t\t\t\t\t<\/a>\n\t\t\t\t\t\t\t\t\t<\/li>\n\t\t\t\t\t\t\t\t<li class=\"elementor-icon-list-item\">\n\t\t\t\t\t\t\t\t\t\t\t<a href=\"https:\/\/blogsaverroes.juntadeandalucia.es\/iestorreolvidada\/files\/2022\/03\/FRANCES-CRITERIOS-EVALUACI\u00d3N-4\u00ba-ESO.pdf\" target=\"_blank\">\n\n\t\t\t\t\t\t\t\t\t\t\t\t<span class=\"elementor-icon-list-icon\">\n\t\t\t\t\t\t\t<i aria-hidden=\"true\" class=\"fas fa-file-pdf\"><\/i>\t\t\t\t\t\t<\/span>\n\t\t\t\t\t\t\t\t\t\t<span class=\"elementor-icon-list-text\">Criterios de Evaluaci\u00f3n 4\u00ba ESO<\/span>\n\t\t\t\t\t\t\t\t\t\t\t<\/a>\n\t\t\t\t\t\t\t\t\t<\/li>\n\t\t\t\t\t\t<\/ul>\n\t\t\t\t\t\t<\/div>\n\t\t\t\t<\/div>\n\t\t\t\t\t<\/div>\n\t\t<\/div>\n\t\t\t\t\t<\/div>\n\t\t<\/section>\n\t\t\t\t<section class=\"elementor-section elementor-top-section elementor-element elementor-element-8eb2a6d elementor-section-boxed elementor-section-height-default elementor-section-height-default\" data-id=\"8eb2a6d\" data-element_type=\"section\">\n\t\t\t\t\t\t<div class=\"elementor-container elementor-column-gap-default\">\n\t\t\t\t\t<div class=\"elementor-column elementor-col-100 elementor-top-column elementor-element elementor-element-63e749f\" data-id=\"63e749f\" data-element_type=\"column\">\n\t\t\t<div class=\"elementor-widget-wrap elementor-element-populated\">\n\t\t\t\t\t\t<div class=\"elementor-element elementor-element-efcd28a elementor-widget elementor-widget-button\" data-id=\"efcd28a\" data-element_type=\"widget\" data-widget_type=\"button.default\">\n\t\t\t\t<div class=\"elementor-widget-container\">\n\t\t\t\t\t\t\t\t\t<div class=\"elementor-button-wrapper\">\n\t\t\t\t\t<a class=\"elementor-button elementor-button-link elementor-size-sm\" href=\"https:\/\/blogsaverroes.juntadeandalucia.es\/iestorreolvidada\/filosofia\/\">\n\t\t\t\t\t\t<span class=\"elementor-button-content-wrapper\">\n\t\t\t\t\t\t\t\t\t<span class=\"elementor-button-text\">VOLVER<\/span>\n\t\t\t\t\t<\/span>\n\t\t\t\t\t<\/a>\n\t\t\t\t<\/div>\n\t\t\t\t\t\t\t\t<\/div>\n\t\t\t\t<\/div>\n\t\t\t\t\t<\/div>\n\t\t<\/div>\n\t\t\t\t\t<\/div>\n\t\t<\/section>\n\t\t\t\t<\/div>\n\t\t","protected":false},"excerpt":{"rendered":"<p>La materia de Segunda Lengua Extranjera, Franc\u00e9s, est\u00e1 dividida en cuatro grandes bloques:&nbsp; Bloque 1: comprensi\u00f3n oral Bloque 2: expresi\u00f3n oral, Bloque 3: comprensi\u00f3n escrita Bloque 4: expresi\u00f3n escrita. Existe un quinto bloque, sint\u00e1ctico-discursivo,&#46;&#46;&#46;<\/p>\n","protected":false},"author":6516,"featured_media":0,"parent":150,"menu_order":0,"comment_status":"closed","ping_status":"closed","template":"page-c.php","meta":{"ngg_post_thumbnail":0,"footnotes":"","_mc_calendar":[]},"aioseo_notices":[],"post_mailing_queue_ids":[],"_links":{"self":[{"href":"https:\/\/blogsaverroes.juntadeandalucia.es\/iestorreolvidada\/wp-json\/wp\/v2\/pages\/3262"}],"collection":[{"href":"https:\/\/blogsaverroes.juntadeandalucia.es\/iestorreolvidada\/wp-json\/wp\/v2\/pages"}],"about":[{"href":"https:\/\/blogsaverroes.juntadeandalucia.es\/iestorreolvidada\/wp-json\/wp\/v2\/types\/page"}],"author":[{"embeddable":true,"href":"https:\/\/blogsaverroes.juntadeandalucia.es\/iestorreolvidada\/wp-json\/wp\/v2\/users\/6516"}],"replies":[{"embeddable":true,"href":"https:\/\/blogsaverroes.juntadeandalucia.es\/iestorreolvidada\/wp-json\/wp\/v2\/comments?post=3262"}],"version-history":[{"count":7,"href":"https:\/\/blogsaverroes.juntadeandalucia.es\/iestorreolvidada\/wp-json\/wp\/v2\/pages\/3262\/revisions"}],"predecessor-version":[{"id":3271,"href":"https:\/\/blogsaverroes.juntadeandalucia.es\/iestorreolvidada\/wp-json\/wp\/v2\/pages\/3262\/revisions\/3271"}],"up":[{"embeddable":true,"href":"https:\/\/blogsaverroes.juntadeandalucia.es\/iestorreolvidada\/wp-json\/wp\/v2\/pages\/150"}],"wp:attachment":[{"href":"https:\/\/blogsaverroes.juntadeandalucia.es\/iestorreolvidada\/wp-json\/wp\/v2\/media?parent=3262"}],"curies":[{"name":"wp","href":"https:\/\/api.w.org\/{rel}","templated":true}]}}