{"id":1054,"date":"2022-04-09T13:01:25","date_gmt":"2022-04-09T12:01:25","guid":{"rendered":"https:\/\/blogsaverroes.juntadeandalucia.es\/iestorrredelosguzmanes\/?page_id=1054"},"modified":"2026-01-14T19:44:39","modified_gmt":"2026-01-14T18:44:39","slug":"economia","status":"publish","type":"page","link":"https:\/\/blogsaverroes.juntadeandalucia.es\/iestorrredelosguzmanes\/economia\/","title":{"rendered":"Econom\u00eda y FOL"},"content":{"rendered":"<p>Miembros del Departamento de Econom\u00eda y FOL :<\/p>\n<ul>\n<li>Jefa de Departamento: D\u00f1a. Ana M\u00aa Sierra Pino.<\/li>\n<li>D\u00f1a. Elisa Isabel Cansino Gonz\u00e1lez.<\/li>\n<li>D. Diego Flores Ruiz.<\/li>\n<\/ul>\n<p><a href=\"https:\/\/blogsaverroes.juntadeandalucia.es\/iestorrredelosguzmanes\/files\/2026\/01\/Programacion-Economia.pdf\">Programaci\u00f3n Econom\u00eda y FOL.<\/a><\/p>\n<p>Actividad de educaci\u00f3n financiera impartida por Mapfre al alumnado de los ciclos b\u00e1sico y medio.<\/p>\n<p><a href=\"https:\/\/blogsaverroes.juntadeandalucia.es\/iestorrredelosguzmanes\/files\/2025\/11\/IMG_20251117_082920-1-scaled.jpg\"><img fetchpriority=\"high\" decoding=\"async\" class=\"alignleft size-medium wp-image-2759\" src=\"https:\/\/blogsaverroes.juntadeandalucia.es\/iestorrredelosguzmanes\/files\/2025\/11\/IMG_20251117_082920-1-300x298.jpg\" alt=\"\" width=\"300\" height=\"298\" srcset=\"https:\/\/blogsaverroes.juntadeandalucia.es\/iestorrredelosguzmanes\/files\/2025\/11\/IMG_20251117_082920-1-300x298.jpg 300w, https:\/\/blogsaverroes.juntadeandalucia.es\/iestorrredelosguzmanes\/files\/2025\/11\/IMG_20251117_082920-1-1024x1019.jpg 1024w, https:\/\/blogsaverroes.juntadeandalucia.es\/iestorrredelosguzmanes\/files\/2025\/11\/IMG_20251117_082920-1-150x150.jpg 150w, https:\/\/blogsaverroes.juntadeandalucia.es\/iestorrredelosguzmanes\/files\/2025\/11\/IMG_20251117_082920-1-768x764.jpg 768w, https:\/\/blogsaverroes.juntadeandalucia.es\/iestorrredelosguzmanes\/files\/2025\/11\/IMG_20251117_082920-1-1536x1528.jpg 1536w, https:\/\/blogsaverroes.juntadeandalucia.es\/iestorrredelosguzmanes\/files\/2025\/11\/IMG_20251117_082920-1-2048x2037.jpg 2048w, https:\/\/blogsaverroes.juntadeandalucia.es\/iestorrredelosguzmanes\/files\/2025\/11\/IMG_20251117_082920-1-80x80.jpg 80w\" sizes=\"(max-width: 300px) 100vw, 300px\" \/><\/a><\/p>\n<p>&nbsp;<\/p>\n<h3>Im\u00e1genes Relacionadas:<\/h3>","protected":false},"excerpt":{"rendered":"<p>Miembros del Departamento de Econom\u00eda y FOL : Jefa de Departamento: D\u00f1a. Ana M\u00aa Sierra Pino. D\u00f1a. Elisa Isabel Cansino Gonz\u00e1lez. D. Diego Flores Ruiz. Programaci\u00f3n Econom\u00eda y FOL. Actividad de educaci\u00f3n financiera impartida por Mapfre al alumnado de los ciclos b\u00e1sico y medio. &nbsp; Im\u00e1genes Relacionadas:<\/p>\n","protected":false},"author":13735,"featured_media":0,"parent":0,"menu_order":0,"comment_status":"closed","ping_status":"closed","template":"","meta":{"ngg_post_thumbnail":0,"footnotes":""},"aioseo_notices":[],"_links":{"self":[{"href":"https:\/\/blogsaverroes.juntadeandalucia.es\/iestorrredelosguzmanes\/wp-json\/wp\/v2\/pages\/1054"}],"collection":[{"href":"https:\/\/blogsaverroes.juntadeandalucia.es\/iestorrredelosguzmanes\/wp-json\/wp\/v2\/pages"}],"about":[{"href":"https:\/\/blogsaverroes.juntadeandalucia.es\/iestorrredelosguzmanes\/wp-json\/wp\/v2\/types\/page"}],"author":[{"embeddable":true,"href":"https:\/\/blogsaverroes.juntadeandalucia.es\/iestorrredelosguzmanes\/wp-json\/wp\/v2\/users\/13735"}],"replies":[{"embeddable":true,"href":"https:\/\/blogsaverroes.juntadeandalucia.es\/iestorrredelosguzmanes\/wp-json\/wp\/v2\/comments?post=1054"}],"version-history":[{"count":13,"href":"https:\/\/blogsaverroes.juntadeandalucia.es\/iestorrredelosguzmanes\/wp-json\/wp\/v2\/pages\/1054\/revisions"}],"predecessor-version":[{"id":2891,"href":"https:\/\/blogsaverroes.juntadeandalucia.es\/iestorrredelosguzmanes\/wp-json\/wp\/v2\/pages\/1054\/revisions\/2891"}],"wp:attachment":[{"href":"https:\/\/blogsaverroes.juntadeandalucia.es\/iestorrredelosguzmanes\/wp-json\/wp\/v2\/media?parent=1054"}],"curies":[{"name":"wp","href":"https:\/\/api.w.org\/{rel}","templated":true}]}}