{"id":1066,"date":"2022-04-09T13:03:13","date_gmt":"2022-04-09T12:03:13","guid":{"rendered":"https:\/\/blogsaverroes.juntadeandalucia.es\/iestorrredelosguzmanes\/?page_id=1066"},"modified":"2026-01-14T19:48:42","modified_gmt":"2026-01-14T18:48:42","slug":"geografia-e-historia","status":"publish","type":"page","link":"https:\/\/blogsaverroes.juntadeandalucia.es\/iestorrredelosguzmanes\/geografia-e-historia\/","title":{"rendered":"Geograf\u00eda e Historia"},"content":{"rendered":"<p>Miembros del Departamento de Geograf\u00eda e Historia:<\/p>\n<ul>\n<li>Jefe de Departamento:&nbsp;D. Javier Gil Carrasco.<\/li>\n<li>D. Jos\u00e9 Miguel Clavijo Rodr\u00edguez.<\/li>\n<li>D\u00f1a. M\u00aa Jos\u00e9 Carbonell Carbonell.<\/li>\n<li>D\u00f1a. Isadora Romero G\u00e1lvez.<\/li>\n<li>D. Jes\u00fas Clavijo Urbano.<\/li>\n<li>D\u00f1a. M\u00aa Jes\u00fas Jim\u00e9nez Copete.<\/li>\n<\/ul>\n<p><a href=\"https:\/\/blogsaverroes.juntadeandalucia.es\/iestorrredelosguzmanes\/files\/2026\/01\/Geografia_e_Historia_Programacion-General_AnexoI_IIyIII_2025-2026.pdf\">Geograf\u00eda_e_Historia_Programaci\u00f3n 2025-2026<\/a><\/p>\n<h3>Im\u00e1genes Relacionadas:<\/h3>","protected":false},"excerpt":{"rendered":"<p>Miembros del Departamento de Geograf\u00eda e Historia: Jefe de Departamento:&nbsp;D. Javier Gil Carrasco. D. Jos\u00e9 Miguel Clavijo Rodr\u00edguez. D\u00f1a. M\u00aa Jos\u00e9 Carbonell Carbonell. D\u00f1a. Isadora Romero G\u00e1lvez. D. Jes\u00fas Clavijo Urbano. D\u00f1a. M\u00aa Jes\u00fas Jim\u00e9nez Copete. Geograf\u00eda_e_Historia_Programaci\u00f3n 2025-2026 Im\u00e1genes Relacionadas:<\/p>\n","protected":false},"author":13735,"featured_media":0,"parent":0,"menu_order":0,"comment_status":"closed","ping_status":"closed","template":"","meta":{"ngg_post_thumbnail":0,"footnotes":""},"aioseo_notices":[],"_links":{"self":[{"href":"https:\/\/blogsaverroes.juntadeandalucia.es\/iestorrredelosguzmanes\/wp-json\/wp\/v2\/pages\/1066"}],"collection":[{"href":"https:\/\/blogsaverroes.juntadeandalucia.es\/iestorrredelosguzmanes\/wp-json\/wp\/v2\/pages"}],"about":[{"href":"https:\/\/blogsaverroes.juntadeandalucia.es\/iestorrredelosguzmanes\/wp-json\/wp\/v2\/types\/page"}],"author":[{"embeddable":true,"href":"https:\/\/blogsaverroes.juntadeandalucia.es\/iestorrredelosguzmanes\/wp-json\/wp\/v2\/users\/13735"}],"replies":[{"embeddable":true,"href":"https:\/\/blogsaverroes.juntadeandalucia.es\/iestorrredelosguzmanes\/wp-json\/wp\/v2\/comments?post=1066"}],"version-history":[{"count":12,"href":"https:\/\/blogsaverroes.juntadeandalucia.es\/iestorrredelosguzmanes\/wp-json\/wp\/v2\/pages\/1066\/revisions"}],"predecessor-version":[{"id":2893,"href":"https:\/\/blogsaverroes.juntadeandalucia.es\/iestorrredelosguzmanes\/wp-json\/wp\/v2\/pages\/1066\/revisions\/2893"}],"wp:attachment":[{"href":"https:\/\/blogsaverroes.juntadeandalucia.es\/iestorrredelosguzmanes\/wp-json\/wp\/v2\/media?parent=1066"}],"curies":[{"name":"wp","href":"https:\/\/api.w.org\/{rel}","templated":true}]}}

Geografía e Historia

<p>Miembros del Departamento de Geografía e Historia:</p>
<ul>
<li>Jefe de Departamento:&nbsp;D. Javier Gil Carrasco.</li>
<li>D. José Miguel Clavijo Rodríguez.</li>
<li>Dña. Mª José Carbonell Carbonell.</li>
<li>Dña. Isadora Romero Gálvez.</li>
<li>D. Jesús Clavijo Urbano.</li>
<li>Dña. Mª Jesús Jiménez Copete.</li>
</ul>
<p><a href="https://blogsaverroes.juntadeandalucia.es/iestorrredelosguzmanes/files/2026/01/Geografia_e_Historia_Programacion-General_AnexoI_IIyIII_2025-2026.pdf">Geografía_e_Historia_Programación 2025-2026</a></p>
<h3>Imágenes Relacionadas:</h3>

<p>Miembros del Departamento de Geografía e Historia: Jefe de Departamento:&nbsp;D. Javier Gil Carrasco. D. José Miguel Clavijo Rodríguez. Dña. Mª José Carbonell Carbonell. Dña. Isadora Romero Gálvez. D. Jesús Clavijo Urbano. Dña. Mª Jesús Jiménez Copete. Geografía_e_Historia_Programación 2025-2026 Imágenes Relacionadas:</p>
