{"id":1068,"date":"2022-04-09T13:03:35","date_gmt":"2022-04-09T12:03:35","guid":{"rendered":"https:\/\/blogsaverroes.juntadeandalucia.es\/iestorrredelosguzmanes\/?page_id=1068"},"modified":"2026-01-14T19:33:35","modified_gmt":"2026-01-14T18:33:35","slug":"ingles","status":"publish","type":"page","link":"https:\/\/blogsaverroes.juntadeandalucia.es\/iestorrredelosguzmanes\/ingles\/","title":{"rendered":"Ingl\u00e9s"},"content":{"rendered":"<p>Miembros del Departamento de ingl\u00e9s:<\/p>\n<ul>\n<li>Jefa de Departamento: D\u00f1a. Mar\u00eda Francisca Sales Delgado.<\/li>\n<li>D\u00f1a. \u00c1ngela Ruiz Rabad\u00e1n.<\/li>\n<li>D\u00f1a.Carmen M\u00aa Sales Delgado.<\/li>\n<li>D\u00f1a. Inmaculada Concepci\u00f3n Ramos Mor\u00e1n.<\/li>\n<li>D\u00f1a. Roc\u00edo Gonz\u00e1lez Porcel.<\/li>\n<li>D\u00f1a. Judith Blasco Trapero.<\/li>\n<li>D\u00f1a. Roc\u00edo Navas Romero.<\/li>\n<\/ul>\n<p><a href=\"https:\/\/blogsaverroes.juntadeandalucia.es\/iestorrredelosguzmanes\/files\/2026\/01\/Programacion-Dpto.-Ingles-Curso-2025-26.pdf\">Programacio\u0301n Dpto. Ingle\u0301s Curso 2025-26<\/a><\/p>\n<p>GHOSTLY LOVE<\/p>\n<div class=\"h5p-content\" data-content-id=\"6\"><\/div>\n<p>THE HAUNTED SELFIE<\/p>\n<div class=\"h5p-content\" data-content-id=\"7\"><\/div>\n<p>BORN TO REGRET<\/p>\n<div class=\"h5p-content\" data-content-id=\"8\"><\/div>\n<p>IN THE BLINK OF AN EYE<\/p>\n<div class=\"h5p-content\" data-content-id=\"9\"><\/div>\n<div class=\"h5p-iframe-wrapper\"><iframe id=\"h5p-iframe-11\" class=\"h5p-iframe\" data-content-id=\"11\" style=\"height:1px\" src=\"about:blank\" frameBorder=\"0\" scrolling=\"no\" title=\"COMICS\"><\/iframe><\/div>\n<h3>Im\u00e1genes Relacionadas:<\/h3>","protected":false},"excerpt":{"rendered":"<p>Miembros del Departamento de ingl\u00e9s: Jefa de Departamento: D\u00f1a. Mar\u00eda Francisca Sales Delgado. D\u00f1a. \u00c1ngela Ruiz Rabad\u00e1n. D\u00f1a.Carmen M\u00aa Sales Delgado. D\u00f1a. Inmaculada Concepci\u00f3n Ramos Mor\u00e1n. D\u00f1a. Roc\u00edo Gonz\u00e1lez Porcel. D\u00f1a. Judith Blasco Trapero. D\u00f1a. Roc\u00edo Navas Romero. Programacio\u0301n Dpto. Ingle\u0301s Curso 2025-26 GHOSTLY LOVE THE HAUNTED SELFIE BORN TO&#46;&#46;&#46;<\/p>\n","protected":false},"author":13735,"featured_media":0,"parent":0,"menu_order":0,"comment_status":"closed","ping_status":"closed","template":"","meta":{"ngg_post_thumbnail":0,"footnotes":""},"aioseo_notices":[],"_links":{"self":[{"href":"https:\/\/blogsaverroes.juntadeandalucia.es\/iestorrredelosguzmanes\/wp-json\/wp\/v2\/pages\/1068"}],"collection":[{"href":"https:\/\/blogsaverroes.juntadeandalucia.es\/iestorrredelosguzmanes\/wp-json\/wp\/v2\/pages"}],"about":[{"href":"https:\/\/blogsaverroes.juntadeandalucia.es\/iestorrredelosguzmanes\/wp-json\/wp\/v2\/types\/page"}],"author":[{"embeddable":true,"href":"https:\/\/blogsaverroes.juntadeandalucia.es\/iestorrredelosguzmanes\/wp-json\/wp\/v2\/users\/13735"}],"replies":[{"embeddable":true,"href":"https:\/\/blogsaverroes.juntadeandalucia.es\/iestorrredelosguzmanes\/wp-json\/wp\/v2\/comments?post=1068"}],"version-history":[{"count":20,"href":"https:\/\/blogsaverroes.juntadeandalucia.es\/iestorrredelosguzmanes\/wp-json\/wp\/v2\/pages\/1068\/revisions"}],"predecessor-version":[{"id":2882,"href":"https:\/\/blogsaverroes.juntadeandalucia.es\/iestorrredelosguzmanes\/wp-json\/wp\/v2\/pages\/1068\/revisions\/2882"}],"wp:attachment":[{"href":"https:\/\/blogsaverroes.juntadeandalucia.es\/iestorrredelosguzmanes\/wp-json\/wp\/v2\/media?parent=1068"}],"curies":[{"name":"wp","href":"https:\/\/api.w.org\/{rel}","templated":true}]}}