{"id":1078,"date":"2022-04-09T13:05:08","date_gmt":"2022-04-09T12:05:08","guid":{"rendered":"https:\/\/blogsaverroes.juntadeandalucia.es\/iestorrredelosguzmanes\/?page_id=1078"},"modified":"2026-01-14T19:51:33","modified_gmt":"2026-01-14T18:51:33","slug":"tecnologia","status":"publish","type":"page","link":"https:\/\/blogsaverroes.juntadeandalucia.es\/iestorrredelosguzmanes\/tecnologia\/","title":{"rendered":"Tecnolog\u00eda"},"content":{"rendered":"<p>Miembros del Departamento de Tecnolog\u00eda:<\/p>\n<ul>\n<li>Jefe de Departamento:&nbsp;D. Rafael Jos\u00e9 Guijarro.<\/li>\n<li>D\u00f1a. Isabel M\u00aa Mart\u00edn Moreno.<\/li>\n<li>D. Carlos Montes Funes.<\/li>\n<li>D\u00f1a. Laura Orcha Garc\u00eda.<\/li>\n<li>D. Miguel \u00c1ngel de Benito Samaniego.<\/li>\n<\/ul>\n<p><a href=\"https:\/\/blogsaverroes.juntadeandalucia.es\/iestorrredelosguzmanes\/files\/2026\/01\/PROGRAMACIONES-DIDACTICAS-DEPARTAMENTO-TECNOLOGIA-2025-2026-2.pdf\">PROGRAMACIONES DIDA\u0301CTICAS DEPARTAMENTO TECNOLOGI\u0301A 2025-2026<\/a><\/p>\n<h3>Im\u00e1genes Relacionadas:<\/h3>","protected":false},"excerpt":{"rendered":"<p>Miembros del Departamento de Tecnolog\u00eda: Jefe de Departamento:&nbsp;D. Rafael Jos\u00e9 Guijarro. D\u00f1a. Isabel M\u00aa Mart\u00edn Moreno. D. Carlos Montes Funes. D\u00f1a. Laura Orcha Garc\u00eda. D. Miguel \u00c1ngel de Benito Samaniego. PROGRAMACIONES DIDA\u0301CTICAS DEPARTAMENTO TECNOLOGI\u0301A 2025-2026 Im\u00e1genes Relacionadas:<\/p>\n","protected":false},"author":13735,"featured_media":0,"parent":0,"menu_order":0,"comment_status":"closed","ping_status":"closed","template":"","meta":{"ngg_post_thumbnail":0,"footnotes":""},"aioseo_notices":[],"_links":{"self":[{"href":"https:\/\/blogsaverroes.juntadeandalucia.es\/iestorrredelosguzmanes\/wp-json\/wp\/v2\/pages\/1078"}],"collection":[{"href":"https:\/\/blogsaverroes.juntadeandalucia.es\/iestorrredelosguzmanes\/wp-json\/wp\/v2\/pages"}],"about":[{"href":"https:\/\/blogsaverroes.juntadeandalucia.es\/iestorrredelosguzmanes\/wp-json\/wp\/v2\/types\/page"}],"author":[{"embeddable":true,"href":"https:\/\/blogsaverroes.juntadeandalucia.es\/iestorrredelosguzmanes\/wp-json\/wp\/v2\/users\/13735"}],"replies":[{"embeddable":true,"href":"https:\/\/blogsaverroes.juntadeandalucia.es\/iestorrredelosguzmanes\/wp-json\/wp\/v2\/comments?post=1078"}],"version-history":[{"count":12,"href":"https:\/\/blogsaverroes.juntadeandalucia.es\/iestorrredelosguzmanes\/wp-json\/wp\/v2\/pages\/1078\/revisions"}],"predecessor-version":[{"id":2896,"href":"https:\/\/blogsaverroes.juntadeandalucia.es\/iestorrredelosguzmanes\/wp-json\/wp\/v2\/pages\/1078\/revisions\/2896"}],"wp:attachment":[{"href":"https:\/\/blogsaverroes.juntadeandalucia.es\/iestorrredelosguzmanes\/wp-json\/wp\/v2\/media?parent=1078"}],"curies":[{"name":"wp","href":"https:\/\/api.w.org\/{rel}","templated":true}]}}