{"id":1170,"date":"2022-04-09T14:28:31","date_gmt":"2022-04-09T13:28:31","guid":{"rendered":"https:\/\/blogsaverroes.juntadeandalucia.es\/iestorrredelosguzmanes\/?page_id=1170"},"modified":"2025-09-14T15:50:53","modified_gmt":"2025-09-14T14:50:53","slug":"junta-delegados","status":"publish","type":"page","link":"https:\/\/blogsaverroes.juntadeandalucia.es\/iestorrredelosguzmanes\/junta-delegados\/","title":{"rendered":"Junta de Delegados"},"content":{"rendered":"<p>Estar\u00e1 formada por los delegados\/as de grupo y por los representantes de alumnos del Consejo Escolar.<\/p>\n<p>Las funciones de la Junta de Delegados\/as ser\u00e1n las siguientes:<\/p>\n<p>a) En caso de problemas que afecten a m\u00e1s de un grupo o a todo el alumnado, transmitir las correspondientes sugerencias y\/o reclamaciones a los representantes del alumnado en el Consejo Escolar, para que las expongan en dicho \u00f3rgano colegiado (si est\u00e1 cercana su pr\u00f3xima reuni\u00f3n), o en su caso a la Direcci\u00f3n del Centro.<\/p>\n<p>b) Recibir de los representantes del alumnado en el Consejo Escolar informaci\u00f3n sobre los temas tratados y acuerdos adoptados en la \u00faltima sesi\u00f3n de dicho \u00f3rgano colegiado, y transmitirla a los alumnos de su grupo.<\/p>\n<p>c) Informar a los alumnos de las actividades de la Junta.<\/p>\n<p>d) Colaborar con los \u00f3rganos de gobierno y de coordinaci\u00f3n del Centro en los siguientes aspectos:<\/p>\n<ul>\n<li>Elevar propuestas para la elaboraci\u00f3n y revisi\u00f3n anual del Plan de Centro.<\/li>\n<li>Elevar propuestas para la elaboraci\u00f3n de la Memoria de autoevaluaci\u00f3n.<\/li>\n<li>Elaborar informes al Consejo Escolar por iniciativa propia o a petici\u00f3n de \u00e9ste.<\/li>\n<li>Simulacro de desalojo del Centro.<\/li>\n<li>Propuesta de actividades complementarias y extraescolares.<\/li>\n<li>Plan de Acogida del nuevo alumnado.<\/li>\n<\/ul>\n<p>e) Elegir de entre sus miembros, por mayor\u00eda simple, al Delegado\/a y al subdelegado\/a de los alumnos\/as del Centro.<\/p>\n<p>f) Informar a la Direcci\u00f3n y coordinar las actividades de protesta del alumnado, ateni\u00e9ndose a lo previsto en el Proyecto Educativo.<\/p>\n<h3>Im\u00e1genes Relacionadas:<\/h3>","protected":false},"excerpt":{"rendered":"<p>Estar\u00e1 formada por los delegados\/as de grupo y por los representantes de alumnos del Consejo Escolar. Las funciones de la Junta de Delegados\/as ser\u00e1n las siguientes: a) En caso de problemas que afecten a m\u00e1s de un grupo o a todo el alumnado, transmitir las correspondientes sugerencias y\/o reclamaciones a&#46;&#46;&#46;<\/p>\n","protected":false},"author":13735,"featured_media":0,"parent":0,"menu_order":0,"comment_status":"closed","ping_status":"closed","template":"","meta":{"ngg_post_thumbnail":0,"footnotes":""},"aioseo_notices":[],"_links":{"self":[{"href":"https:\/\/blogsaverroes.juntadeandalucia.es\/iestorrredelosguzmanes\/wp-json\/wp\/v2\/pages\/1170"}],"collection":[{"href":"https:\/\/blogsaverroes.juntadeandalucia.es\/iestorrredelosguzmanes\/wp-json\/wp\/v2\/pages"}],"about":[{"href":"https:\/\/blogsaverroes.juntadeandalucia.es\/iestorrredelosguzmanes\/wp-json\/wp\/v2\/types\/page"}],"author":[{"embeddable":true,"href":"https:\/\/blogsaverroes.juntadeandalucia.es\/iestorrredelosguzmanes\/wp-json\/wp\/v2\/users\/13735"}],"replies":[{"embeddable":true,"href":"https:\/\/blogsaverroes.juntadeandalucia.es\/iestorrredelosguzmanes\/wp-json\/wp\/v2\/comments?post=1170"}],"version-history":[{"count":2,"href":"https:\/\/blogsaverroes.juntadeandalucia.es\/iestorrredelosguzmanes\/wp-json\/wp\/v2\/pages\/1170\/revisions"}],"predecessor-version":[{"id":2556,"href":"https:\/\/blogsaverroes.juntadeandalucia.es\/iestorrredelosguzmanes\/wp-json\/wp\/v2\/pages\/1170\/revisions\/2556"}],"wp:attachment":[{"href":"https:\/\/blogsaverroes.juntadeandalucia.es\/iestorrredelosguzmanes\/wp-json\/wp\/v2\/media?parent=1170"}],"curies":[{"name":"wp","href":"https:\/\/api.w.org\/{rel}","templated":true}]}}