{"id":1172,"date":"2022-04-09T14:28:46","date_gmt":"2022-04-09T13:28:46","guid":{"rendered":"https:\/\/blogsaverroes.juntadeandalucia.es\/iestorrredelosguzmanes\/?page_id=1172"},"modified":"2025-12-10T16:24:07","modified_gmt":"2025-12-10T15:24:07","slug":"becas","status":"publish","type":"page","link":"https:\/\/blogsaverroes.juntadeandalucia.es\/iestorrredelosguzmanes\/becas\/","title":{"rendered":"Becas"},"content":{"rendered":"<p><a href=\"https:\/\/www.juntadeandalucia.es\/educacion\/becasweb\/consultawebbecas\/\" target=\"_blank\" rel=\"noopener noreferrer\">Enlace a consultas sobre el estado de una beca<\/a><\/p>\n<p><a href=\"https:\/\/www.juntadeandalucia.es\/educacion\/portals\/web\/becas-y-ayudas\" target=\"_blank\" rel=\"noopener noreferrer\">Portal de becas y ayudas de la Junta de Andaluc\u00eda<\/a><\/p>\n<p><a href=\"https:\/\/blogsaverroes.juntadeandalucia.es\/iestorrredelosguzmanes\/files\/2024\/01\/BECAS-EUROPA.pdf\">BECAS EUROPA<\/a>.<\/p>\n<p>Consultar tambi\u00e9n el tabl\u00f3n de anuncios en PASEN.<\/p>\n<p>Convocatorias recientes (se tramitan on line):<\/p>\n<p>Ayudas individualizadas al transporte: PLAZO: 06 dic 2025 &#8211; 05 ene 2026<\/p>\n<p>Becas Adriano: PLAZO: 06 dic 2025 &#8211; 05 ene 2026<\/p>\n<p>Becas 6000: PLAZO: 05 dic 2025 &#8211; 05 ene 2026<\/p>\n<p>Becas Segunda Oportunidad: PLAZO: 06 dic 2025 &#8211; 05 ene 2026<\/p>\n<h3>Im\u00e1genes Relacionadas:<\/h3>","protected":false},"excerpt":{"rendered":"<p>Enlace a consultas sobre el estado de una beca Portal de becas y ayudas de la Junta de Andaluc\u00eda BECAS EUROPA. Consultar tambi\u00e9n el tabl\u00f3n de anuncios en PASEN. Convocatorias recientes (se tramitan on line): Ayudas individualizadas al transporte: PLAZO: 06 dic 2025 &#8211; 05 ene 2026 Becas Adriano: PLAZO:&#46;&#46;&#46;<\/p>\n","protected":false},"author":13735,"featured_media":0,"parent":0,"menu_order":0,"comment_status":"closed","ping_status":"closed","template":"","meta":{"ngg_post_thumbnail":0,"footnotes":""},"aioseo_notices":[],"_links":{"self":[{"href":"https:\/\/blogsaverroes.juntadeandalucia.es\/iestorrredelosguzmanes\/wp-json\/wp\/v2\/pages\/1172"}],"collection":[{"href":"https:\/\/blogsaverroes.juntadeandalucia.es\/iestorrredelosguzmanes\/wp-json\/wp\/v2\/pages"}],"about":[{"href":"https:\/\/blogsaverroes.juntadeandalucia.es\/iestorrredelosguzmanes\/wp-json\/wp\/v2\/types\/page"}],"author":[{"embeddable":true,"href":"https:\/\/blogsaverroes.juntadeandalucia.es\/iestorrredelosguzmanes\/wp-json\/wp\/v2\/users\/13735"}],"replies":[{"embeddable":true,"href":"https:\/\/blogsaverroes.juntadeandalucia.es\/iestorrredelosguzmanes\/wp-json\/wp\/v2\/comments?post=1172"}],"version-history":[{"count":7,"href":"https:\/\/blogsaverroes.juntadeandalucia.es\/iestorrredelosguzmanes\/wp-json\/wp\/v2\/pages\/1172\/revisions"}],"predecessor-version":[{"id":2808,"href":"https:\/\/blogsaverroes.juntadeandalucia.es\/iestorrredelosguzmanes\/wp-json\/wp\/v2\/pages\/1172\/revisions\/2808"}],"wp:attachment":[{"href":"https:\/\/blogsaverroes.juntadeandalucia.es\/iestorrredelosguzmanes\/wp-json\/wp\/v2\/media?parent=1172"}],"curies":[{"name":"wp","href":"https:\/\/api.w.org\/{rel}","templated":true}]}}