{"id":1259,"date":"2022-04-09T15:34:24","date_gmt":"2022-04-09T14:34:24","guid":{"rendered":"https:\/\/blogsaverroes.juntadeandalucia.es\/iestorrredelosguzmanes\/?page_id=1259"},"modified":"2025-06-10T18:30:28","modified_gmt":"2025-06-10T17:30:28","slug":"onda-guzmanes","status":"publish","type":"page","link":"https:\/\/blogsaverroes.juntadeandalucia.es\/iestorrredelosguzmanes\/onda-guzmanes\/","title":{"rendered":"Onda Guzmanes"},"content":{"rendered":"<p>NUESTRO CANAL EN&nbsp;<a class=\"customize-unpreviewable\" href=\"https:\/\/open.spotify.com\/show\/2Mc7ZSbf80OZ2cUswXK3W1\">SPOTIFY<\/a>.<\/p>\n<p>No te pierdas los podcast de Onda Guzmanes Radio.<\/p>\n<p>En el enlace tienes todos los programas.<\/p>\n<p>Tambi\u00e9n clicando en la imagen.<\/p>\n<p><a href=\"https:\/\/open.spotify.com\/show\/2Mc7ZSbf80OZ2cUswXK3W1\"><img fetchpriority=\"high\" decoding=\"async\" class=\"alignnone wp-image-1444 size-medium\" src=\"https:\/\/blogsaverroes.juntadeandalucia.es\/iestorrredelosguzmanes\/files\/2022\/10\/PHOTO-2022-02-17-08-04-44-176x300.jpg\" alt=\"\" width=\"176\" height=\"300\" srcset=\"https:\/\/blogsaverroes.juntadeandalucia.es\/iestorrredelosguzmanes\/files\/2022\/10\/PHOTO-2022-02-17-08-04-44-176x300.jpg 176w, https:\/\/blogsaverroes.juntadeandalucia.es\/iestorrredelosguzmanes\/files\/2022\/10\/PHOTO-2022-02-17-08-04-44.jpg 602w\" sizes=\"(max-width: 176px) 100vw, 176px\" \/><\/a><\/p>\n<h2>ENTREVISTAS DE LA SEMANA CULTURAL<a href=\"https:\/\/blogsaverroes.juntadeandalucia.es\/iestorrredelosguzmanes\/files\/2025\/05\/cartel-semana-cultural-torre-guzmanes-2025_page-0001.jpg\"><img decoding=\"async\" class=\" wp-image-2365 alignright\" src=\"https:\/\/blogsaverroes.juntadeandalucia.es\/iestorrredelosguzmanes\/files\/2025\/05\/cartel-semana-cultural-torre-guzmanes-2025_page-0001-212x300.jpg\" alt=\"\" width=\"190\" height=\"269\" srcset=\"https:\/\/blogsaverroes.juntadeandalucia.es\/iestorrredelosguzmanes\/files\/2025\/05\/cartel-semana-cultural-torre-guzmanes-2025_page-0001-212x300.jpg 212w, https:\/\/blogsaverroes.juntadeandalucia.es\/iestorrredelosguzmanes\/files\/2025\/05\/cartel-semana-cultural-torre-guzmanes-2025_page-0001-725x1024.jpg 725w, https:\/\/blogsaverroes.juntadeandalucia.es\/iestorrredelosguzmanes\/files\/2025\/05\/cartel-semana-cultural-torre-guzmanes-2025_page-0001-768x1085.jpg 768w, https:\/\/blogsaverroes.juntadeandalucia.es\/iestorrredelosguzmanes\/files\/2025\/05\/cartel-semana-cultural-torre-guzmanes-2025_page-0001-1087x1536.jpg 1087w, https:\/\/blogsaverroes.juntadeandalucia.es\/iestorrredelosguzmanes\/files\/2025\/05\/cartel-semana-cultural-torre-guzmanes-2025_page-0001.jpg 1241w\" sizes=\"(max-width: 190px) 100vw, 190px\" \/><\/a><\/h2>\n<p>Durante la semana cultural nuestras reporteras de Onda Guzmanes Radio han estado investigando qu\u00e9 actividades hab\u00eda y c\u00f3mo se han desarrollado, adem\u00e1s de recabar las opiniones de alumnado y profesorado sobre la experiencia.<\/p>\n<p>&nbsp;<\/p>\n<h2>\u00a1FINALISTAS!<\/h2>\n<p>Nuestro equipo de radio decidi\u00f3 presentar un podcast al V concurso de microteatro radiof\u00f3nico convocado por Onda Olimpo de la UPO. Acudimos al acto de entrega que estuvo presidido por al vicerrectora de la universidad acompa\u00f1ada de la decana de Humanidades y las profesoras que dirigen Radio Olilmpo y el grupo Furor Bacchicus teatro.<\/p>\n<p>Aqu\u00ed os dejamos el audio, RADIO CARTAGO. Esperamos que os guste.<\/p>\n<!--[if lt IE 9]><script>document.createElement('audio');<\/script><![endif]-->\n<audio class=\"wp-audio-shortcode\" id=\"audio-1259-1\" preload=\"none\" style=\"width: 100%;\" controls=\"controls\"><source type=\"audio\/mpeg\" src=\"https:\/\/blogsaverroes.juntadeandalucia.es\/iestorrredelosguzmanes\/files\/2025\/06\/Radio-Cartago-2.mp3?_=1\" \/><a href=\"https:\/\/blogsaverroes.juntadeandalucia.es\/iestorrredelosguzmanes\/files\/2025\/06\/Radio-Cartago-2.mp3\">https:\/\/blogsaverroes.juntadeandalucia.es\/iestorrredelosguzmanes\/files\/2025\/06\/Radio-Cartago-2.mp3<\/a><\/audio>\n<h3>Im\u00e1genes Relacionadas:<\/h3>","protected":false},"excerpt":{"rendered":"<p>NUESTRO CANAL EN&nbsp;SPOTIFY. No te pierdas los podcast de Onda Guzmanes Radio. En el enlace tienes todos los programas. Tambi\u00e9n clicando en la imagen. ENTREVISTAS DE LA SEMANA CULTURAL Durante la semana cultural nuestras reporteras de Onda Guzmanes Radio han estado investigando qu\u00e9 actividades hab\u00eda y c\u00f3mo se han desarrollado,&#46;&#46;&#46;<\/p>\n","protected":false},"author":13735,"featured_media":0,"parent":0,"menu_order":0,"comment_status":"closed","ping_status":"closed","template":"","meta":{"ngg_post_thumbnail":0,"footnotes":""},"aioseo_notices":[],"_links":{"self":[{"href":"https:\/\/blogsaverroes.juntadeandalucia.es\/iestorrredelosguzmanes\/wp-json\/wp\/v2\/pages\/1259"}],"collection":[{"href":"https:\/\/blogsaverroes.juntadeandalucia.es\/iestorrredelosguzmanes\/wp-json\/wp\/v2\/pages"}],"about":[{"href":"https:\/\/blogsaverroes.juntadeandalucia.es\/iestorrredelosguzmanes\/wp-json\/wp\/v2\/types\/page"}],"author":[{"embeddable":true,"href":"https:\/\/blogsaverroes.juntadeandalucia.es\/iestorrredelosguzmanes\/wp-json\/wp\/v2\/users\/13735"}],"replies":[{"embeddable":true,"href":"https:\/\/blogsaverroes.juntadeandalucia.es\/iestorrredelosguzmanes\/wp-json\/wp\/v2\/comments?post=1259"}],"version-history":[{"count":9,"href":"https:\/\/blogsaverroes.juntadeandalucia.es\/iestorrredelosguzmanes\/wp-json\/wp\/v2\/pages\/1259\/revisions"}],"predecessor-version":[{"id":1263,"href":"https:\/\/blogsaverroes.juntadeandalucia.es\/iestorrredelosguzmanes\/wp-json\/wp\/v2\/pages\/1259\/revisions\/1263"}],"wp:attachment":[{"href":"https:\/\/blogsaverroes.juntadeandalucia.es\/iestorrredelosguzmanes\/wp-json\/wp\/v2\/media?parent=1259"}],"curies":[{"name":"wp","href":"https:\/\/api.w.org\/{rel}","templated":true}]}}

<p>NUESTRO CANAL EN&nbsp;<a class="customize-unpreviewable" href="https://open.spotify.com/show/2Mc7ZSbf80OZ2cUswXK3W1">SPOTIFY</a>.</p>
<p>No te pierdas los podcast de Onda Guzmanes Radio.</p>
<p>En el enlace tienes todos los programas.</p>
<p>También clicando en la imagen.</p>
<p><a href="https://open.spotify.com/show/2Mc7ZSbf80OZ2cUswXK3W1"><img fetchpriority="high" decoding="async" class="alignnone wp-image-1444 size-medium" src="https://blogsaverroes.juntadeandalucia.es/iestorrredelosguzmanes/files/2022/10/PHOTO-2022-02-17-08-04-44-176x300.jpg" alt="" width="176" height="300" srcset="https://blogsaverroes.juntadeandalucia.es/iestorrredelosguzmanes/files/2022/10/PHOTO-2022-02-17-08-04-44-176x300.jpg 176w, https://blogsaverroes.juntadeandalucia.es/iestorrredelosguzmanes/files/2022/10/PHOTO-2022-02-17-08-04-44.jpg 602w" sizes="(max-width: 176px) 100vw, 176px" /></a></p>
<h2>ENTREVISTAS DE LA SEMANA CULTURAL<a href="https://blogsaverroes.juntadeandalucia.es/iestorrredelosguzmanes/files/2025/05/cartel-semana-cultural-torre-guzmanes-2025_page-0001.jpg"><img decoding="async" class=" wp-image-2365 alignright" src="https://blogsaverroes.juntadeandalucia.es/iestorrredelosguzmanes/files/2025/05/cartel-semana-cultural-torre-guzmanes-2025_page-0001-212x300.jpg" alt="" width="190" height="269" srcset="https://blogsaverroes.juntadeandalucia.es/iestorrredelosguzmanes/files/2025/05/cartel-semana-cultural-torre-guzmanes-2025_page-0001-212x300.jpg 212w, https://blogsaverroes.juntadeandalucia.es/iestorrredelosguzmanes/files/2025/05/cartel-semana-cultural-torre-guzmanes-2025_page-0001-725x1024.jpg 725w, https://blogsaverroes.juntadeandalucia.es/iestorrredelosguzmanes/files/2025/05/cartel-semana-cultural-torre-guzmanes-2025_page-0001-768x1085.jpg 768w, https://blogsaverroes.juntadeandalucia.es/iestorrredelosguzmanes/files/2025/05/cartel-semana-cultural-torre-guzmanes-2025_page-0001-1087x1536.jpg 1087w, https://blogsaverroes.juntadeandalucia.es/iestorrredelosguzmanes/files/2025/05/cartel-semana-cultural-torre-guzmanes-2025_page-0001.jpg 1241w" sizes="(max-width: 190px) 100vw, 190px" /></a></h2>
<p>Durante la semana cultural nuestras reporteras de Onda Guzmanes Radio han estado investigando qué actividades había y cómo se han desarrollado, además de recabar las opiniones de alumnado y profesorado sobre la experiencia.</p>
<p>&nbsp;</p>
<h2>¡FINALISTAS!</h2>
<p>Nuestro equipo de radio decidió presentar un podcast al V concurso de microteatro radiofónico convocado por Onda Olimpo de la UPO. Acudimos al acto de entrega que estuvo presidido por al vicerrectora de la universidad acompañada de la decana de Humanidades y las profesoras que dirigen Radio Olilmpo y el grupo Furor Bacchicus teatro.</p>
<p>Aquí os dejamos el audio, RADIO CARTAGO. Esperamos que os guste.</p>
<!--[if lt IE 9]><script>document.createElement('audio');</script><![endif]-->
<audio class="wp-audio-shortcode" id="audio-1259-1" preload="none" style="width: 100%;" controls="controls"><source type="audio/mpeg" src="https://blogsaverroes.juntadeandalucia.es/iestorrredelosguzmanes/files/2025/06/Radio-Cartago-2.mp3?_=1" /><a href="https://blogsaverroes.juntadeandalucia.es/iestorrredelosguzmanes/files/2025/06/Radio-Cartago-2.mp3">https://blogsaverroes.juntadeandalucia.es/iestorrredelosguzmanes/files/2025/06/Radio-Cartago-2.mp3</a></audio>
<h3>Imágenes Relacionadas:</h3>

<p>NUESTRO CANAL EN&nbsp;SPOTIFY. No te pierdas los podcast de Onda Guzmanes Radio. En el enlace tienes todos los programas. También clicando en la imagen. ENTREVISTAS DE LA SEMANA CULTURAL Durante la semana cultural nuestras reporteras de Onda Guzmanes Radio han estado investigando qué actividades había y cómo se han desarrollado,&#46;&#46;&#46;</p>
