{"id":1779,"date":"2018-06-24T10:15:50","date_gmt":"2018-06-24T10:15:50","guid":{"rendered":"http:\/\/instituto.iestrassierra.net\/?page_id=1779"},"modified":"2018-06-24T10:15:50","modified_gmt":"2018-06-24T10:15:50","slug":"equipo-directivo","status":"publish","type":"page","link":"https:\/\/blogsaverroes.juntadeandalucia.es\/iestrassierra\/equipo-directivo\/","title":{"rendered":"Equipo Directivo"},"content":{"rendered":"\n<div class=\"wp-block-columns is-layout-flex wp-container-core-columns-layout-1 wp-block-columns-is-layout-flex\">\n<div class=\"wp-block-column is-layout-flow wp-block-column-is-layout-flow\" style=\"flex-basis:100%\">\n<figure class=\"wp-block-table is-style-stripes\"><table class=\"has-subtle-pale-pink-background-color has-background\"><tbody><tr><td><strong>Director:<\/strong><\/td><td>Jos\u00e9 Rafael Due\u00f1as Alcaide<br><a href=\"mailto:direccion@iestrassierra.com\">direccion@iestrassierra.com<\/a><\/td><\/tr><tr><td><strong>Vicedirectora:<\/strong><\/td><td>Mar\u00eda Victoria Fern\u00e1ndez Herrero<br><a href=\"mailto:subdireccion@iestrassierra.com\">subdireccion@iestrassierra.com<\/a><\/td><\/tr><tr><td><strong>Secretario\/Administrador:<\/strong><\/td><td>Jos\u00e9 Manuel Luque Espinosa<br><a href=\"mailto:secretaria@iestrassierra.com\">secretaria@iestrassierra.com<\/a><\/td><\/tr><tr><td><strong>Jefa de Estudios:<\/strong><\/td><td>Olga M\u00aa Aguilera Sillero<br><a href=\"mailto:jediurno@iestrassierra.com\">jediurno@iestrassierra.com<\/a><\/td><\/tr><tr><td><strong>Adjunto a J. de Estudios (diurno):<\/strong><\/td><td>Salvador P\u00e9rez Jorge<br><a href=\"mailto:jediurno@iestrassierra.com\">jediurno@iestrassierra.com<\/a><\/td><\/tr><tr><td><strong><strong>Jefa de Estudios:<\/strong><\/strong><\/td><td>Mar\u00eda Isabel Delgado L\u00f3pez<br><a href=\"mailto:jediurno@iestrassierra.com\">jediurno@iestrassierra.com<\/a><\/td><\/tr><tr><td><strong>Adjunto a J. de Estudios (diurno):<\/strong><\/td><td>Francisco P\u00e9rez Rold\u00e1n<br><a href=\"mailto:jediurno@iestrassierra.com\">jediurno@iestrassierra.com<\/a><\/td><\/tr><tr><td><strong>Adjunta a J. de Estudios (adultos):<\/strong><\/td><td>Mar\u00eda Anselma Alcaide Ciudad<br><a href=\"mailto:jenocturno@iestrassierra.com\">jenocturno@iestrassierra.com<\/a><\/td><\/tr><\/tbody><\/table><\/figure>\n<\/div>\n<\/div>\n\n\n\n<div class=\"wp-block-columns is-layout-flex wp-container-core-columns-layout-2 wp-block-columns-is-layout-flex\">\n<div class=\"wp-block-column is-layout-flow wp-block-column-is-layout-flow\" style=\"flex-basis:100%\">\n<div class=\"wp-block-group is-layout-flow wp-block-group-is-layout-flow\"><div class=\"wp-block-group__inner-container\"><\/div><\/div>\n<\/div>\n<\/div>\n","protected":false},"excerpt":{"rendered":"<p>Director: Jos\u00e9 Rafael Due\u00f1as Alcaidedireccion@iestrassierra.com Vicedirectora: Mar\u00eda Victoria Fern\u00e1ndez Herrerosubdireccion@iestrassierra.com Secretario\/Administrador: Jos\u00e9 Manuel Luque Espinosasecretaria@iestrassierra.com Jefa de Estudios: Olga M\u00aa Aguilera Sillerojediurno@iestrassierra.com Adjunto a J. de Estudios (diurno): Salvador P\u00e9rez Jorgejediurno@iestrassierra.com Jefa de Estudios: Mar\u00eda Isabel Delgado L\u00f3pezjediurno@iestrassierra.com Adjunto a J. de Estudios (diurno): Francisco P\u00e9rez Rold\u00e1njediurno@iestrassierra.com Adjunta a J. de Estudios (adultos): Mar\u00eda Anselma [&hellip;]<\/p>\n","protected":false},"author":11007,"featured_media":0,"parent":0,"menu_order":0,"comment_status":"closed","ping_status":"closed","template":"","meta":{"_et_pb_use_builder":"","_et_pb_old_content":"","_et_gb_content_width":"","ngg_post_thumbnail":0,"footnotes":""},"aioseo_notices":[],"_links":{"self":[{"href":"https:\/\/blogsaverroes.juntadeandalucia.es\/iestrassierra\/wp-json\/wp\/v2\/pages\/1779"}],"collection":[{"href":"https:\/\/blogsaverroes.juntadeandalucia.es\/iestrassierra\/wp-json\/wp\/v2\/pages"}],"about":[{"href":"https:\/\/blogsaverroes.juntadeandalucia.es\/iestrassierra\/wp-json\/wp\/v2\/types\/page"}],"author":[{"embeddable":true,"href":"https:\/\/blogsaverroes.juntadeandalucia.es\/iestrassierra\/wp-json\/wp\/v2\/users\/11007"}],"replies":[{"embeddable":true,"href":"https:\/\/blogsaverroes.juntadeandalucia.es\/iestrassierra\/wp-json\/wp\/v2\/comments?post=1779"}],"version-history":[{"count":0,"href":"https:\/\/blogsaverroes.juntadeandalucia.es\/iestrassierra\/wp-json\/wp\/v2\/pages\/1779\/revisions"}],"wp:attachment":[{"href":"https:\/\/blogsaverroes.juntadeandalucia.es\/iestrassierra\/wp-json\/wp\/v2\/media?parent=1779"}],"curies":[{"name":"wp","href":"https:\/\/api.w.org\/{rel}","templated":true}]}}

<div class="wp-block-columns is-layout-flex wp-container-core-columns-layout-1 wp-block-columns-is-layout-flex">
<div class="wp-block-column is-layout-flow wp-block-column-is-layout-flow" style="flex-basis:100%">
<figure class="wp-block-table is-style-stripes"><table class="has-subtle-pale-pink-background-color has-background"><tbody><tr><td><strong>Director:</strong></td><td>José Rafael Dueñas Alcaide<br><a href="mailto:direccion@iestrassierra.com">direccion@iestrassierra.com</a></td></tr><tr><td><strong>Vicedirectora:</strong></td><td>María Victoria Fernández Herrero<br><a href="mailto:subdireccion@iestrassierra.com">subdireccion@iestrassierra.com</a></td></tr><tr><td><strong>Secretario/Administrador:</strong></td><td>José Manuel Luque Espinosa<br><a href="mailto:secretaria@iestrassierra.com">secretaria@iestrassierra.com</a></td></tr><tr><td><strong>Jefa de Estudios:</strong></td><td>Olga Mª Aguilera Sillero<br><a href="mailto:jediurno@iestrassierra.com">jediurno@iestrassierra.com</a></td></tr><tr><td><strong>Adjunto a J. de Estudios (diurno):</strong></td><td>Salvador Pérez Jorge<br><a href="mailto:jediurno@iestrassierra.com">jediurno@iestrassierra.com</a></td></tr><tr><td><strong><strong>Jefa de Estudios:</strong></strong></td><td>María Isabel Delgado López<br><a href="mailto:jediurno@iestrassierra.com">jediurno@iestrassierra.com</a></td></tr><tr><td><strong>Adjunto a J. de Estudios (diurno):</strong></td><td>Francisco Pérez Roldán<br><a href="mailto:jediurno@iestrassierra.com">jediurno@iestrassierra.com</a></td></tr><tr><td><strong>Adjunta a J. de Estudios (adultos):</strong></td><td>María Anselma Alcaide Ciudad<br><a href="mailto:jenocturno@iestrassierra.com">jenocturno@iestrassierra.com</a></td></tr></tbody></table></figure>
</div>
</div>



<div class="wp-block-columns is-layout-flex wp-container-core-columns-layout-2 wp-block-columns-is-layout-flex">
<div class="wp-block-column is-layout-flow wp-block-column-is-layout-flow" style="flex-basis:100%">
<div class="wp-block-group is-layout-flow wp-block-group-is-layout-flow"><div class="wp-block-group__inner-container"></div></div>
</div>
</div>

<p>Director: José Rafael Dueñas Alcaidedireccion@iestrassierra.com Vicedirectora: María Victoria Fernández Herrerosubdireccion@iestrassierra.com Secretario/Administrador: José Manuel Luque Espinosasecretaria@iestrassierra.com Jefa de Estudios: Olga Mª Aguilera Sillerojediurno@iestrassierra.com Adjunto a J. de Estudios (diurno): Salvador Pérez Jorgejediurno@iestrassierra.com Jefa de Estudios: María Isabel Delgado Lópezjediurno@iestrassierra.com Adjunto a J. de Estudios (diurno): Francisco Pérez Roldánjediurno@iestrassierra.com Adjunta a J. de Estudios (adultos): María Anselma [&hellip;]</p>
