{"id":1904,"date":"2018-06-25T13:57:25","date_gmt":"2018-06-25T13:57:25","guid":{"rendered":"http:\/\/instituto.iestrassierra.net\/?page_id=1904"},"modified":"2018-06-25T13:57:25","modified_gmt":"2018-06-25T13:57:25","slug":"educacion-secundaria-para-personas-adultas","status":"publish","type":"page","link":"https:\/\/blogsaverroes.juntadeandalucia.es\/iestrassierra\/educacion-secundaria-para-personas-adultas\/","title":{"rendered":"EDUCACI\u00d3N SECUNDARIA PARA PERSONAS ADULTAS"},"content":{"rendered":"\n<table style=\"border-collapse: collapse;width: 100%\" border=\"0\">\n<tbody>\n<tr>\n<td style=\"width: 50%;border-style: hidden\">\u00a0<\/td>\n<td style=\"width: 50%;border-style: hidden\"><a href=\"http:\/\/www.iestrassierra.com\/compulsory-secondary-education-for-adult-people-espa\/\"><img loading=\"lazy\" decoding=\"async\" class=\"alignright wp-image-2383\" src=\"http:\/\/www.iestrassierra.com\/wp-content\/uploads\/2019\/05\/uk-300x300.png\" alt=\"\" width=\"47\" height=\"47\" \/><\/a><a title=\"M\u00e1s informaci\u00f3n\" href=\"http:\/\/instituto.iestrassierra.net\/alumnado\/curso1718\/DAW\/atinoco\/wp-content\/uploads\/2011\/05\/images_trassierra_carteles_Cartel_ESPA.pdf\" target=\"_blank\" rel=\"noopener noreferrer\"><img loading=\"lazy\" decoding=\"async\" class=\" alignright  wp-image-772\" style=\"float: right\" src=\"http:\/\/instituto.iestrassierra.net\/alumnado\/curso1718\/DAW\/atinoco\/wp-content\/uploads\/2013\/06\/images_trassierra_logoInfo.png\" alt=\"M\u00e1s informaci\u00f3n\" width=\"44\" height=\"44\" \/><\/a>\n<a href=\"https:\/\/youtu.be\/EJSHcKvdxw8\"><img loading=\"lazy\" decoding=\"async\" class=\"wp-image-2489 alignright\" src=\"http:\/\/www.iestrassierra.com\/wp-content\/uploads\/2019\/05\/video-300x300.png\" alt=\"\" width=\"51\" height=\"51\" srcset=\"https:\/\/blogsaverroes.juntadeandalucia.es\/iestrassierra\/files\/2019\/05\/video-300x300.png 300w, https:\/\/blogsaverroes.juntadeandalucia.es\/iestrassierra\/files\/2019\/05\/video-150x150.png 150w, https:\/\/blogsaverroes.juntadeandalucia.es\/iestrassierra\/files\/2019\/05\/video-480x480.png 480w, https:\/\/blogsaverroes.juntadeandalucia.es\/iestrassierra\/files\/2019\/05\/video.png 512w\" sizes=\"(max-width: 51px) 100vw, 51px\" \/><\/a><\/td>\n<\/tr>\n<\/tbody>\n<\/table>\n<p>La Educaci\u00f3n Secundaria para Personas Adultas (ESPA), supone una adaptaci\u00f3n a los estudios de ESO, especialmente dise\u00f1ada para facilitar a las personas adutas la obtenci\u00f3n del t\u00edtulo de Secundaria.<\/p>\n<p>En nuestro Instituto, la ESPA se imparte en <strong>r\u00e9gimen semipresencial<\/strong> que requiere la asistencia de 2 tardes a la semana en horario de 18:00 a 22:05 horas. El resto de las horas el alumnado trabaja desde casa con un ordenador con conexi\u00f3n a Internet, realizando las actividades propuestas por el profesorado, el cual realiza una tutorizaci\u00f3n on-line.<\/p>\n<p style=\"text-align: justify\"><strong>Requisitos:<\/strong><\/p>\n<p style=\"text-align: justify\">Con car\u00e1cter general, para solicitar plaza en r\u00e9gimen de adultos es necesario <strong>tener cumplidos los 18 a\u00f1os<\/strong> de edad dentro del a\u00f1o natural, o los 16 en supuestos excepcionales (deportista de alto rendimiento, trabajador, discapacidad, ..), Adem\u00e1s se exigen uno de los siguientes requisitos acad\u00e9micos:<\/p>\n<p><strong>Primer ciclo. Nivel I.<\/strong><\/p>\n<p>* Haber superado el Plan Educativo de Formaci\u00f3n B\u00e1sica o equivalente.<br \/>* Haber cursado la ESO sin haber promocionado a 3\u00ba de ESO o al nivel 2 de la ESPA.<br \/>* Por el resultado de la prueba de nivel.<\/p>\n<p><strong>Segundo ciclo. Nivel II.<\/strong><\/p>\n<p>* T\u00edtulo de Graduado Escolar.<br \/>* Haber superado 2\u00ba de ESO o el Primer nivel de la ESPA.<br \/>* Por el resultado de la prueba de nivel.<\/p>\n<p>La prueba de nivel se realiza en junio y septiembre y permite asignar al nivel adecuado al alumnado solicitante que no aporta certificado de estudios requerido.<\/p>\n<p style=\"text-align: justify\">Esta ense\u00f1anza no se estructura en asignaturas sino en \u00e1mbitos (agrupaci\u00f3n de materias).Cada \u00e1mbito se divide en 3 m\u00f3dulos que coinciden con los trimestres. Cuando el alumno\/a supera un m\u00f3dulo lo tiene aprobado definitivamente no teniendo que cursarlo m\u00e1s.<\/p>\n<p>La <strong>estructura<\/strong> es la siguiente:<\/p>\n<table class=\"MsoTableGrid\" style=\"border-collapse: collapse;height: 432px\" border=\"1\" width=\"350\" cellspacing=\"0\" cellpadding=\"0\">\n<tbody>\n<tr>\n<td style=\"border: solid windowtext 1.0pt;background: #cacaf6;padding: 0cm 5.4pt 0cm 5.4pt\" rowspan=\"13\" valign=\"top\">\n<p class=\"MsoNormal\"><span style=\"font-size: 10.0pt\"><strong>ESPA Nivel I<\/strong><\/span><\/p>\n<\/td>\n<td style=\"border: solid windowtext 1.0pt;border-left: none;background: #cacaf6;padding: 0cm 5.4pt 0cm 5.4pt\" valign=\"top\">\n<p class=\"MsoNormal\"><span style=\"font-size: 10.0pt\"><b>\u00c1mbitos y m\u00f3dulos<\/b><\/span><\/p>\n<\/td>\n<td style=\"border: solid windowtext 1.0pt;border-left: none;background: #cacaf6;padding: 0cm 5.4pt 0cm 5.4pt\" valign=\"top\">\n<p class=\"MsoNormal\" style=\"text-align: center\" align=\"center\"><span style=\"font-size: 10.0pt\"><b>H.\/sem<\/b><\/span><\/p>\n<\/td>\n<\/tr>\n<tr>\n<td style=\"border-top: none;border-left: none;border-bottom: solid windowtext 1.0pt;border-right: solid windowtext 1.0pt;background: #cacaf6;padding: 0cm 5.4pt 0cm 5.4pt\" valign=\"top\">\n<p class=\"MsoNormal\"><span style=\"font-size: 10.0pt\"><b>\u00c1mbito Social<\/b><\/span><\/p>\n<\/td>\n<td style=\"border-top: none;border-left: none;border-bottom: solid windowtext 1.0pt;border-right: solid windowtext 1.0pt;background: #cacaf6;padding: 0cm 5.4pt 0cm 5.4pt\" valign=\"top\">\n<p class=\"MsoNormal\" style=\"text-align: center\" align=\"center\"><span style=\"font-size: 10.0pt\"><b>2<\/b><\/span><\/p>\n<\/td>\n<\/tr>\n<tr>\n<td style=\"border-top: none;border-left: none;border-bottom: solid windowtext 1.0pt;border-right: solid windowtext 1.0pt;padding: 0cm 5.4pt 0cm 5.4pt\" valign=\"top\">\n<p class=\"MsoNormal\"><span style=\"font-size: 10.0pt\"> ASO Modulo 1<\/span><\/p>\n<\/td>\n<td style=\"border-top: none;border-left: none;border-bottom: solid windowtext 1.0pt;border-right: solid windowtext 1.0pt;padding: 0cm 5.4pt 0cm 5.4pt\" rowspan=\"3\" valign=\"top\">\n<p class=\"MsoNormal\" style=\"text-align: center\" align=\"center\">\u00a0<\/p>\n<\/td>\n<\/tr>\n<tr>\n<td style=\"border-top: none;border-left: none;border-bottom: solid windowtext 1.0pt;border-right: solid windowtext 1.0pt;padding: 0cm 5.4pt 0cm 5.4pt\" valign=\"top\">\n<p class=\"MsoNormal\"><span style=\"font-size: 10.0pt\"> ASO Modulo 2<\/span><\/p>\n<\/td>\n<\/tr>\n<tr>\n<td style=\"border-top: none;border-left: none;border-bottom: solid windowtext 1.0pt;border-right: solid windowtext 1.0pt;padding: 0cm 5.4pt 0cm 5.4pt\" valign=\"top\">\n<p class=\"MsoNormal\"><span style=\"font-size: 10.0pt\"> ASO Modulo 3<\/span><\/p>\n<\/td>\n<\/tr>\n<tr>\n<td style=\"border-top: none;border-left: none;border-bottom: solid windowtext 1.0pt;border-right: solid windowtext 1.0pt;background: #cacaf6;padding: 0cm 5.4pt 0cm 5.4pt\" valign=\"top\">\n<p class=\"MsoNormal\"><span style=\"font-size: 10.0pt\"><b>\u00c1mbito Cient\u00edfico Tecnol\u00f3gico<\/b><\/span><\/p>\n<\/td>\n<td style=\"border-top: none;border-left: none;border-bottom: solid windowtext 1.0pt;border-right: solid windowtext 1.0pt;background: #cacaf6;padding: 0cm 5.4pt 0cm 5.4pt\" valign=\"top\">\n<p class=\"MsoNormal\" style=\"text-align: center\" align=\"center\"><span style=\"font-size: 10.0pt\"><b>3<\/b><\/span><\/p>\n<\/td>\n<\/tr>\n<tr>\n<td style=\"border-top: none;border-left: none;border-bottom: solid windowtext 1.0pt;border-right: solid windowtext 1.0pt;padding: 0cm 5.4pt 0cm 5.4pt\" valign=\"top\">\n<p class=\"MsoNormal\"><span style=\"font-size: 10.0pt\"> ACT Modulo 1<\/span><\/p>\n<\/td>\n<td style=\"border-top: none;border-left: none;border-bottom: solid windowtext 1.0pt;border-right: solid windowtext 1.0pt;padding: 0cm 5.4pt 0cm 5.4pt\" rowspan=\"3\" valign=\"top\">\n<p class=\"MsoNormal\" style=\"text-align: center\" align=\"center\">\u00a0<\/p>\n<\/td>\n<\/tr>\n<tr>\n<td style=\"border-top: none;border-left: none;border-bottom: solid windowtext 1.0pt;border-right: solid windowtext 1.0pt;padding: 0cm 5.4pt 0cm 5.4pt\" valign=\"top\">\n<p class=\"MsoNormal\"><span style=\"font-size: 10.0pt\"> ACT Modulo 2<\/span><\/p>\n<\/td>\n<\/tr>\n<tr>\n<td style=\"border-top: none;border-left: none;border-bottom: solid windowtext 1.0pt;border-right: solid windowtext 1.0pt;padding: 0cm 5.4pt 0cm 5.4pt\" valign=\"top\">\n<p class=\"MsoNormal\"><span style=\"font-size: 10.0pt\"> ACT Modulo 3<\/span><\/p>\n<\/td>\n<\/tr>\n<tr>\n<td style=\"border-top: none;border-left: none;border-bottom: solid windowtext 1.0pt;border-right: solid windowtext 1.0pt;background: #cacaf6;padding: 0cm 5.4pt 0cm 5.4pt\" valign=\"top\">\n<p class=\"MsoNormal\"><span style=\"font-size: 10.0pt\"><b>\u00c1mbito de Comunicaci\u00f3n<\/b><\/span><\/p>\n<\/td>\n<td style=\"border-top: none;border-left: none;border-bottom: solid windowtext 1.0pt;border-right: solid windowtext 1.0pt;background: #cacaf6;padding: 0cm 5.4pt 0cm 5.4pt\" valign=\"top\">\n<p class=\"MsoNormal\" style=\"text-align: center\" align=\"center\"><span style=\"font-size: 10.0pt\"><b>3<\/b><\/span><\/p>\n<\/td>\n<\/tr>\n<tr>\n<td style=\"border-top: none;border-left: none;border-bottom: solid windowtext 1.0pt;border-right: solid windowtext 1.0pt;padding: 0cm 5.4pt 0cm 5.4pt\" valign=\"top\">\n<p class=\"MsoNormal\"><span style=\"font-size: 10.0pt\"> ACO Modulo 1<\/span><\/p>\n<\/td>\n<td style=\"border-top: none;border-left: none;border-bottom: solid windowtext 1.0pt;border-right: solid windowtext 1.0pt;padding: 0cm 5.4pt 0cm 5.4pt\" rowspan=\"3\" valign=\"top\">\n<p class=\"MsoNormal\" style=\"text-align: center\" align=\"center\">\u00a0<\/p>\n<\/td>\n<\/tr>\n<tr>\n<td style=\"border-top: none;border-left: none;border-bottom: solid windowtext 1.0pt;border-right: solid windowtext 1.0pt;padding: 0cm 5.4pt 0cm 5.4pt\" valign=\"top\">\n<p class=\"MsoNormal\"><span style=\"font-size: 10.0pt\"> ACO Modulo 2<\/span><\/p>\n<\/td>\n<\/tr>\n<tr>\n<td style=\"border-top: none;border-left: none;border-bottom: solid windowtext 1.0pt;border-right: solid windowtext 1.0pt;padding: 0cm 5.4pt 0cm 5.4pt\" valign=\"top\">\n<p class=\"MsoNormal\"><span style=\"font-size: 10.0pt\"> ACO Modulo 3<\/span><\/p>\n<\/td>\n<\/tr>\n<\/tbody>\n<\/table>\n<table class=\"MsoTableGrid\" style=\"border-collapse: collapse;height: 457px\" border=\"1\" width=\"350\" cellspacing=\"0\" cellpadding=\"0\">\n<tbody>\n<tr>\n<td style=\"border: solid windowtext 1.0pt;background: #cacaf6;padding: 0cm 5.4pt 0cm 5.4pt\" rowspan=\"13\" valign=\"top\">\n<p class=\"MsoNormal\" style=\"margin-right: -5.4pt\"><span style=\"font-size: 10.0pt\"><b>ESPA Nivel II<\/b><\/span><\/p>\n<\/td>\n<td style=\"border: solid windowtext 1.0pt;border-left: none;background: #cacaf6;padding: 0cm 5.4pt 0cm 5.4pt\" valign=\"top\">\n<p class=\"MsoNormal\"><span style=\"font-size: 10.0pt\"><b>\u00c1mbitos y m\u00f3dulos<\/span><\/b><\/p>\n<\/td>\n<td style=\"border: solid windowtext 1.0pt;border-left: none;background: #cacaf6;padding: 0cm 5.4pt 0cm 5.4pt\" valign=\"top\">\n<p class=\"MsoNormal\" style=\"text-align: center\" align=\"center\"><span style=\"font-size: 10.0pt\"><b>H.\/sem.<\/b><\/span><\/p>\n<\/td>\n<\/tr>\n<tr>\n<td style=\"border-top: none;border-left: none;border-bottom: solid windowtext 1.0pt;border-right: solid windowtext 1.0pt;background: #cacaf6;padding: 0cm 5.4pt 0cm 5.4pt\" valign=\"top\">\n<p class=\"MsoNormal\"><span style=\"font-size: 10.0pt\"><b>\u00c1mbito Social<\/b><\/span><\/p>\n<\/td>\n<td style=\"border-top: none;border-left: none;border-bottom: solid windowtext 1.0pt;border-right: solid windowtext 1.0pt;background: #cacaf6;padding: 0cm 5.4pt 0cm 5.4pt\" valign=\"top\">\n<p class=\"MsoNormal\" style=\"text-align: center\" align=\"center\"><span style=\"font-size: 10.0pt\"><b>2<\/b><\/span><\/p>\n<\/td>\n<\/tr>\n<tr>\n<td style=\"border-top: none;border-left: none;border-bottom: solid windowtext 1.0pt;border-right: solid windowtext 1.0pt;padding: 0cm 5.4pt 0cm 5.4pt\" valign=\"top\">\n<p class=\"MsoNormal\"><span style=\"font-size: 10.0pt\"> ASO Modulo 4<\/span><\/p>\n<\/td>\n<td style=\"border-top: none;border-left: none;border-bottom: solid windowtext 1.0pt;border-right: solid windowtext 1.0pt;padding: 0cm 5.4pt 0cm 5.4pt\" rowspan=\"3\" valign=\"top\">\n<p class=\"MsoNormal\" style=\"text-align: center\" align=\"center\">\u00a0<\/p>\n<\/td>\n<\/tr>\n<tr>\n<td style=\"border-top: none;border-left: none;border-bottom: solid windowtext 1.0pt;border-right: solid windowtext 1.0pt;padding: 0cm 5.4pt 0cm 5.4pt\" valign=\"top\">\n<p class=\"MsoNormal\"><span style=\"font-size: 10.0pt\"> ASO Modulo 5<\/span><\/p>\n<\/td>\n<\/tr>\n<tr>\n<td style=\"border-top: none;border-left: none;border-bottom: solid windowtext 1.0pt;border-right: solid windowtext 1.0pt;padding: 0cm 5.4pt 0cm 5.4pt\" valign=\"top\">\n<p class=\"MsoNormal\"><span style=\"font-size: 10.0pt\"> ASO Modulo 6<\/span><\/p>\n<\/td>\n<\/tr>\n<tr>\n<td style=\"border-top: none;border-left: none;border-bottom: solid windowtext 1.0pt;border-right: solid windowtext 1.0pt;background: #cacaf6;padding: 0cm 5.4pt 0cm 5.4pt\" valign=\"top\">\n<p class=\"MsoNormal\"><span style=\"font-size: 10.0pt\"><b>\u00c1mbito Cient\u00edfico Tecnol\u00f3gico<\/b><\/span><\/p>\n<\/td>\n<td style=\"border-top: none;border-left: none;border-bottom: solid windowtext 1.0pt;border-right: solid windowtext 1.0pt;background: #cacaf6;padding: 0cm 5.4pt 0cm 5.4pt\" valign=\"top\">\n<p class=\"MsoNormal\" style=\"text-align: center\" align=\"center\"><span style=\"font-size: 10.0pt\"><b>3<\/b><\/span><\/p>\n<\/td>\n<\/tr>\n<tr>\n<td style=\"border-top: none;border-left: none;border-bottom: solid windowtext 1.0pt;border-right: solid windowtext 1.0pt;padding: 0cm 5.4pt 0cm 5.4pt\" valign=\"top\">\n<p class=\"MsoNormal\"><span style=\"font-size: 10.0pt\"> ACT Modulo 4<\/span><\/p>\n<\/td>\n<td style=\"border-top: none;border-left: none;border-bottom: solid windowtext 1.0pt;border-right: solid windowtext 1.0pt;padding: 0cm 5.4pt 0cm 5.4pt\" rowspan=\"3\" valign=\"top\">\n<p class=\"MsoNormal\" style=\"text-align: center\" align=\"center\">\u00a0<\/p>\n<\/td>\n<\/tr>\n<tr>\n<td style=\"border-top: none;border-left: none;border-bottom: solid windowtext 1.0pt;border-right: solid windowtext 1.0pt;padding: 0cm 5.4pt 0cm 5.4pt\" valign=\"top\">\n<p class=\"MsoNormal\"><span style=\"font-size: 10.0pt\"> ACT Modulo 5<\/span><\/p>\n<\/td>\n<\/tr>\n<tr>\n<td style=\"border-top: none;border-left: none;border-bottom: solid windowtext 1.0pt;border-right: solid windowtext 1.0pt;padding: 0cm 5.4pt 0cm 5.4pt\" valign=\"top\">\n<p class=\"MsoNormal\"><span style=\"font-size: 10.0pt\"> ACT Modulo 6<\/span><\/p>\n<\/td>\n<\/tr>\n<tr>\n<td style=\"border-top: none;border-left: none;border-bottom: solid windowtext 1.0pt;border-right: solid windowtext 1.0pt;background: #cacaf6;padding: 0cm 5.4pt 0cm 5.4pt\" valign=\"top\">\n<p class=\"MsoNormal\"><span style=\"font-size: 10.0pt\"><b>\u00c1mbito de Comunicaci\u00f3n<\/b><\/span><\/p>\n<\/td>\n<td style=\"border-top: none;border-left: none;border-bottom: solid windowtext 1.0pt;border-right: solid windowtext 1.0pt;background: #cacaf6;padding: 0cm 5.4pt 0cm 5.4pt\" valign=\"top\">\n<p class=\"MsoNormal\" style=\"text-align: center\" align=\"center\"><span style=\"font-size: 10.0pt\"><b>3<\/b><\/span><\/p>\n<\/td>\n<\/tr>\n<tr>\n<td style=\"border-top: none;border-left: none;border-bottom: solid windowtext 1.0pt;border-right: solid windowtext 1.0pt;padding: 0cm 5.4pt 0cm 5.4pt\" valign=\"top\">\n<p class=\"MsoNormal\"><span style=\"font-size: 10.0pt\"> ACO Modulo 4<\/span><\/p>\n<\/td>\n<td style=\"border-top: none;border-left: none;border-bottom: solid windowtext 1.0pt;border-right: solid windowtext 1.0pt;padding: 0cm 5.4pt 0cm 5.4pt\" rowspan=\"3\" valign=\"top\">\n<p class=\"MsoNormal\" style=\"text-align: center\" align=\"center\">\u00a0<\/p>\n<\/td>\n<\/tr>\n<tr>\n<td style=\"border-top: none;border-left: none;border-bottom: solid windowtext 1.0pt;border-right: solid windowtext 1.0pt;padding: 0cm 5.4pt 0cm 5.4pt\" valign=\"top\">\n<p class=\"MsoNormal\"><span style=\"font-size: 10.0pt\"> ACO Modulo 5<\/span><\/p>\n<\/td>\n<\/tr>\n<tr>\n<td style=\"border-top: none;border-left: none;border-bottom: solid windowtext 1.0pt;border-right: solid windowtext 1.0pt;padding: 0cm 5.4pt 0cm 5.4pt\" valign=\"top\">\n<p class=\"MsoNormal\"><span style=\"font-size: 10.0pt\"> ACO Modulo 6<\/span><\/p>\n<\/td>\n<\/tr>\n<\/tbody>\n<\/table>\n<p><strong>Metodolog\u00eda<\/strong><\/p>\n<p>Seg\u00fan la ORDEN de 10 de agosto de 2007, por la que se regula la Educaci\u00f3n Secundaria Obligatoria para Personas Adultas en el Art\u00edculo 16, se establece:<\/p>\n<ol>\n<li>Esta modalidad de ense\u00f1anza se llevar\u00e1 a cabo mediante la combinaci\u00f3n de per\u00edodos o sesiones lectivas de car\u00e1cter presencial y otras actividades de seguimiento del alumnado que tendr\u00e1n para \u00e9ste car\u00e1cter no presencial.<\/li>\n<li>Las actividades de seguimiento del alumnado de car\u00e1cter no presencial se llevar\u00e1n a cabo, preferentemente, mediante el uso de las tecnolog\u00edas de la informaci\u00f3n y la comunicaci\u00f3n, a trav\u00e9s de una plataforma educativa virtual de aprendizaje creada a tal efecto por la Consejer\u00eda de Educaci\u00f3n para la modalidad semipresencial.<\/li>\n<li>En la evaluaci\u00f3n del aprendizaje del alumnado que realiza estudios de educaci\u00f3n secundaria obligatoria para personas adultas en esta modalidad se tendr\u00e1n en cuenta, adem\u00e1s de los resultados de las pruebas presenciales parciales, la realizaci\u00f3n de tareas propuestas, el grado y calidad de las participaciones en los foros tem\u00e1ticos propuestos y cualesquiera otros elementos contemplados en las respectivas programaciones did\u00e1cticas.<\/li>\n<li>Las sesiones lectivas presenciales, que tendr\u00e1n car\u00e1cter colectivo, se dedicar\u00e1n, fundamentalmente, a cuestiones generales relacionadas con la planificaci\u00f3n de cada m\u00f3dulo y \u00e1mbito, y a dar las directrices y orientaciones necesarias para un buen aprovechamiento de los mismos.<\/li>\n<li>Se desarrollar\u00e1n semanalmente ocho sesiones lectivas presenciales de una hora de duraci\u00f3n, distribuidas de lunes a viernes en horarios que faciliten, en la medida de lo posible, una mayor asistencia de alumnado, con la siguiente distribuci\u00f3n:<\/li>\n<\/ol>\n<p style=\"padding-left: 60px\">a) \u00c1mbito Cient\u00edfico-Tecnol\u00f3gico: 3 sesiones.<br \/>b) \u00c1mbito de Comunicaci\u00f3n: 3 sesiones, en las que se har\u00e1 especial \u00e9nfasis en la pr\u00e1ctica activa de las destrezas orales y comprensivas.<br \/>c) \u00c1mbito Social: 2 sesiones.<\/p>\n<p><strong>CRITERIOS DE CALIFICACI\u00d3N.-<\/strong><\/p>\n<p>En estas ense\u00f1anzas, cada uno de los m\u00f3dulos en los que se divide cada \u00e1mbito, ser\u00e1 calificado con los siguientes criterios:<\/p>\n<ul>\n<li>* Ex\u00e1menes &#8230;.. 50 % , con una nota m\u00ednima de 3 par aprobar el m\u00f3dulo.<strong><br \/><\/strong><\/li>\n<li>* Tareas &#8230;&#8230;&#8230;. 40 %<\/li>\n<li>* Actitud &#8230;&#8230;&#8230;. 10 %<\/li>\n<\/ul>\n<p><strong>M\u00e1s informaci\u00f3n:<\/strong><\/p>\n<ul>\n<li><a href=\"http:\/\/instituto.iestrassierra.net\/alumnado\/curso1718\/DAW\/atinoco\/wp-content\/uploads\/2011\/05\/www.adideandalucia.es_normas_ordenes_Orden-10-8-2007-Regula-ESA.pdf\"> ** Orden que regula la ESPA<\/a>.-<\/li>\n<li>** <a title=\"Guia acogida del alumnado\" href=\"http:\/\/instituto.iestrassierra.net\/alumnado\/curso1718\/DAW\/atinoco\/wp-content\/uploads\/2011\/05\/images_trassierra_pdf_Espa_acogida_alumnado.pdf\" target=\"_blank\" rel=\"noopener noreferrer\">Documento de acogida del alumnado.<\/a><\/li>\n<li>** <a title=\"Videos\" href=\"http:\/\/adultosgala.wixsite.com\/acogida\/gua-rpida\" target=\"_blank\" rel=\"noopener noreferrer\">V\u00eddeos gu\u00eda.<\/a><\/li>\n<li>** <a href=\"http:\/\/www.juntadeandalucia.es\/educacion\/permanente\/materiales\/index.php\" target=\"_blank\" rel=\"noopener noreferrer\">Materiales Agrega<\/a><\/li>\n<\/ul>\n","protected":false},"excerpt":{"rendered":"<p>\u00a0 La Educaci\u00f3n Secundaria para Personas Adultas (ESPA), supone una adaptaci\u00f3n a los estudios de ESO, especialmente dise\u00f1ada para facilitar a las personas adutas la obtenci\u00f3n del t\u00edtulo de Secundaria. En nuestro Instituto, la ESPA se imparte en r\u00e9gimen semipresencial que requiere la asistencia de 2 tardes a la semana en horario de 18:00 a [&hellip;]<\/p>\n","protected":false},"author":11007,"featured_media":0,"parent":0,"menu_order":0,"comment_status":"closed","ping_status":"closed","template":"","meta":{"_et_pb_use_builder":"","_et_pb_old_content":"","_et_gb_content_width":"","ngg_post_thumbnail":0,"footnotes":""},"aioseo_notices":[],"_links":{"self":[{"href":"https:\/\/blogsaverroes.juntadeandalucia.es\/iestrassierra\/wp-json\/wp\/v2\/pages\/1904"}],"collection":[{"href":"https:\/\/blogsaverroes.juntadeandalucia.es\/iestrassierra\/wp-json\/wp\/v2\/pages"}],"about":[{"href":"https:\/\/blogsaverroes.juntadeandalucia.es\/iestrassierra\/wp-json\/wp\/v2\/types\/page"}],"author":[{"embeddable":true,"href":"https:\/\/blogsaverroes.juntadeandalucia.es\/iestrassierra\/wp-json\/wp\/v2\/users\/11007"}],"replies":[{"embeddable":true,"href":"https:\/\/blogsaverroes.juntadeandalucia.es\/iestrassierra\/wp-json\/wp\/v2\/comments?post=1904"}],"version-history":[{"count":0,"href":"https:\/\/blogsaverroes.juntadeandalucia.es\/iestrassierra\/wp-json\/wp\/v2\/pages\/1904\/revisions"}],"wp:attachment":[{"href":"https:\/\/blogsaverroes.juntadeandalucia.es\/iestrassierra\/wp-json\/wp\/v2\/media?parent=1904"}],"curies":[{"name":"wp","href":"https:\/\/api.w.org\/{rel}","templated":true}]}}