{"id":170,"date":"2015-03-17T07:55:32","date_gmt":"2015-03-17T07:55:32","guid":{"rendered":"http:\/\/blogsaverroes.juntadeandalucia.es\/pre\/ceip\/?page_id=170"},"modified":"2022-11-28T12:32:07","modified_gmt":"2022-11-28T12:32:07","slug":"biologia-y-geologia-2","status":"publish","type":"page","link":"https:\/\/blogsaverroes.juntadeandalucia.es\/iestriana\/biologia-y-geologia-2\/","title":{"rendered":"Biolog\u00eda y Geolog\u00eda"},"content":{"rendered":"<p><strong>PROGRAMACI\u00d3N DEL DEPARTAMENTO. (PULSA EN EL ENLACE SIGUIENTE)<\/strong><\/p>\n<p><a href=\"https:\/\/www.dropbox.com\/scl\/fo\/4483c68kjkdaccgyjsdme\/h?dl=0&amp;rlkey=5h68xxtug7th7562sbqngv3rg\" target=\"_blank\" rel=\"noopener noreferrer\">PROGRAMACI\u00d3N DEPARTAMENTO BIOLOG\u00cdA Y GEOLOG\u00cdA<\/a><\/p>\n<p>&nbsp;<\/p>\n","protected":false},"excerpt":{"rendered":"<p>PROGRAMACI\u00d3N DEL DEPARTAMENTO. (PULSA EN EL ENLACE SIGUIENTE) PROGRAMACI\u00d3N DEPARTAMENTO BIOLOG\u00cdA Y GEOLOG\u00cdA &nbsp;<\/p>\n","protected":false},"author":1,"featured_media":0,"parent":0,"menu_order":0,"comment_status":"open","ping_status":"open","template":"","meta":{"ngg_post_thumbnail":0,"footnotes":"","_mc_calendar":[]},"aioseo_notices":[],"_links":{"self":[{"href":"https:\/\/blogsaverroes.juntadeandalucia.es\/iestriana\/wp-json\/wp\/v2\/pages\/170"}],"collection":[{"href":"https:\/\/blogsaverroes.juntadeandalucia.es\/iestriana\/wp-json\/wp\/v2\/pages"}],"about":[{"href":"https:\/\/blogsaverroes.juntadeandalucia.es\/iestriana\/wp-json\/wp\/v2\/types\/page"}],"author":[{"embeddable":true,"href":"https:\/\/blogsaverroes.juntadeandalucia.es\/iestriana\/wp-json\/wp\/v2\/users\/1"}],"replies":[{"embeddable":true,"href":"https:\/\/blogsaverroes.juntadeandalucia.es\/iestriana\/wp-json\/wp\/v2\/comments?post=170"}],"version-history":[{"count":39,"href":"https:\/\/blogsaverroes.juntadeandalucia.es\/iestriana\/wp-json\/wp\/v2\/pages\/170\/revisions"}],"predecessor-version":[{"id":5898,"href":"https:\/\/blogsaverroes.juntadeandalucia.es\/iestriana\/wp-json\/wp\/v2\/pages\/170\/revisions\/5898"}],"wp:attachment":[{"href":"https:\/\/blogsaverroes.juntadeandalucia.es\/iestriana\/wp-json\/wp\/v2\/media?parent=170"}],"curies":[{"name":"wp","href":"https:\/\/api.w.org\/{rel}","templated":true}]}}

Biología y Geología

<p><strong>PROGRAMACIÓN DEL DEPARTAMENTO. (PULSA EN EL ENLACE SIGUIENTE)</strong></p>
<p><a href="https://www.dropbox.com/scl/fo/4483c68kjkdaccgyjsdme/h?dl=0&amp;rlkey=5h68xxtug7th7562sbqngv3rg" target="_blank" rel="noopener noreferrer">PROGRAMACIÓN DEPARTAMENTO BIOLOGÍA Y GEOLOGÍA</a></p>
<p>&nbsp;</p>

<p>PROGRAMACIÓN DEL DEPARTAMENTO. (PULSA EN EL ENLACE SIGUIENTE) PROGRAMACIÓN DEPARTAMENTO BIOLOGÍA Y GEOLOGÍA &nbsp;</p>
