{"id":172,"date":"2015-03-17T07:55:49","date_gmt":"2015-03-17T07:55:49","guid":{"rendered":"http:\/\/blogsaverroes.juntadeandalucia.es\/pre\/ceip\/?page_id=172"},"modified":"2022-11-28T13:11:38","modified_gmt":"2022-11-28T13:11:38","slug":"fisica-y-quimica","status":"publish","type":"page","link":"https:\/\/blogsaverroes.juntadeandalucia.es\/iestriana\/fisica-y-quimica\/","title":{"rendered":"F\u00edsica y Qu\u00edmica"},"content":{"rendered":"<p><strong>PROGRAMACI\u00d3N DEL DEPARTAMENTO<\/strong><\/p>\n<p>RECURSOS en Internet de Carmen Portillo Escalera (profesora jubilada del Departamento)<\/p>\n<p style=\"padding-left: 40px\"><a href=\"https:\/\/sites.google.com\/site\/quimica2cpor\/\">2\u00ba Bachillerato Qu\u00edmica: apuntes y ejercicios<\/a><\/p>\n<p style=\"padding-left: 40px\"><a href=\"https:\/\/sites.google.com\/site\/1obachilleratofisicayquimica\/\">1\u00ba de bachillerato: apuntes y ejercicios<\/a><\/p>\n<p style=\"padding-left: 40px\"><a href=\"https:\/\/sites.google.com\/site\/fisicaquimica4oesocpe\/\">4\u00ba E.S.O. apuntes y ejercicios<\/a><\/p>\n<p style=\"padding-left: 40px\"><a href=\"https:\/\/sites.google.com\/site\/2labfyq\/\">Laboratorio<\/a><\/p>\n","protected":false},"excerpt":{"rendered":"<p>PROGRAMACI\u00d3N DEL DEPARTAMENTO RECURSOS en Internet de Carmen Portillo Escalera (profesora jubilada del Departamento) 2\u00ba Bachillerato Qu\u00edmica: apuntes y ejercicios 1\u00ba de bachillerato: apuntes y ejercicios 4\u00ba E.S.O. apuntes y ejercicios Laboratorio<\/p>\n","protected":false},"author":1,"featured_media":0,"parent":0,"menu_order":0,"comment_status":"open","ping_status":"open","template":"","meta":{"ngg_post_thumbnail":0,"footnotes":"","_mc_calendar":[]},"aioseo_notices":[],"_links":{"self":[{"href":"https:\/\/blogsaverroes.juntadeandalucia.es\/iestriana\/wp-json\/wp\/v2\/pages\/172"}],"collection":[{"href":"https:\/\/blogsaverroes.juntadeandalucia.es\/iestriana\/wp-json\/wp\/v2\/pages"}],"about":[{"href":"https:\/\/blogsaverroes.juntadeandalucia.es\/iestriana\/wp-json\/wp\/v2\/types\/page"}],"author":[{"embeddable":true,"href":"https:\/\/blogsaverroes.juntadeandalucia.es\/iestriana\/wp-json\/wp\/v2\/users\/1"}],"replies":[{"embeddable":true,"href":"https:\/\/blogsaverroes.juntadeandalucia.es\/iestriana\/wp-json\/wp\/v2\/comments?post=172"}],"version-history":[{"count":31,"href":"https:\/\/blogsaverroes.juntadeandalucia.es\/iestriana\/wp-json\/wp\/v2\/pages\/172\/revisions"}],"predecessor-version":[{"id":5905,"href":"https:\/\/blogsaverroes.juntadeandalucia.es\/iestriana\/wp-json\/wp\/v2\/pages\/172\/revisions\/5905"}],"wp:attachment":[{"href":"https:\/\/blogsaverroes.juntadeandalucia.es\/iestriana\/wp-json\/wp\/v2\/media?parent=172"}],"curies":[{"name":"wp","href":"https:\/\/api.w.org\/{rel}","templated":true}]}}