{"id":176,"date":"2019-02-11T07:56:30","date_gmt":"2019-02-11T07:56:30","guid":{"rendered":"http:\/\/blogsaverroes.juntadeandalucia.es\/pre\/ceip\/?page_id=176"},"modified":"2022-11-28T13:08:01","modified_gmt":"2022-11-28T13:08:01","slug":"educacion-fisica","status":"publish","type":"page","link":"https:\/\/blogsaverroes.juntadeandalucia.es\/iestriana\/educacion-fisica\/","title":{"rendered":"Educaci\u00f3n F\u00edsica"},"content":{"rendered":"<p><a href=\"http:\/\/blogsaverroes.juntadeandalucia.es\/iestriana\/files\/2015\/03\/gimnasio.jpg\"><img loading=\"lazy\" decoding=\"async\" class=\"alignnone size-medium wp-image-2367\" src=\"http:\/\/blogsaverroes.juntadeandalucia.es\/iestriana\/files\/2015\/03\/gimnasio-300x169.jpg\" alt=\"gimnasio\" width=\"300\" height=\"169\"><\/a>&nbsp; &nbsp; &nbsp;&nbsp;<a href=\"http:\/\/blogsaverroes.juntadeandalucia.es\/iestriana\/files\/2015\/03\/futbol_sala.jpg\"><img loading=\"lazy\" decoding=\"async\" class=\"alignnone size-medium wp-image-2368\" src=\"http:\/\/blogsaverroes.juntadeandalucia.es\/iestriana\/files\/2015\/03\/futbol_sala-300x169.jpg\" alt=\"futbol_sala\" width=\"300\" height=\"169\"><\/a><\/p>\n<p style=\"text-align: justify\"><strong>Educaci\u00f3n F\u00edsica<\/strong><br \/>\nLa educaci\u00f3n basada en competencias permite definir los resultados del aprendizaje esperados desde un planteamiento integrador, dirigido a la aplicaci\u00f3n de los saberes adquiridos para que los alumnos y las alumnas consigan un desarrollo personal satisfactorio, el ejercicio de la ciudadan\u00eda activa y la participaci\u00f3n en el aprendizaje permanente a lo largo de la vida.<br \/>\nLa materia Educaci\u00f3n F\u00edsica tiene como finalidad principal desarrollar en las personas su competencia motriz, entendida como la integraci\u00f3n de los conocimientos, los procedimientos, las actitudes y los sentimientos vinculados sobre todo a la conducta motora; para su consecuci\u00f3n no es suficiente con la mera pr\u00e1ctica, sino que es necesario el an\u00e1lisis cr\u00edtico que afiance actitudes, valores referenciados al cuerpo, al movimiento y a la relaci\u00f3n con el entorno: de este modo, el alumnado lograr\u00e1 controlar y dar sentido a las propias acciones motrices, comprender los aspectos perceptivos, emotivos y cognitivos relacionados con dichas acciones y gestionar los sentimientos vinculados a las mismas, adem\u00e1s de integrar conocimientos y habilidades transversales como el trabajo en equipo, el juego limpio, el respeto a las normas, y la seguridad entre otras. Asimismo, la Educaci\u00f3n F\u00edsica est\u00e1 vinculada a la adquisici\u00f3n de competencias relacionadas con la salud, a trav\u00e9s de acciones que ayuden a la adquisici\u00f3n y consolidaci\u00f3n de h\u00e1bitos responsables de actividad f\u00edsica regular y la adopci\u00f3n de actitudes cr\u00edticas ante pr\u00e1cticas individuales, grupales y sociales no saludables, fundamentalmente en lo relacionado con las enfermedades de origen cardiovascular.<\/p>\n","protected":false},"excerpt":{"rendered":"<p>&nbsp; &nbsp; &nbsp;&nbsp; Educaci\u00f3n F\u00edsica La educaci\u00f3n basada en competencias permite definir los resultados del aprendizaje esperados desde un planteamiento integrador, dirigido a la aplicaci\u00f3n de los saberes adquiridos para que los alumnos y las alumnas consigan un desarrollo personal satisfactorio, el ejercicio de la ciudadan\u00eda activa y la participaci\u00f3n en el aprendizaje permanente a lo largo de la vida.&#46;&#46;&#46;<\/p>\n","protected":false},"author":1,"featured_media":0,"parent":0,"menu_order":0,"comment_status":"open","ping_status":"open","template":"","meta":{"ngg_post_thumbnail":0,"footnotes":"","_mc_calendar":[]},"aioseo_notices":[],"_links":{"self":[{"href":"https:\/\/blogsaverroes.juntadeandalucia.es\/iestriana\/wp-json\/wp\/v2\/pages\/176"}],"collection":[{"href":"https:\/\/blogsaverroes.juntadeandalucia.es\/iestriana\/wp-json\/wp\/v2\/pages"}],"about":[{"href":"https:\/\/blogsaverroes.juntadeandalucia.es\/iestriana\/wp-json\/wp\/v2\/types\/page"}],"author":[{"embeddable":true,"href":"https:\/\/blogsaverroes.juntadeandalucia.es\/iestriana\/wp-json\/wp\/v2\/users\/1"}],"replies":[{"embeddable":true,"href":"https:\/\/blogsaverroes.juntadeandalucia.es\/iestriana\/wp-json\/wp\/v2\/comments?post=176"}],"version-history":[{"count":28,"href":"https:\/\/blogsaverroes.juntadeandalucia.es\/iestriana\/wp-json\/wp\/v2\/pages\/176\/revisions"}],"predecessor-version":[{"id":5901,"href":"https:\/\/blogsaverroes.juntadeandalucia.es\/iestriana\/wp-json\/wp\/v2\/pages\/176\/revisions\/5901"}],"wp:attachment":[{"href":"https:\/\/blogsaverroes.juntadeandalucia.es\/iestriana\/wp-json\/wp\/v2\/media?parent=176"}],"curies":[{"name":"wp","href":"https:\/\/api.w.org\/{rel}","templated":true}]}}

Educación Física

<p><a href="http://blogsaverroes.juntadeandalucia.es/iestriana/files/2015/03/gimnasio.jpg"><img loading="lazy" decoding="async" class="alignnone size-medium wp-image-2367" src="http://blogsaverroes.juntadeandalucia.es/iestriana/files/2015/03/gimnasio-300x169.jpg" alt="gimnasio" width="300" height="169"></a>&nbsp; &nbsp; &nbsp;&nbsp;<a href="http://blogsaverroes.juntadeandalucia.es/iestriana/files/2015/03/futbol_sala.jpg"><img loading="lazy" decoding="async" class="alignnone size-medium wp-image-2368" src="http://blogsaverroes.juntadeandalucia.es/iestriana/files/2015/03/futbol_sala-300x169.jpg" alt="futbol_sala" width="300" height="169"></a></p>
<p style="text-align: justify"><strong>Educación Física</strong><br />
La educación basada en competencias permite definir los resultados del aprendizaje esperados desde un planteamiento integrador, dirigido a la aplicación de los saberes adquiridos para que los alumnos y las alumnas consigan un desarrollo personal satisfactorio, el ejercicio de la ciudadanía activa y la participación en el aprendizaje permanente a lo largo de la vida.<br />
La materia Educación Física tiene como finalidad principal desarrollar en las personas su competencia motriz, entendida como la integración de los conocimientos, los procedimientos, las actitudes y los sentimientos vinculados sobre todo a la conducta motora; para su consecución no es suficiente con la mera práctica, sino que es necesario el análisis crítico que afiance actitudes, valores referenciados al cuerpo, al movimiento y a la relación con el entorno: de este modo, el alumnado logrará controlar y dar sentido a las propias acciones motrices, comprender los aspectos perceptivos, emotivos y cognitivos relacionados con dichas acciones y gestionar los sentimientos vinculados a las mismas, además de integrar conocimientos y habilidades transversales como el trabajo en equipo, el juego limpio, el respeto a las normas, y la seguridad entre otras. Asimismo, la Educación Física está vinculada a la adquisición de competencias relacionadas con la salud, a través de acciones que ayuden a la adquisición y consolidación de hábitos responsables de actividad física regular y la adopción de actitudes críticas ante prácticas individuales, grupales y sociales no saludables, fundamentalmente en lo relacionado con las enfermedades de origen cardiovascular.</p>

<p>&nbsp; &nbsp; &nbsp;&nbsp; Educación Física La educación basada en competencias permite definir los resultados del aprendizaje esperados desde un planteamiento integrador, dirigido a la aplicación de los saberes adquiridos para que los alumnos y las alumnas consigan un desarrollo personal satisfactorio, el ejercicio de la ciudadanía activa y la participación en el aprendizaje permanente a lo largo de la vida.&#46;&#46;&#46;</p>
