{"id":200,"date":"2015-03-17T10:04:24","date_gmt":"2015-03-17T10:04:24","guid":{"rendered":"http:\/\/blogsaverroes.juntadeandalucia.es\/pre\/ceip\/?page_id=200"},"modified":"2020-11-20T22:33:36","modified_gmt":"2020-11-20T22:33:36","slug":"ampa-constancia-2","status":"publish","type":"page","link":"https:\/\/blogsaverroes.juntadeandalucia.es\/iestriana\/ampa-constancia-2\/","title":{"rendered":"AMPA CONSTANCIA"},"content":{"rendered":"<p style=\"text-align: justify\">La AMPA<strong> \u201cConstancia\u201d<\/strong> del IES Triana re\u00fane a un grupo de madres y padres preocupadas\/os por la educaci\u00f3n de nuestr@s hij@s y por activar aquellos mecanismos que contribuyan a construir un centro activo y cr\u00edtico. Es nuestra intenci\u00f3n plantear un trabajo colaborativo lleno de sinergias en los que alumn@s, profesor@s y padres vayamos junt@s en la construcci\u00f3n del d\u00eda a d\u00eda de la vida de nuestro instituto.<\/p>\n<p style=\"text-align: justify\">Queremos contar con las ideas que todas las familias como parte de la comunidad educativa pod\u00e1is aportar y que ayuden a construir un espacio de creatividad y de calidad educativa en nuestro querido barrio de Triana.<\/p>\n<p><a href=\"http:\/\/ampaconstanciaiestriana.blogspot.com.es\" target=\"_blank\" rel=\"noopener noreferrer\">Web del AMPA CONSTANCIA<\/a><\/p>\n<p>Puedes ponerte en contacto con nosotros\/as en el email:<\/p>\n<p><a href=\"mailto:ampaconstanciaiestriana@gmail.com\">ampaconstanciaiestriana@gmail.com<\/a><\/p>\n","protected":false},"excerpt":{"rendered":"<p>La AMPA \u201cConstancia\u201d del IES Triana re\u00fane a un grupo de madres y padres preocupadas\/os por la educaci\u00f3n de nuestr@s hij@s y por activar aquellos mecanismos que contribuyan a construir un centro activo y cr\u00edtico. Es nuestra intenci\u00f3n plantear un trabajo colaborativo lleno de sinergias en los que alumn@s, profesor@s y padres vayamos junt@s en la construcci\u00f3n del d\u00eda a&#46;&#46;&#46;<\/p>\n","protected":false},"author":1,"featured_media":0,"parent":0,"menu_order":0,"comment_status":"open","ping_status":"open","template":"","meta":{"ngg_post_thumbnail":0,"footnotes":"","_mc_calendar":[]},"aioseo_notices":[],"_links":{"self":[{"href":"https:\/\/blogsaverroes.juntadeandalucia.es\/iestriana\/wp-json\/wp\/v2\/pages\/200"}],"collection":[{"href":"https:\/\/blogsaverroes.juntadeandalucia.es\/iestriana\/wp-json\/wp\/v2\/pages"}],"about":[{"href":"https:\/\/blogsaverroes.juntadeandalucia.es\/iestriana\/wp-json\/wp\/v2\/types\/page"}],"author":[{"embeddable":true,"href":"https:\/\/blogsaverroes.juntadeandalucia.es\/iestriana\/wp-json\/wp\/v2\/users\/1"}],"replies":[{"embeddable":true,"href":"https:\/\/blogsaverroes.juntadeandalucia.es\/iestriana\/wp-json\/wp\/v2\/comments?post=200"}],"version-history":[{"count":9,"href":"https:\/\/blogsaverroes.juntadeandalucia.es\/iestriana\/wp-json\/wp\/v2\/pages\/200\/revisions"}],"predecessor-version":[{"id":4777,"href":"https:\/\/blogsaverroes.juntadeandalucia.es\/iestriana\/wp-json\/wp\/v2\/pages\/200\/revisions\/4777"}],"wp:attachment":[{"href":"https:\/\/blogsaverroes.juntadeandalucia.es\/iestriana\/wp-json\/wp\/v2\/media?parent=200"}],"curies":[{"name":"wp","href":"https:\/\/api.w.org\/{rel}","templated":true}]}}

<p style="text-align: justify">La AMPA<strong> “Constancia”</strong> del IES Triana reúne a un grupo de madres y padres preocupadas/os por la educación de nuestr@s hij@s y por activar aquellos mecanismos que contribuyan a construir un centro activo y crítico. Es nuestra intención plantear un trabajo colaborativo lleno de sinergias en los que alumn@s, profesor@s y padres vayamos junt@s en la construcción del día a día de la vida de nuestro instituto.</p>
<p style="text-align: justify">Queremos contar con las ideas que todas las familias como parte de la comunidad educativa podáis aportar y que ayuden a construir un espacio de creatividad y de calidad educativa en nuestro querido barrio de Triana.</p>
<p><a href="http://ampaconstanciaiestriana.blogspot.com.es" target="_blank" rel="noopener noreferrer">Web del AMPA CONSTANCIA</a></p>
<p>Puedes ponerte en contacto con nosotros/as en el email:</p>
<p><a href="mailto:ampaconstanciaiestriana@gmail.com">ampaconstanciaiestriana@gmail.com</a></p>

<p>La AMPA “Constancia” del IES Triana reúne a un grupo de madres y padres preocupadas/os por la educación de nuestr@s hij@s y por activar aquellos mecanismos que contribuyan a construir un centro activo y crítico. Es nuestra intención plantear un trabajo colaborativo lleno de sinergias en los que alumn@s, profesor@s y padres vayamos junt@s en la construcción del día a&#46;&#46;&#46;</p>
