{"id":2540,"date":"2016-03-28T20:45:02","date_gmt":"2016-03-28T20:45:02","guid":{"rendered":"http:\/\/blogsaverroes.juntadeandalucia.es\/iestriana\/?page_id=2540"},"modified":"2025-06-24T12:57:21","modified_gmt":"2025-06-24T10:57:21","slug":"informatica-2","status":"publish","type":"page","link":"https:\/\/blogsaverroes.juntadeandalucia.es\/iestriana\/informatica-2\/","title":{"rendered":"Inform\u00e1tica (CFGS &#8211;  FP B\u00e1sica)"},"content":{"rendered":"<p><a href=\"https:\/\/blogsaverroes.juntadeandalucia.es\/iestriana\/files\/2025\/06\/Captura-desde-2025-06-24-12-56-44.png\"><img loading=\"lazy\" decoding=\"async\" class=\"size-full wp-image-6403 aligncenter\" src=\"https:\/\/blogsaverroes.juntadeandalucia.es\/iestriana\/files\/2025\/06\/Captura-desde-2025-06-24-12-56-44.png\" alt=\"\" width=\"350\" height=\"180\" srcset=\"https:\/\/blogsaverroes.juntadeandalucia.es\/iestriana\/files\/2025\/06\/Captura-desde-2025-06-24-12-56-44.png 350w, https:\/\/blogsaverroes.juntadeandalucia.es\/iestriana\/files\/2025\/06\/Captura-desde-2025-06-24-12-56-44-300x154.png 300w\" sizes=\"(max-width: 350px) 100vw, 350px\" \/><\/a><strong>Oferta Educativa<\/strong><\/p>\n<ul>\n<li><a href=\"https:\/\/www.todofp.es\/que-estudiar\/familias-profesionales\/informatica-comunicaciones\/admin-sist-informaticos-red.html\" target=\"_blank\" rel=\"noopener\"><strong>Grado Superior Administrador de Sistemas Inform\u00e1ticos en Red<\/strong><\/a>:&nbsp;es una de las titulaciones de Formaci\u00f3n Profesional (FP) m\u00e1s demandadas en el \u00e1mbito tecnol\u00f3gico. Ahora que muchos aspectos de nuestra vida est\u00e1n conectados, la necesidad de profesionales capacitados para gestionar, mantener y administrar redes inform\u00e1ticas est\u00e1 creciendo exponencialmente.<\/li>\n<li><a href=\"https:\/\/www.todofp.es\/que-estudiar\/familias-profesionales\/informatica-comunicaciones\/informatica-comunicaciones.html\" target=\"_blank\" rel=\"noopener\"><strong>Grado F.P. B\u00e1sica Inform\u00e1tica y Comunicaciones<\/strong><\/a>: ciclo formativo dirigido a j\u00f3venes que desean iniciarse en el mundo laboral en el \u00e1mbito de la inform\u00e1tica y las comunicaciones<span data-huuid=\"10265985846255974688\">. <\/span><span data-huuid=\"10265985846255975779\">Este ciclo, que se cursa en dos a\u00f1os, prepara a los estudiantes para realizar tareas b\u00e1sicas relacionadas con el montaje, mantenimiento y reparaci\u00f3n de sistemas microinform\u00e1ticos, redes de datos y equipos el\u00e9ctricos y electr\u00f3nicos<\/span><\/li>\n<\/ul>\n<p>&nbsp;<\/p>\n<p><strong>Miembros del Departamento de Inform\u00e1tica<\/strong><\/p>\n<ul>\n<li style=\"list-style-type: none\">\n<ul>\n<li><strong>Jefe del Departamento:<\/strong>\n<ul>\n<li>Jos\u00e9 Manuel Fajardo Gal\u00e1n<\/li>\n<\/ul>\n<\/li>\n<li><strong>Profesores:&nbsp;<\/strong>\n<ul>\n<li>Jos\u00e9 Manuel L\u00f3pez Lorente<\/li>\n<li>Jos\u00e9 Luis Navarrete Fern\u00e1ndez (TUTOR 2\u00baASIR y Coordinador TIC)<\/li>\n<li>Mar\u00eda Sierra Escalera (Tutor DUAL)<\/li>\n<li>Ricardo Le\u00f3n Mart\u00ednez (TUTOR 1\u00baFPB)<\/li>\n<li>Jos\u00e9 Antonio Bernardo Salamanca (TUTOR 1\u00baASIR)<\/li>\n<li>Lorena G\u00e1lvez Nieto (TUTORA 2\u00baFPB)<\/li>\n<li>Elvira Bravo P\u00e9rez<\/li>\n<\/ul>\n<\/li>\n<\/ul>\n<\/li>\n<\/ul>\n<blockquote><p>&nbsp;<\/p><\/blockquote>\n","protected":false},"excerpt":{"rendered":"<p>Oferta Educativa Grado Superior Administrador de Sistemas Inform\u00e1ticos en Red:&nbsp;es una de las titulaciones de Formaci\u00f3n Profesional (FP) m\u00e1s demandadas en el \u00e1mbito tecnol\u00f3gico. Ahora que muchos aspectos de nuestra vida est\u00e1n conectados, la necesidad de profesionales capacitados para gestionar, mantener y administrar redes inform\u00e1ticas est\u00e1 creciendo exponencialmente. Grado F.P. B\u00e1sica Inform\u00e1tica y Comunicaciones: ciclo formativo dirigido a j\u00f3venes que&#46;&#46;&#46;<\/p>\n","protected":false},"author":2000,"featured_media":0,"parent":0,"menu_order":0,"comment_status":"closed","ping_status":"closed","template":"","meta":{"ngg_post_thumbnail":0,"footnotes":"","_mc_calendar":[]},"aioseo_notices":[],"_links":{"self":[{"href":"https:\/\/blogsaverroes.juntadeandalucia.es\/iestriana\/wp-json\/wp\/v2\/pages\/2540"}],"collection":[{"href":"https:\/\/blogsaverroes.juntadeandalucia.es\/iestriana\/wp-json\/wp\/v2\/pages"}],"about":[{"href":"https:\/\/blogsaverroes.juntadeandalucia.es\/iestriana\/wp-json\/wp\/v2\/types\/page"}],"author":[{"embeddable":true,"href":"https:\/\/blogsaverroes.juntadeandalucia.es\/iestriana\/wp-json\/wp\/v2\/users\/2000"}],"replies":[{"embeddable":true,"href":"https:\/\/blogsaverroes.juntadeandalucia.es\/iestriana\/wp-json\/wp\/v2\/comments?post=2540"}],"version-history":[{"count":38,"href":"https:\/\/blogsaverroes.juntadeandalucia.es\/iestriana\/wp-json\/wp\/v2\/pages\/2540\/revisions"}],"predecessor-version":[{"id":6404,"href":"https:\/\/blogsaverroes.juntadeandalucia.es\/iestriana\/wp-json\/wp\/v2\/pages\/2540\/revisions\/6404"}],"wp:attachment":[{"href":"https:\/\/blogsaverroes.juntadeandalucia.es\/iestriana\/wp-json\/wp\/v2\/media?parent=2540"}],"curies":[{"name":"wp","href":"https:\/\/api.w.org\/{rel}","templated":true}]}}