{"id":2876,"date":"2017-10-01T17:13:24","date_gmt":"2017-10-01T17:13:24","guid":{"rendered":"http:\/\/blogsaverroes.juntadeandalucia.es\/iestriana\/?page_id=2876"},"modified":"2025-06-24T13:12:21","modified_gmt":"2025-06-24T11:12:21","slug":"solicita-alumnos-en-practicas","status":"publish","type":"page","link":"https:\/\/blogsaverroes.juntadeandalucia.es\/iestriana\/informatica-2\/solicita-alumnos-en-practicas\/","title":{"rendered":"Solicita de alumnos en pr\u00e1cticas"},"content":{"rendered":"<p>Si pertenece a una empresa y est\u00e1 interesado en incorporar alumnado para su formaci\u00f3n en pr\u00e1cticas, rellene el siguiente formulario y a la mayor brevedad nos pondremos en contacto con usted.<\/p>\n<p><a href=\"https:\/\/docs.google.com\/forms\/d\/e\/1FAIpQLSdBwpo_UNdbOl22RSBf0SP-HxK3skRYNqweL0zxHrAj0jqFsg\/viewform?usp=dialog\" target=\"_blank\" rel=\"noopener\">ACCESO AL FORMULARIO DE CONTACTO<\/a><\/p>\n","protected":false},"excerpt":{"rendered":"<p>Si pertenece a una empresa y est\u00e1 interesado en incorporar alumnado para su formaci\u00f3n en pr\u00e1cticas, rellene el siguiente formulario y a la mayor brevedad nos pondremos en contacto con usted. ACCESO AL FORMULARIO DE CONTACTO<\/p>\n","protected":false},"author":2000,"featured_media":0,"parent":2540,"menu_order":0,"comment_status":"closed","ping_status":"closed","template":"","meta":{"ngg_post_thumbnail":0,"footnotes":"","_mc_calendar":[]},"aioseo_notices":[],"_links":{"self":[{"href":"https:\/\/blogsaverroes.juntadeandalucia.es\/iestriana\/wp-json\/wp\/v2\/pages\/2876"}],"collection":[{"href":"https:\/\/blogsaverroes.juntadeandalucia.es\/iestriana\/wp-json\/wp\/v2\/pages"}],"about":[{"href":"https:\/\/blogsaverroes.juntadeandalucia.es\/iestriana\/wp-json\/wp\/v2\/types\/page"}],"author":[{"embeddable":true,"href":"https:\/\/blogsaverroes.juntadeandalucia.es\/iestriana\/wp-json\/wp\/v2\/users\/2000"}],"replies":[{"embeddable":true,"href":"https:\/\/blogsaverroes.juntadeandalucia.es\/iestriana\/wp-json\/wp\/v2\/comments?post=2876"}],"version-history":[{"count":3,"href":"https:\/\/blogsaverroes.juntadeandalucia.es\/iestriana\/wp-json\/wp\/v2\/pages\/2876\/revisions"}],"predecessor-version":[{"id":6406,"href":"https:\/\/blogsaverroes.juntadeandalucia.es\/iestriana\/wp-json\/wp\/v2\/pages\/2876\/revisions\/6406"}],"up":[{"embeddable":true,"href":"https:\/\/blogsaverroes.juntadeandalucia.es\/iestriana\/wp-json\/wp\/v2\/pages\/2540"}],"wp:attachment":[{"href":"https:\/\/blogsaverroes.juntadeandalucia.es\/iestriana\/wp-json\/wp\/v2\/media?parent=2876"}],"curies":[{"name":"wp","href":"https:\/\/api.w.org\/{rel}","templated":true}]}}

Solicita de alumnos en prácticas

<p>Si pertenece a una empresa y está interesado en incorporar alumnado para su formación en prácticas, rellene el siguiente formulario y a la mayor brevedad nos pondremos en contacto con usted.</p>
<p><a href="https://docs.google.com/forms/d/e/1FAIpQLSdBwpo_UNdbOl22RSBf0SP-HxK3skRYNqweL0zxHrAj0jqFsg/viewform?usp=dialog" target="_blank" rel="noopener">ACCESO AL FORMULARIO DE CONTACTO</a></p>

<p>Si pertenece a una empresa y está interesado en incorporar alumnado para su formación en prácticas, rellene el siguiente formulario y a la mayor brevedad nos pondremos en contacto con usted. ACCESO AL FORMULARIO DE CONTACTO</p>
