{"id":369,"date":"2015-03-18T10:25:18","date_gmt":"2015-03-18T10:25:18","guid":{"rendered":"http:\/\/blogsaverroes.juntadeandalucia.es\/pre\/ceip\/?page_id=369"},"modified":"2017-11-23T19:19:08","modified_gmt":"2017-11-23T19:19:08","slug":"materiales-recursos","status":"publish","type":"page","link":"https:\/\/blogsaverroes.juntadeandalucia.es\/iestriana\/biologia-y-geologia\/materiales-recursos\/","title":{"rendered":"Materiales, recursos&#8230;"},"content":{"rendered":"<h4><span style=\"color: #993300\"><strong>AQUI TIENES ENLACES A P\u00c1GINAS WEB PARA AYUDARTE CON LAS MATES<\/strong>\u00a0<\/span><\/h4>\n<h4><a href=\"http:\/\/www.amolasmates.es\">AMO LAS MATES<\/a><\/h4>\n<p><a href=\"http:\/\/thales.cica.es\/sevilla\/\">THALES (SEVILLA)<\/a><\/p>\n<p><a href=\"http:\/\/manuel.sesamath.net\">MANUELS ET CAHIERS S\u00c9SAMATH<\/a><\/p>\n<p><a href=\"http:\/\/villemin.gerard.free.fr\/Puzzle\/PuzzTdM.htm\">JEUX, ENIGMES, CASSE-T\u00caTES<\/a><\/p>\n<p><a href=\"http:\/\/www.ine.es\/explica\/explica.htm\">PORTAL DIVULGATIVO DEL INSTITUTO NACIONAL DE ESTAD\u00cdSTICA<\/a><\/p>\n<p><a href=\"https:\/\/www.matematicasonline.es\/algebraconpapas\/recurso\/index.htm\">\u00c1LGEBRA CON PAPAS<\/a><\/p>\n<p><a href=\"https:\/\/www.thatquiz.org\/es\/\">MATEM\u00c1TICAS-PRACTICA<\/a><\/p>\n<p>&nbsp;<\/p>\n<p>&nbsp;<\/p>\n<h4><\/h4>\n<p>&nbsp;<\/p>\n","protected":false},"excerpt":{"rendered":"<p>AQUI TIENES ENLACES A P\u00c1GINAS WEB PARA AYUDARTE CON LAS MATES\u00a0 AMO LAS MATES THALES (SEVILLA) MANUELS ET CAHIERS S\u00c9SAMATH JEUX, ENIGMES, CASSE-T\u00caTES PORTAL DIVULGATIVO DEL INSTITUTO NACIONAL DE ESTAD\u00cdSTICA \u00c1LGEBRA CON PAPAS MATEM\u00c1TICAS-PRACTICA &nbsp; &nbsp; &nbsp;<\/p>\n","protected":false},"author":1,"featured_media":0,"parent":158,"menu_order":0,"comment_status":"open","ping_status":"open","template":"","meta":{"ngg_post_thumbnail":0,"footnotes":"","_mc_calendar":[]},"aioseo_notices":[],"_links":{"self":[{"href":"https:\/\/blogsaverroes.juntadeandalucia.es\/iestriana\/wp-json\/wp\/v2\/pages\/369"}],"collection":[{"href":"https:\/\/blogsaverroes.juntadeandalucia.es\/iestriana\/wp-json\/wp\/v2\/pages"}],"about":[{"href":"https:\/\/blogsaverroes.juntadeandalucia.es\/iestriana\/wp-json\/wp\/v2\/types\/page"}],"author":[{"embeddable":true,"href":"https:\/\/blogsaverroes.juntadeandalucia.es\/iestriana\/wp-json\/wp\/v2\/users\/1"}],"replies":[{"embeddable":true,"href":"https:\/\/blogsaverroes.juntadeandalucia.es\/iestriana\/wp-json\/wp\/v2\/comments?post=369"}],"version-history":[{"count":14,"href":"https:\/\/blogsaverroes.juntadeandalucia.es\/iestriana\/wp-json\/wp\/v2\/pages\/369\/revisions"}],"predecessor-version":[{"id":3081,"href":"https:\/\/blogsaverroes.juntadeandalucia.es\/iestriana\/wp-json\/wp\/v2\/pages\/369\/revisions\/3081"}],"up":[{"embeddable":true,"href":"https:\/\/blogsaverroes.juntadeandalucia.es\/iestriana\/wp-json\/wp\/v2\/pages\/158"}],"wp:attachment":[{"href":"https:\/\/blogsaverroes.juntadeandalucia.es\/iestriana\/wp-json\/wp\/v2\/media?parent=369"}],"curies":[{"name":"wp","href":"https:\/\/api.w.org\/{rel}","templated":true}]}}