{"id":77,"date":"2019-06-24T06:54:56","date_gmt":"2019-06-24T06:54:56","guid":{"rendered":"http:\/\/blogsaverroes.juntadeandalucia.es\/pre\/ceip\/?page_id=77"},"modified":"2025-09-26T13:29:58","modified_gmt":"2025-09-26T11:29:58","slug":"secretaria","status":"publish","type":"page","link":"https:\/\/blogsaverroes.juntadeandalucia.es\/iestriana\/secretaria\/","title":{"rendered":"Secretar\u00eda"},"content":{"rendered":"<p><strong>Horario de atenci\u00f3n al p\u00fablico de la secretar\u00eda:<\/strong><\/p>\n<ul>\n<li>De lunes a viernes (<strong>excepto los mi\u00e9rcoles que estar\u00e1 cerrado<\/strong>)<\/li>\n<li>Horario de ventanilla: <strong>10:00h a 11h y de 11:30 a 13:30h<\/strong><\/li>\n<\/ul>\n<h4><img loading=\"lazy\" decoding=\"async\" class=\"alignleft\" src=\"https:\/\/us.123rf.com\/450wm\/niroworld\/niroworld1505\/niroworld150500002\/39596277-e-mail-de-contacto-web-y-boletin-concepto-con-un-sobre-icono-de-correo-electronico-y-negro-en-simbol.jpg?ver=6\" alt=\"E-mail de contacto web y bolet\u00edn concepto con un sobre icono de correo electr\u00f3nico y negro en s\u00edmbolo en un vector de la hoja de papel 10 EPS ilustraci\u00f3n aislado sobre fondo blanco. Foto de archivo - 39596277\" width=\"93\" height=\"93\"><\/h4>\n<p>Para cualquier informaci\u00f3n tambi\u00e9n puedes escribir a:<\/p>\n<h4><span style=\"color: #000080\">administracion@iestriana.com<\/span><\/h4>\n<h4>&nbsp;<\/h4>\n<p>&nbsp;<\/p>\n<h2>&nbsp;<\/h2>\n<p>&nbsp;<\/p>\n<p>&nbsp;<\/p>\n","protected":false},"excerpt":{"rendered":"<p>Horario de atenci\u00f3n al p\u00fablico de la secretar\u00eda: De lunes a viernes (excepto los mi\u00e9rcoles que estar\u00e1 cerrado) Horario de ventanilla: 10:00h a 11h y de 11:30 a 13:30h Para cualquier informaci\u00f3n tambi\u00e9n puedes escribir a: administracion@iestriana.com &nbsp; &nbsp; &nbsp; &nbsp; &nbsp;<\/p>\n","protected":false},"author":1,"featured_media":0,"parent":0,"menu_order":2,"comment_status":"open","ping_status":"open","template":"","meta":{"ngg_post_thumbnail":0,"footnotes":"","_mc_calendar":[]},"aioseo_notices":[],"_links":{"self":[{"href":"https:\/\/blogsaverroes.juntadeandalucia.es\/iestriana\/wp-json\/wp\/v2\/pages\/77"}],"collection":[{"href":"https:\/\/blogsaverroes.juntadeandalucia.es\/iestriana\/wp-json\/wp\/v2\/pages"}],"about":[{"href":"https:\/\/blogsaverroes.juntadeandalucia.es\/iestriana\/wp-json\/wp\/v2\/types\/page"}],"author":[{"embeddable":true,"href":"https:\/\/blogsaverroes.juntadeandalucia.es\/iestriana\/wp-json\/wp\/v2\/users\/1"}],"replies":[{"embeddable":true,"href":"https:\/\/blogsaverroes.juntadeandalucia.es\/iestriana\/wp-json\/wp\/v2\/comments?post=77"}],"version-history":[{"count":44,"href":"https:\/\/blogsaverroes.juntadeandalucia.es\/iestriana\/wp-json\/wp\/v2\/pages\/77\/revisions"}],"predecessor-version":[{"id":6444,"href":"https:\/\/blogsaverroes.juntadeandalucia.es\/iestriana\/wp-json\/wp\/v2\/pages\/77\/revisions\/6444"}],"wp:attachment":[{"href":"https:\/\/blogsaverroes.juntadeandalucia.es\/iestriana\/wp-json\/wp\/v2\/media?parent=77"}],"curies":[{"name":"wp","href":"https:\/\/api.w.org\/{rel}","templated":true}]}}