{"id":872,"date":"2015-03-16T12:50:42","date_gmt":"2015-03-16T12:50:42","guid":{"rendered":"http:\/\/blogsaverroes.juntadeandalucia.es\/pre\/ceip\/?page_id=120"},"modified":"2025-06-05T13:49:45","modified_gmt":"2025-06-05T11:49:45","slug":"contactar","status":"publish","type":"page","link":"https:\/\/blogsaverroes.juntadeandalucia.es\/iestriana\/contactar\/","title":{"rendered":"Contactar"},"content":{"rendered":"<h4>Datos de contacto<\/h4>\n<p><strong>I.E.S. &nbsp;TRIANA<\/strong><\/p>\n<ul>\n<li style=\"list-style-type: none\">\n<ul>\n<li><strong>Direcci\u00f3n:<\/strong> &nbsp;Calle San Jacinto 79,&nbsp; 41010, Sevilla.<br \/>\n<strong>Tel\u00e9fono: 955622853 &nbsp; FAX: 954332655<\/strong><br \/>\n<strong>Email:<\/strong>&nbsp;41700041.edu@juntadeandalucia.es<\/li>\n<li><strong>Tel\u00e9fono Coordinaci\u00f3n Salud y Bienestar<\/strong>: 671598877<\/li>\n<\/ul>\n<\/li>\n<\/ul>\n<h4><strong>Horarios<\/strong><\/h4>\n<ul>\n<li style=\"list-style-type: none\">\n<ul>\n<li>Lectivo: lunes a viernes de 8:00h a 14:30h<\/li>\n<li>Atenci\u00f3n a las familias: de 17:30h a 18:30h, mi\u00e9rcoles.<\/li>\n<li>Horario actividades extraescolares: 16:00 h. a 19:00 h. Martes y mi\u00e9rcoles.<\/li>\n<\/ul>\n<\/li>\n<\/ul>\n","protected":false},"excerpt":{"rendered":"<p>Datos de contacto I.E.S. &nbsp;TRIANA Direcci\u00f3n: &nbsp;Calle San Jacinto 79,&nbsp; 41010, Sevilla. Tel\u00e9fono: 955622853 &nbsp; FAX: 954332655 Email:&nbsp;41700041.edu@juntadeandalucia.es Tel\u00e9fono Coordinaci\u00f3n Salud y Bienestar: 671598877 Horarios Lectivo: lunes a viernes de 8:00h a 14:30h Atenci\u00f3n a las familias: de 17:30h a 18:30h, mi\u00e9rcoles. Horario actividades extraescolares: 16:00 h. a 19:00 h. Martes y mi\u00e9rcoles.<\/p>\n","protected":false},"author":1,"featured_media":0,"parent":0,"menu_order":0,"comment_status":"open","ping_status":"open","template":"","meta":{"ngg_post_thumbnail":0,"footnotes":"","_mc_calendar":[]},"aioseo_notices":[],"_links":{"self":[{"href":"https:\/\/blogsaverroes.juntadeandalucia.es\/iestriana\/wp-json\/wp\/v2\/pages\/872"}],"collection":[{"href":"https:\/\/blogsaverroes.juntadeandalucia.es\/iestriana\/wp-json\/wp\/v2\/pages"}],"about":[{"href":"https:\/\/blogsaverroes.juntadeandalucia.es\/iestriana\/wp-json\/wp\/v2\/types\/page"}],"author":[{"embeddable":true,"href":"https:\/\/blogsaverroes.juntadeandalucia.es\/iestriana\/wp-json\/wp\/v2\/users\/1"}],"replies":[{"embeddable":true,"href":"https:\/\/blogsaverroes.juntadeandalucia.es\/iestriana\/wp-json\/wp\/v2\/comments?post=872"}],"version-history":[{"count":15,"href":"https:\/\/blogsaverroes.juntadeandalucia.es\/iestriana\/wp-json\/wp\/v2\/pages\/872\/revisions"}],"predecessor-version":[{"id":6363,"href":"https:\/\/blogsaverroes.juntadeandalucia.es\/iestriana\/wp-json\/wp\/v2\/pages\/872\/revisions\/6363"}],"wp:attachment":[{"href":"https:\/\/blogsaverroes.juntadeandalucia.es\/iestriana\/wp-json\/wp\/v2\/media?parent=872"}],"curies":[{"name":"wp","href":"https:\/\/api.w.org\/{rel}","templated":true}]}}

<h4>Datos de contacto</h4>
<p><strong>I.E.S. &nbsp;TRIANA</strong></p>
<ul>
<li style="list-style-type: none">
<ul>
<li><strong>Dirección:</strong> &nbsp;Calle San Jacinto 79,&nbsp; 41010, Sevilla.<br />
<strong>Teléfono: 955622853 &nbsp; FAX: 954332655</strong><br />
<strong>Email:</strong>&nbsp;41700041.edu@juntadeandalucia.es</li>
<li><strong>Teléfono Coordinación Salud y Bienestar</strong>: 671598877</li>
</ul>
</li>
</ul>
<h4><strong>Horarios</strong></h4>
<ul>
<li style="list-style-type: none">
<ul>
<li>Lectivo: lunes a viernes de 8:00h a 14:30h</li>
<li>Atención a las familias: de 17:30h a 18:30h, miércoles.</li>
<li>Horario actividades extraescolares: 16:00 h. a 19:00 h. Martes y miércoles.</li>
</ul>
</li>
</ul>

<p>Datos de contacto I.E.S. &nbsp;TRIANA Dirección: &nbsp;Calle San Jacinto 79,&nbsp; 41010, Sevilla. Teléfono: 955622853 &nbsp; FAX: 954332655 Email:&nbsp;41700041.edu@juntadeandalucia.es Teléfono Coordinación Salud y Bienestar: 671598877 Horarios Lectivo: lunes a viernes de 8:00h a 14:30h Atención a las familias: de 17:30h a 18:30h, miércoles. Horario actividades extraescolares: 16:00 h. a 19:00 h. Martes y miércoles.</p>
