{"id":1254,"date":"2020-11-14T21:40:09","date_gmt":"2020-11-14T20:40:09","guid":{"rendered":"https:\/\/blogsaverroes.juntadeandalucia.es\/iesvaetwinning\/?page_id=1254"},"modified":"2025-09-02T17:52:57","modified_gmt":"2025-09-02T15:52:57","slug":"proyectos-20-21","status":"publish","type":"page","link":"https:\/\/blogsaverroes.juntadeandalucia.es\/iesvaetwinning\/proyectos-20-21\/","title":{"rendered":"Proyectos 2020\/21"},"content":{"rendered":"<p><a href=\"https:\/\/school-education.ec.europa.eu\/en\/etwinning\/projects\/women-ocean-oceans-life\"><span style=\"font-size: 24pt\"><strong><span style=\"color: #000080\">Women of the oceans. Oceans of life<\/span><\/strong><\/span><\/a><\/p>\n<table style=\"border-collapse: collapse;width: 100%\">\n<tbody>\n<tr>\n<td style=\"width: 50%\"><a href=\"https:\/\/school-education.ec.europa.eu\/en\/etwinning\/projects\/women-ocean-oceans-life\" target=\"_blank\" rel=\"noopener\"><img loading=\"lazy\" decoding=\"async\" class=\"alignnone wp-image-1579 size-full\" src=\"https:\/\/blogsaverroes.juntadeandalucia.es\/iesvaetwinning\/files\/2021\/06\/oceans-twinspace.jpg\" alt=\"\" width=\"672\" height=\"652\" srcset=\"https:\/\/blogsaverroes.juntadeandalucia.es\/iesvaetwinning\/files\/2021\/06\/oceans-twinspace.jpg 672w, https:\/\/blogsaverroes.juntadeandalucia.es\/iesvaetwinning\/files\/2021\/06\/oceans-twinspace-300x291.jpg 300w\" sizes=\"(max-width: 672px) 100vw, 672px\" \/><\/a><\/td>\n<td style=\"width: 50%;text-align: left\">Este proyecto quiere hacer visible el papel de las cient\u00edficas en la defensa de las especies y los fondos de los oc\u00e9anos. Continuaremos promoviendo el inter\u00e9s del alumnado en la ciencia y la conciencia sobre el cuidado de los oc\u00e9anos.<\/p>\n<p><span style=\"font-size: 10pt\">This project wants to make visible the role of women scientists in the defense of marine species and the ocean floor. We will continue to promote the interest of students in science and the awareness of the care of the oceans.<\/span><\/td>\n<\/tr>\n<\/tbody>\n<\/table>\n<p><strong><span style=\"font-size: 14pt;color: #ff6600\">Coordinado por:&nbsp;<\/span><\/strong><\/p>\n<table style=\"border-collapse: collapse;width: 100%\">\n<tbody>\n<tr>\n<td style=\"width: 50%\">Eva Garrido con 1\u00ba ESO D (Biolog\u00eda)<\/p>\n<p>Montserrat Jim\u00e9nez (Qu\u00edmica)<\/p>\n<p>Rosario Rodr\u00edguez con 1\u00ba CFGS (Ingl\u00e9s)<\/td>\n<td style=\"width: 50%\"><span style=\"color: #ff6600;font-size: 14pt\">Profesorado y pa\u00edses participantes<\/span><\/p>\n<p>GRECIA (1), ESLOVAQUIA (1),<br \/>\nESPA\u00d1A (8), TURQUIA (1)<\/p>\n<p>&nbsp;<\/td>\n<\/tr>\n<\/tbody>\n<\/table>\n<table style=\"border-collapse: collapse;width: 100%\">\n<tbody>\n<tr>\n<td style=\"width: 50%\"><span style=\"color: #3366ff\"><a style=\"color: #3366ff\" href=\"https:\/\/blogsaverroes.juntadeandalucia.es\/iesvaetwinning\/women-of-the-oceans-oceans-of-life\/\"><strong><span style=\"font-size: 14pt\">P\u00e1gina destacada del proyecto <\/span><\/strong><\/a><\/span><\/p>\n<p><span style=\"color: #3366ff\"><a style=\"color: #3366ff\" href=\"https:\/\/blogsaverroes.juntadeandalucia.es\/iesvaetwinning\/women-of-the-oceans-oceans-of-life\/\"><strong><span style=\"font-size: 14pt\">Project featured page<\/span><\/strong><\/a><\/span><\/td>\n<td style=\"width: 50%\">Galer\u00eda de Im\u00e1genes del proyecto<\/p>\n<p>ngg_shortcode_0_placeholder<\/td>\n<\/tr>\n<\/tbody>\n<\/table>\n<p>&nbsp;<\/p>\n<p><a href=\"https:\/\/twinspace.etwinning.net\/124418\"><span style=\"font-size: 24pt\"><strong><span style=\"color: #000080\">Route to 2030<\/span><\/strong><\/span><\/a><\/p>\n<table style=\"border-collapse: collapse;width: 100%;height: 219px\">\n<tbody>\n<tr style=\"height: 219px\">\n<td style=\"width: 50%;height: 219px\"><a href=\"https:\/\/twinspace.etwinning.net\/124418\"><img loading=\"lazy\" decoding=\"async\" class=\"alignnone size-medium wp-image-1581\" src=\"https:\/\/blogsaverroes.juntadeandalucia.es\/iesvaetwinning\/files\/2021\/06\/Route-0-300x278.jpg\" alt=\"\" width=\"300\" height=\"278\" srcset=\"https:\/\/blogsaverroes.juntadeandalucia.es\/iesvaetwinning\/files\/2021\/06\/Route-0-300x278.jpg 300w, https:\/\/blogsaverroes.juntadeandalucia.es\/iesvaetwinning\/files\/2021\/06\/Route-0.jpg 685w\" sizes=\"(max-width: 300px) 100vw, 300px\" \/><\/a><\/td>\n<td style=\"width: 50%;height: 219px\">El proyecto proporcionar\u00e1 al alumnado recursos para entender cuales son los objetivos de la Agenda 2030 y el Desarrollo Sostenible. Cada centro elegir\u00e1 un objetivo y profundizar\u00e1 a trav\u00e9s del uso de metodolog\u00edas innovadoras.<\/p>\n<p><span style=\"font-size: 10pt\">The students will be provided with resources to understand what Agenda 2030 and the Sustainable Development goals are. Each school will select one goal and will deepen the knowledge of that particular field, through the use of innovative learning methodologies (CLIL, flipped classroom, ICT-assisted learning, etc&#8230;).<\/span><\/td>\n<\/tr>\n<\/tbody>\n<\/table>\n<p><strong><span style=\"color: #ff6600;font-size: 14pt\">Coordinado por:<\/span><\/strong><\/p>\n<table style=\"border-collapse: collapse;width: 100%;height: 86px\">\n<tbody>\n<tr style=\"height: 86px\">\n<td style=\"width: 50%;height: 86px;text-align: left\">Isabel Esteban con 1\u00ba Bachillerato (Econom\u00eda)<\/p>\n<p>Rosario Rodr\u00edguez con 1\u00ba CFGS (Ingl\u00e9s)<\/td>\n<td style=\"width: 50%;height: 86px;text-align: left\"><span style=\"color: #ff6600;font-size: 14pt\">Profesorado y pa\u00edses participantes<\/span><\/p>\n<p>BELGICA (1), GRECIA (8),<br \/>\nITALIA (5), PORTUGAL (2),<br \/>\nESPA\u00d1A (2)<\/td>\n<\/tr>\n<\/tbody>\n<\/table>\n<table style=\"border-collapse: collapse;width: 100%\">\n<tbody>\n<tr>\n<td style=\"width: 50%\"><span style=\"color: #3366ff\"><a style=\"color: #3366ff\" href=\"https:\/\/blogsaverroes.juntadeandalucia.es\/iesvaetwinning\/route-to-2030\/\"><strong><span style=\"font-size: 14pt\">P\u00e1gina destacada del proyecto \/<\/span><\/strong><\/a><\/span><\/p>\n<p><span style=\"color: #3366ff\"><a style=\"color: #3366ff\" href=\"https:\/\/blogsaverroes.juntadeandalucia.es\/iesvaetwinning\/route-to-2030\/\"><strong><span style=\"font-size: 14pt\"> Project featured page<\/span><\/strong><\/a><\/span><\/td>\n<td style=\"width: 50%\">ngg_shortcode_1_placeholder<\/td>\n<\/tr>\n<\/tbody>\n<\/table>\n<p>&nbsp;<\/p>\n<table style=\"border-collapse: collapse;width: 100%\">\n<tbody>\n<tr>\n<td style=\"width: 50%\"><a href=\"https:\/\/twinspace.etwinning.net\/124418\/home\"><img loading=\"lazy\" decoding=\"async\" class=\"alignnone wp-image-1557 size-medium\" src=\"https:\/\/blogsaverroes.juntadeandalucia.es\/iesvaetwinning\/files\/2021\/04\/b5abb753e-300x263.jpg\" alt=\"\" width=\"300\" height=\"263\" srcset=\"https:\/\/blogsaverroes.juntadeandalucia.es\/iesvaetwinning\/files\/2021\/04\/b5abb753e-300x263.jpg 300w, https:\/\/blogsaverroes.juntadeandalucia.es\/iesvaetwinning\/files\/2021\/04\/b5abb753e-1024x897.jpg 1024w, https:\/\/blogsaverroes.juntadeandalucia.es\/iesvaetwinning\/files\/2021\/04\/b5abb753e-768x673.jpg 768w, https:\/\/blogsaverroes.juntadeandalucia.es\/iesvaetwinning\/files\/2021\/04\/b5abb753e.jpg 1131w\" sizes=\"(max-width: 300px) 100vw, 300px\" \/><\/a><\/td>\n<td style=\"width: 50%\"><a href=\"https:\/\/twinspace.etwinning.net\/124418\/pages\/page\/1384457\">Campa\u00f1a de sensibilizaci\u00f3n sobre Objetivos de Desarrollo Sostenible<\/a><\/p>\n<p><a href=\"https:\/\/twinspace.etwinning.net\/124418\/pages\/page\/1384457\">Sensitization campaing on SDGs<\/a><\/p>\n<p>Desde este proyecto, alumnado de B\u00e9lgica, Grecia, Italia, Portugal y Espa\u00f1a han dise\u00f1ado una campa\u00f1a de difusi\u00f3n de la Agenda 2030 con distintos recursos. Subscr\u00edbete a nuestro canal de YouTube o s\u00edguenos en redes sociales y consulta nuestra web<\/td>\n<\/tr>\n<\/tbody>\n<\/table>\n<p><span style=\"color: #ff9900;font-size: 24pt\">SENSITIZATION CAMPAIGN ON SDGs. AGENDA 2030<\/span><\/p>\n<p>Students from Belgium, Greece, Italy, Portugal and Spain work have design a campaign to disseminate Agenda 2030.<\/p>\n<p>Have a look at our website on SDGs<\/p>\n<p><span style=\"color: #ff9900;font-size: 24pt\">CAMPA\u00d1A DE SENSIBILIZACI\u00d3N SOBRE LOS OBJETIVOS DE DESARROLLO SOSTENIBLE<\/span><\/p>\n<p><a href=\"https:\/\/sites.google.com\/view\/routeto2030project\/home\"><img loading=\"lazy\" decoding=\"async\" class=\"alignnone wp-image-1625 size-full\" src=\"https:\/\/blogsaverroes.juntadeandalucia.es\/iesvaetwinning\/files\/2021\/06\/routeweb.jpg\" alt=\"\" width=\"999\" height=\"608\" srcset=\"https:\/\/blogsaverroes.juntadeandalucia.es\/iesvaetwinning\/files\/2021\/06\/routeweb.jpg 999w, https:\/\/blogsaverroes.juntadeandalucia.es\/iesvaetwinning\/files\/2021\/06\/routeweb-300x183.jpg 300w, https:\/\/blogsaverroes.juntadeandalucia.es\/iesvaetwinning\/files\/2021\/06\/routeweb-768x467.jpg 768w\" sizes=\"(max-width: 999px) 100vw, 999px\" \/><\/a><\/p>\n<p>&nbsp;<\/p>\n<p>Subscribe to our YouTube channel or follow us on social network!!<\/p>\n<p><a href=\"https:\/\/www.youtube.com\/channel\/UCfoFbOAUw1RPeIkq_t9BGrQ\"><img loading=\"lazy\" decoding=\"async\" class=\"alignnone size-large wp-image-1556\" src=\"https:\/\/blogsaverroes.juntadeandalucia.es\/iesvaetwinning\/files\/2021\/04\/YouTube-channel-1024x383.jpg\" alt=\"\" width=\"843\" height=\"315\" srcset=\"https:\/\/blogsaverroes.juntadeandalucia.es\/iesvaetwinning\/files\/2021\/04\/YouTube-channel-1024x383.jpg 1024w, https:\/\/blogsaverroes.juntadeandalucia.es\/iesvaetwinning\/files\/2021\/04\/YouTube-channel-300x112.jpg 300w, https:\/\/blogsaverroes.juntadeandalucia.es\/iesvaetwinning\/files\/2021\/04\/YouTube-channel-768x287.jpg 768w, https:\/\/blogsaverroes.juntadeandalucia.es\/iesvaetwinning\/files\/2021\/04\/YouTube-channel.jpg 1265w\" sizes=\"(max-width: 843px) 100vw, 843px\" \/><\/a><\/p>\n<table style=\"border-collapse: collapse;width: 100%\">\n<tbody>\n<tr>\n<td style=\"width: 50%\">Productos<\/td>\n<td style=\"width: 50%\">&nbsp;<\/td>\n<\/tr>\n<\/tbody>\n<\/table>\n<p>&nbsp;<\/p>\n<p><a href=\"https:\/\/www.instagram.com\/route2030etwinning\/\"><img loading=\"lazy\" decoding=\"async\" class=\"alignnone wp-image-1559 size-medium\" src=\"https:\/\/blogsaverroes.juntadeandalucia.es\/iesvaetwinning\/files\/2021\/04\/1618424097192-207x300.jpg\" alt=\"\" width=\"207\" height=\"300\" srcset=\"https:\/\/blogsaverroes.juntadeandalucia.es\/iesvaetwinning\/files\/2021\/04\/1618424097192-207x300.jpg 207w, https:\/\/blogsaverroes.juntadeandalucia.es\/iesvaetwinning\/files\/2021\/04\/1618424097192-705x1024.jpg 705w, https:\/\/blogsaverroes.juntadeandalucia.es\/iesvaetwinning\/files\/2021\/04\/1618424097192-768x1115.jpg 768w, https:\/\/blogsaverroes.juntadeandalucia.es\/iesvaetwinning\/files\/2021\/04\/1618424097192-1058x1536.jpg 1058w, https:\/\/blogsaverroes.juntadeandalucia.es\/iesvaetwinning\/files\/2021\/04\/1618424097192.jpg 1080w\" sizes=\"(max-width: 207px) 100vw, 207px\" \/><\/a><\/p>\n<p>&nbsp;<\/p>\n<p>&nbsp;<\/p>\n<p>&nbsp;<\/p>\n","protected":false},"excerpt":{"rendered":"<p>Women of the oceans. Oceans of life Este proyecto quiere hacer visible el papel de las cient\u00edficas en la defensa de las especies y los&hellip;<\/p>\n","protected":false},"author":8182,"featured_media":0,"parent":0,"menu_order":0,"comment_status":"closed","ping_status":"closed","template":"","meta":{"ngg_post_thumbnail":0,"footnotes":""},"aioseo_notices":[],"_links":{"self":[{"href":"https:\/\/blogsaverroes.juntadeandalucia.es\/iesvaetwinning\/wp-json\/wp\/v2\/pages\/1254"}],"collection":[{"href":"https:\/\/blogsaverroes.juntadeandalucia.es\/iesvaetwinning\/wp-json\/wp\/v2\/pages"}],"about":[{"href":"https:\/\/blogsaverroes.juntadeandalucia.es\/iesvaetwinning\/wp-json\/wp\/v2\/types\/page"}],"author":[{"embeddable":true,"href":"https:\/\/blogsaverroes.juntadeandalucia.es\/iesvaetwinning\/wp-json\/wp\/v2\/users\/8182"}],"replies":[{"embeddable":true,"href":"https:\/\/blogsaverroes.juntadeandalucia.es\/iesvaetwinning\/wp-json\/wp\/v2\/comments?post=1254"}],"version-history":[{"count":32,"href":"https:\/\/blogsaverroes.juntadeandalucia.es\/iesvaetwinning\/wp-json\/wp\/v2\/pages\/1254\/revisions"}],"predecessor-version":[{"id":2419,"href":"https:\/\/blogsaverroes.juntadeandalucia.es\/iesvaetwinning\/wp-json\/wp\/v2\/pages\/1254\/revisions\/2419"}],"wp:attachment":[{"href":"https:\/\/blogsaverroes.juntadeandalucia.es\/iesvaetwinning\/wp-json\/wp\/v2\/media?parent=1254"}],"curies":[{"name":"wp","href":"https:\/\/api.w.org\/{rel}","templated":true}]}}