{"id":1466,"date":"2020-12-09T20:17:32","date_gmt":"2020-12-09T19:17:32","guid":{"rendered":"https:\/\/blogsaverroes.juntadeandalucia.es\/iesvaetwinning\/?page_id=1466"},"modified":"2021-06-17T16:53:49","modified_gmt":"2021-06-17T14:53:49","slug":"formacion-etwinning","status":"publish","type":"page","link":"https:\/\/blogsaverroes.juntadeandalucia.es\/iesvaetwinning\/formacion-etwinning\/","title":{"rendered":"Formaci\u00f3n eTwinning"},"content":{"rendered":"<p>&nbsp;<\/p>\n<table style=\"border-collapse: collapse;width: 100%\">\n<tbody>\n<tr>\n<td style=\"width: 50%\"><span style=\"font-size: 14pt;color: #ff9900\">I Encuentro Andaluz<a href=\"https:\/\/view.genial.ly\/6015d5e922eaac0d7191f09b\/vertical-infographic-sinergias-etwinning-erasmus\" target=\"_blank\" rel=\"noopener noreferrer\"><img loading=\"lazy\" decoding=\"async\" class=\"alignleft wp-image-1530 size-medium\" src=\"https:\/\/blogsaverroes.juntadeandalucia.es\/iesvaetwinning\/files\/2021\/02\/img_20210205_0645474718453636548970966-150x300.jpg\" alt=\"\" width=\"150\" height=\"300\" srcset=\"https:\/\/blogsaverroes.juntadeandalucia.es\/iesvaetwinning\/files\/2021\/02\/img_20210205_0645474718453636548970966-150x300.jpg 150w, https:\/\/blogsaverroes.juntadeandalucia.es\/iesvaetwinning\/files\/2021\/02\/img_20210205_0645474718453636548970966-512x1024.jpg 512w, https:\/\/blogsaverroes.juntadeandalucia.es\/iesvaetwinning\/files\/2021\/02\/img_20210205_0645474718453636548970966-768x1536.jpg 768w, https:\/\/blogsaverroes.juntadeandalucia.es\/iesvaetwinning\/files\/2021\/02\/img_20210205_0645474718453636548970966-1024x2048.jpg 1024w, https:\/\/blogsaverroes.juntadeandalucia.es\/iesvaetwinning\/files\/2021\/02\/img_20210205_0645474718453636548970966.jpg 1071w\" sizes=\"(max-width: 150px) 100vw, 150px\" \/><\/a> de Coordinadores Erasmus<\/span><\/p>\n<p><a href=\"https:\/\/view.genial.ly\/5ff0c8c0a4c36c0d86000156\/vertical-infographic-proyecto-cartel\"><img loading=\"lazy\" decoding=\"async\" class=\"wp-image-1519 size-medium alignright\" src=\"https:\/\/blogsaverroes.juntadeandalucia.es\/iesvaetwinning\/files\/2021\/02\/WhatsApp-Image-2021-02-02-at-19.40.49-162x300.jpeg\" alt=\"\" width=\"162\" height=\"300\" srcset=\"https:\/\/blogsaverroes.juntadeandalucia.es\/iesvaetwinning\/files\/2021\/02\/WhatsApp-Image-2021-02-02-at-19.40.49-162x300.jpeg 162w, https:\/\/blogsaverroes.juntadeandalucia.es\/iesvaetwinning\/files\/2021\/02\/WhatsApp-Image-2021-02-02-at-19.40.49-553x1024.jpeg 553w, https:\/\/blogsaverroes.juntadeandalucia.es\/iesvaetwinning\/files\/2021\/02\/WhatsApp-Image-2021-02-02-at-19.40.49-768x1422.jpeg 768w, https:\/\/blogsaverroes.juntadeandalucia.es\/iesvaetwinning\/files\/2021\/02\/WhatsApp-Image-2021-02-02-at-19.40.49-829x1536.jpeg 829w, https:\/\/blogsaverroes.juntadeandalucia.es\/iesvaetwinning\/files\/2021\/02\/WhatsApp-Image-2021-02-02-at-19.40.49-13x24.jpeg 13w, https:\/\/blogsaverroes.juntadeandalucia.es\/iesvaetwinning\/files\/2021\/02\/WhatsApp-Image-2021-02-02-at-19.40.49-19x36.jpeg 19w, https:\/\/blogsaverroes.juntadeandalucia.es\/iesvaetwinning\/files\/2021\/02\/WhatsApp-Image-2021-02-02-at-19.40.49-26x48.jpeg 26w, https:\/\/blogsaverroes.juntadeandalucia.es\/iesvaetwinning\/files\/2021\/02\/WhatsApp-Image-2021-02-02-at-19.40.49.jpeg 864w\" sizes=\"(max-width: 162px) 100vw, 162px\" \/><\/a><\/td>\n<td style=\"width: 50%\">\u00bf<a href=\"https:\/\/view.genial.ly\/6015d5e922eaac0d7191f09b\/vertical-infographic-sinergias-etwinning-erasmus\" target=\"_blank\" rel=\"noopener noreferrer\">Qu\u00e9 aporta eTwinning a Erasmus+\u2049\ufe0f<\/a><\/p>\n<p>Accede a la grabaci\u00f3n del X<span style=\"font-size: 12pt\">XVI Webinar del Grupo de Equipos Directivos eTwinning,&nbsp;<\/span>con la participaci\u00f3n de Isabel Esteban y Rosario Rodr\u00edguez, Sinergias entre eTwinning y Erasmus+<\/p>\n<p><a href=\"https:\/\/www.youtube.com\/watch?v=bRt6Dspq4-E\"><img loading=\"lazy\" decoding=\"async\" class=\"alignnone wp-image-1771 size-large\" src=\"https:\/\/blogsaverroes.juntadeandalucia.es\/iesvaetwinning\/files\/2021\/06\/Grabaci\u00f3n-EDIR-1024x465.jpg\" alt=\"\" width=\"843\" height=\"383\" srcset=\"https:\/\/blogsaverroes.juntadeandalucia.es\/iesvaetwinning\/files\/2021\/06\/Grabaci\u00f3n-EDIR-1024x465.jpg 1024w, https:\/\/blogsaverroes.juntadeandalucia.es\/iesvaetwinning\/files\/2021\/06\/Grabaci\u00f3n-EDIR-300x136.jpg 300w, https:\/\/blogsaverroes.juntadeandalucia.es\/iesvaetwinning\/files\/2021\/06\/Grabaci\u00f3n-EDIR-768x349.jpg 768w, https:\/\/blogsaverroes.juntadeandalucia.es\/iesvaetwinning\/files\/2021\/06\/Grabaci\u00f3n-EDIR.jpg 1144w\" sizes=\"(max-width: 843px) 100vw, 843px\" \/><\/a><\/p>\n<p>&nbsp;<\/p>\n<p>&nbsp;<\/td>\n<\/tr>\n<\/tbody>\n<\/table>\n<p>&nbsp;<\/p>\n<p><span style=\"color: #003366;font-size: 14pt\">I Jornadas Provinciales Granada, Diciembre 2020<\/span><br \/>\n<span style=\"color: #003366;font-size: 14pt\">Haz click en la imagen para ver las presentaciones de las jornadas<\/span><\/p>\n<table style=\"border-collapse: collapse;width: 100%\">\n<tbody>\n<tr>\n<td style=\"width: 50%\" colspan=\"1\" rowspan=\"1\"><img loading=\"lazy\" decoding=\"async\" class=\"aligncenter wp-image-1437\" src=\"https:\/\/blogsaverroes.juntadeandalucia.es\/iesvaetwinning\/files\/2020\/12\/Embajadores-300x176.jpg\" alt=\"\" width=\"400\" height=\"235\" srcset=\"https:\/\/blogsaverroes.juntadeandalucia.es\/iesvaetwinning\/files\/2020\/12\/Embajadores-300x176.jpg 300w, https:\/\/blogsaverroes.juntadeandalucia.es\/iesvaetwinning\/files\/2020\/12\/Embajadores-768x450.jpg 768w, https:\/\/blogsaverroes.juntadeandalucia.es\/iesvaetwinning\/files\/2020\/12\/Embajadores-24x14.jpg 24w, https:\/\/blogsaverroes.juntadeandalucia.es\/iesvaetwinning\/files\/2020\/12\/Embajadores-36x21.jpg 36w, https:\/\/blogsaverroes.juntadeandalucia.es\/iesvaetwinning\/files\/2020\/12\/Embajadores-48x28.jpg 48w, https:\/\/blogsaverroes.juntadeandalucia.es\/iesvaetwinning\/files\/2020\/12\/Embajadores.jpg 873w\" sizes=\"(max-width: 400px) 100vw, 400px\" \/><\/td>\n<td style=\"width: 50%\" colspan=\"1\" rowspan=\"1\"><a href=\"https:\/\/blogsaverroes.juntadeandalucia.es\/iesvaetwinning\/files\/2020\/12\/01Intro.pdf\"><img loading=\"lazy\" decoding=\"async\" class=\"aligncenter wp-image-1452\" src=\"https:\/\/blogsaverroes.juntadeandalucia.es\/iesvaetwinning\/files\/2020\/12\/01Intro-300x174.jpg\" alt=\"\" width=\"400\" height=\"232\" srcset=\"https:\/\/blogsaverroes.juntadeandalucia.es\/iesvaetwinning\/files\/2020\/12\/01Intro-300x174.jpg 300w, https:\/\/blogsaverroes.juntadeandalucia.es\/iesvaetwinning\/files\/2020\/12\/01Intro-24x14.jpg 24w, https:\/\/blogsaverroes.juntadeandalucia.es\/iesvaetwinning\/files\/2020\/12\/01Intro-36x21.jpg 36w, https:\/\/blogsaverroes.juntadeandalucia.es\/iesvaetwinning\/files\/2020\/12\/01Intro-48x28.jpg 48w, https:\/\/blogsaverroes.juntadeandalucia.es\/iesvaetwinning\/files\/2020\/12\/01Intro.jpg 654w\" sizes=\"(max-width: 400px) 100vw, 400px\" \/><\/a><\/td>\n<\/tr>\n<tr>\n<td style=\"width: 50%\" colspan=\"1\" rowspan=\"1\"><a href=\"https:\/\/blogsaverroes.juntadeandalucia.es\/iesvaetwinning\/files\/2020\/12\/02Portales.pdf\"><img loading=\"lazy\" decoding=\"async\" class=\"alignnone size-medium wp-image-1446 aligncenter\" src=\"https:\/\/blogsaverroes.juntadeandalucia.es\/iesvaetwinning\/files\/2020\/12\/02-portales-300x175.jpg\" alt=\"\" width=\"300\" height=\"175\" srcset=\"https:\/\/blogsaverroes.juntadeandalucia.es\/iesvaetwinning\/files\/2020\/12\/02-portales-300x175.jpg 300w, https:\/\/blogsaverroes.juntadeandalucia.es\/iesvaetwinning\/files\/2020\/12\/02-portales-24x14.jpg 24w, https:\/\/blogsaverroes.juntadeandalucia.es\/iesvaetwinning\/files\/2020\/12\/02-portales-36x21.jpg 36w, https:\/\/blogsaverroes.juntadeandalucia.es\/iesvaetwinning\/files\/2020\/12\/02-portales-48x28.jpg 48w, https:\/\/blogsaverroes.juntadeandalucia.es\/iesvaetwinning\/files\/2020\/12\/02-portales.jpg 653w\" sizes=\"(max-width: 300px) 100vw, 300px\" \/><\/a><span style=\"color: #ff6600\">Portales eTwinning<\/span><\/td>\n<td style=\"width: 50%\" colspan=\"1\" rowspan=\"1\"><a href=\"https:\/\/blogsaverroes.juntadeandalucia.es\/iesvaetwinning\/files\/2020\/12\/03eTwinningLive.pdf\"><img loading=\"lazy\" decoding=\"async\" class=\"size-medium wp-image-1447 aligncenter\" src=\"https:\/\/blogsaverroes.juntadeandalucia.es\/iesvaetwinning\/files\/2020\/12\/03eTwinningLive-300x175.jpg\" alt=\"\" width=\"300\" height=\"175\" srcset=\"https:\/\/blogsaverroes.juntadeandalucia.es\/iesvaetwinning\/files\/2020\/12\/03eTwinningLive-300x175.jpg 300w, https:\/\/blogsaverroes.juntadeandalucia.es\/iesvaetwinning\/files\/2020\/12\/03eTwinningLive-24x14.jpg 24w, https:\/\/blogsaverroes.juntadeandalucia.es\/iesvaetwinning\/files\/2020\/12\/03eTwinningLive-36x21.jpg 36w, https:\/\/blogsaverroes.juntadeandalucia.es\/iesvaetwinning\/files\/2020\/12\/03eTwinningLive-48x28.jpg 48w, https:\/\/blogsaverroes.juntadeandalucia.es\/iesvaetwinning\/files\/2020\/12\/03eTwinningLive.jpg 653w\" sizes=\"(max-width: 300px) 100vw, 300px\" \/><\/a><span style=\"color: #ff6600\">eTwinning Live<\/span><\/td>\n<\/tr>\n<tr>\n<td style=\"width: 50%\" colspan=\"1\" rowspan=\"1\"><a href=\"https:\/\/blogsaverroes.juntadeandalucia.es\/iesvaetwinning\/files\/2020\/12\/04TwinSpaceAlumnado.pdf\"><img loading=\"lazy\" decoding=\"async\" class=\"alignnone size-medium wp-image-1448 aligncenter\" src=\"https:\/\/blogsaverroes.juntadeandalucia.es\/iesvaetwinning\/files\/2020\/12\/04TwinSpaceAlumnado-300x174.jpg\" alt=\"\" width=\"300\" height=\"174\" srcset=\"https:\/\/blogsaverroes.juntadeandalucia.es\/iesvaetwinning\/files\/2020\/12\/04TwinSpaceAlumnado-300x174.jpg 300w, https:\/\/blogsaverroes.juntadeandalucia.es\/iesvaetwinning\/files\/2020\/12\/04TwinSpaceAlumnado-24x14.jpg 24w, https:\/\/blogsaverroes.juntadeandalucia.es\/iesvaetwinning\/files\/2020\/12\/04TwinSpaceAlumnado-36x21.jpg 36w, https:\/\/blogsaverroes.juntadeandalucia.es\/iesvaetwinning\/files\/2020\/12\/04TwinSpaceAlumnado-48x28.jpg 48w, https:\/\/blogsaverroes.juntadeandalucia.es\/iesvaetwinning\/files\/2020\/12\/04TwinSpaceAlumnado.jpg 655w\" sizes=\"(max-width: 300px) 100vw, 300px\" \/><\/a><span style=\"color: #ff6600\">TwinSpace: alumnado<\/span><\/td>\n<td style=\"width: 50%\" colspan=\"1\" rowspan=\"1\"><a href=\"https:\/\/blogsaverroes.juntadeandalucia.es\/iesvaetwinning\/files\/2020\/12\/05TwinSpaceProfesorado.pdf\"><img loading=\"lazy\" decoding=\"async\" class=\"size-medium wp-image-1449 aligncenter\" src=\"https:\/\/blogsaverroes.juntadeandalucia.es\/iesvaetwinning\/files\/2020\/12\/05TwinSpaceProfesorado-300x175.jpg\" alt=\"\" width=\"300\" height=\"175\" srcset=\"https:\/\/blogsaverroes.juntadeandalucia.es\/iesvaetwinning\/files\/2020\/12\/05TwinSpaceProfesorado-300x175.jpg 300w, https:\/\/blogsaverroes.juntadeandalucia.es\/iesvaetwinning\/files\/2020\/12\/05TwinSpaceProfesorado-24x14.jpg 24w, https:\/\/blogsaverroes.juntadeandalucia.es\/iesvaetwinning\/files\/2020\/12\/05TwinSpaceProfesorado-36x21.jpg 36w, https:\/\/blogsaverroes.juntadeandalucia.es\/iesvaetwinning\/files\/2020\/12\/05TwinSpaceProfesorado-48x28.jpg 48w, https:\/\/blogsaverroes.juntadeandalucia.es\/iesvaetwinning\/files\/2020\/12\/05TwinSpaceProfesorado.jpg 655w\" sizes=\"(max-width: 300px) 100vw, 300px\" \/><\/a><span style=\"color: #ff6600\">TwinSpace: profesorado<\/span><\/td>\n<\/tr>\n<tr>\n<td style=\"width: 50%\" colspan=\"1\" rowspan=\"1\"><a href=\"https:\/\/blogsaverroes.juntadeandalucia.es\/iesvaetwinning\/files\/2020\/12\/06Infantil-y-Primaria.pdf\"><img loading=\"lazy\" decoding=\"async\" class=\"alignnone size-medium wp-image-1450 aligncenter\" src=\"https:\/\/blogsaverroes.juntadeandalucia.es\/iesvaetwinning\/files\/2020\/12\/06Infantil-y-Primaria-300x170.jpg\" alt=\"\" width=\"300\" height=\"170\" srcset=\"https:\/\/blogsaverroes.juntadeandalucia.es\/iesvaetwinning\/files\/2020\/12\/06Infantil-y-Primaria-300x170.jpg 300w, https:\/\/blogsaverroes.juntadeandalucia.es\/iesvaetwinning\/files\/2020\/12\/06Infantil-y-Primaria-24x14.jpg 24w, https:\/\/blogsaverroes.juntadeandalucia.es\/iesvaetwinning\/files\/2020\/12\/06Infantil-y-Primaria-36x20.jpg 36w, https:\/\/blogsaverroes.juntadeandalucia.es\/iesvaetwinning\/files\/2020\/12\/06Infantil-y-Primaria-48x27.jpg 48w, https:\/\/blogsaverroes.juntadeandalucia.es\/iesvaetwinning\/files\/2020\/12\/06Infantil-y-Primaria.jpg 656w\" sizes=\"(max-width: 300px) 100vw, 300px\" \/><\/a><span style=\"color: #ff6600\">eTwinning en Infantil y Primaria<\/span><\/td>\n<td style=\"width: 50%\" colspan=\"1\" rowspan=\"1\"><a href=\"https:\/\/blogsaverroes.juntadeandalucia.es\/iesvaetwinning\/files\/2020\/12\/07ESO-Bachillerato-y-CCFF.pdf\"><img loading=\"lazy\" decoding=\"async\" class=\"size-medium wp-image-1451 aligncenter\" src=\"https:\/\/blogsaverroes.juntadeandalucia.es\/iesvaetwinning\/files\/2020\/12\/07ESO-Bachillerato-y-CCFF-300x176.jpg\" alt=\"\" width=\"300\" height=\"176\" srcset=\"https:\/\/blogsaverroes.juntadeandalucia.es\/iesvaetwinning\/files\/2020\/12\/07ESO-Bachillerato-y-CCFF-300x176.jpg 300w, https:\/\/blogsaverroes.juntadeandalucia.es\/iesvaetwinning\/files\/2020\/12\/07ESO-Bachillerato-y-CCFF-24x14.jpg 24w, https:\/\/blogsaverroes.juntadeandalucia.es\/iesvaetwinning\/files\/2020\/12\/07ESO-Bachillerato-y-CCFF-36x21.jpg 36w, https:\/\/blogsaverroes.juntadeandalucia.es\/iesvaetwinning\/files\/2020\/12\/07ESO-Bachillerato-y-CCFF-48x28.jpg 48w, https:\/\/blogsaverroes.juntadeandalucia.es\/iesvaetwinning\/files\/2020\/12\/07ESO-Bachillerato-y-CCFF.jpg 634w\" sizes=\"(max-width: 300px) 100vw, 300px\" \/><\/a><span style=\"color: #ff6600\">eTwinning en ESO, Bachillerato y Ciclos Formativos<\/span><\/td>\n<\/tr>\n<\/tbody>\n<\/table>\n<p><span style=\"color: #003366;font-size: 14pt\">Presentaci\u00f3n sobre c\u00f3mo trabajar eTwinning con alumnado de distintas ense\u00f1anzas. La colaboraci\u00f3n entre un centro de FP de Eslovenia y Bachillerato del IES Vega de Atarfe Premio Nacional Golden Cable en Eslovenia.<\/span><br \/>\n<span style=\"color: #003366;font-size: 14pt\">Presentaci\u00f3n Grupo de \u00c1reas Rurales<\/span><\/p>\n<p><a href=\"https:\/\/youtu.be\/JIvhxoyXB_w\"><img loading=\"lazy\" decoding=\"async\" class=\"alignnone wp-image-1461 size-full\" src=\"https:\/\/blogsaverroes.juntadeandalucia.es\/iesvaetwinning\/files\/2020\/12\/portada-twinspace.jpg\" alt=\"\" width=\"858\" height=\"509\" srcset=\"https:\/\/blogsaverroes.juntadeandalucia.es\/iesvaetwinning\/files\/2020\/12\/portada-twinspace.jpg 858w, https:\/\/blogsaverroes.juntadeandalucia.es\/iesvaetwinning\/files\/2020\/12\/portada-twinspace-300x178.jpg 300w, https:\/\/blogsaverroes.juntadeandalucia.es\/iesvaetwinning\/files\/2020\/12\/portada-twinspace-768x456.jpg 768w, https:\/\/blogsaverroes.juntadeandalucia.es\/iesvaetwinning\/files\/2020\/12\/portada-twinspace-24x14.jpg 24w, https:\/\/blogsaverroes.juntadeandalucia.es\/iesvaetwinning\/files\/2020\/12\/portada-twinspace-36x21.jpg 36w, https:\/\/blogsaverroes.juntadeandalucia.es\/iesvaetwinning\/files\/2020\/12\/portada-twinspace-48x28.jpg 48w\" sizes=\"(max-width: 858px) 100vw, 858px\" \/><\/a><\/p>\n<p><span style=\"color: #003366;font-size: 14pt\">Presentaci\u00f3n eTwinning en la FP<\/span><\/p>\n<p><a href=\"https:\/\/youtu.be\/qiSdAEezYzI\"><img loading=\"lazy\" decoding=\"async\" class=\"alignnone wp-image-1463 size-full\" src=\"https:\/\/blogsaverroes.juntadeandalucia.es\/iesvaetwinning\/files\/2020\/12\/portada-abriendo-las-aulas.jpg\" alt=\"\" width=\"858\" height=\"485\" srcset=\"https:\/\/blogsaverroes.juntadeandalucia.es\/iesvaetwinning\/files\/2020\/12\/portada-abriendo-las-aulas.jpg 858w, https:\/\/blogsaverroes.juntadeandalucia.es\/iesvaetwinning\/files\/2020\/12\/portada-abriendo-las-aulas-300x170.jpg 300w, https:\/\/blogsaverroes.juntadeandalucia.es\/iesvaetwinning\/files\/2020\/12\/portada-abriendo-las-aulas-768x434.jpg 768w, https:\/\/blogsaverroes.juntadeandalucia.es\/iesvaetwinning\/files\/2020\/12\/portada-abriendo-las-aulas-24x14.jpg 24w, https:\/\/blogsaverroes.juntadeandalucia.es\/iesvaetwinning\/files\/2020\/12\/portada-abriendo-las-aulas-36x20.jpg 36w, https:\/\/blogsaverroes.juntadeandalucia.es\/iesvaetwinning\/files\/2020\/12\/portada-abriendo-las-aulas-48x27.jpg 48w\" sizes=\"(max-width: 858px) 100vw, 858px\" \/><\/a><\/p>\n","protected":false},"excerpt":{"rendered":"<p>&nbsp; I Encuentro Andaluz de Coordinadores Erasmus \u00bfQu\u00e9 aporta eTwinning a Erasmus+\u2049\ufe0f Accede a la grabaci\u00f3n del XXVI Webinar del Grupo de Equipos Directivos eTwinning,&nbsp;con&hellip;<\/p>\n","protected":false},"author":8182,"featured_media":0,"parent":0,"menu_order":0,"comment_status":"closed","ping_status":"closed","template":"","meta":{"ngg_post_thumbnail":0,"footnotes":""},"aioseo_notices":[],"_links":{"self":[{"href":"https:\/\/blogsaverroes.juntadeandalucia.es\/iesvaetwinning\/wp-json\/wp\/v2\/pages\/1466"}],"collection":[{"href":"https:\/\/blogsaverroes.juntadeandalucia.es\/iesvaetwinning\/wp-json\/wp\/v2\/pages"}],"about":[{"href":"https:\/\/blogsaverroes.juntadeandalucia.es\/iesvaetwinning\/wp-json\/wp\/v2\/types\/page"}],"author":[{"embeddable":true,"href":"https:\/\/blogsaverroes.juntadeandalucia.es\/iesvaetwinning\/wp-json\/wp\/v2\/users\/8182"}],"replies":[{"embeddable":true,"href":"https:\/\/blogsaverroes.juntadeandalucia.es\/iesvaetwinning\/wp-json\/wp\/v2\/comments?post=1466"}],"version-history":[{"count":17,"href":"https:\/\/blogsaverroes.juntadeandalucia.es\/iesvaetwinning\/wp-json\/wp\/v2\/pages\/1466\/revisions"}],"predecessor-version":[{"id":1773,"href":"https:\/\/blogsaverroes.juntadeandalucia.es\/iesvaetwinning\/wp-json\/wp\/v2\/pages\/1466\/revisions\/1773"}],"wp:attachment":[{"href":"https:\/\/blogsaverroes.juntadeandalucia.es\/iesvaetwinning\/wp-json\/wp\/v2\/media?parent=1466"}],"curies":[{"name":"wp","href":"https:\/\/api.w.org\/{rel}","templated":true}]}}