{"id":1565,"date":"2021-05-09T10:53:11","date_gmt":"2021-05-09T08:53:11","guid":{"rendered":"https:\/\/blogsaverroes.juntadeandalucia.es\/iesvaetwinning\/?page_id=1565"},"modified":"2021-06-17T17:07:02","modified_gmt":"2021-06-17T15:07:02","slug":"en-portada","status":"publish","type":"page","link":"https:\/\/blogsaverroes.juntadeandalucia.es\/iesvaetwinning\/en-portada\/","title":{"rendered":"Efem\u00e9rides y ocasiones especiales"},"content":{"rendered":"<p>Coincidiendo con el d\u00eda de Europa, el 9 de mayo celebramos el d\u00eda de eTwinning como muestra de colaboraci\u00f3n entre los centros y por ende, entre las naciones.<\/p>\n<p>Desde el IES Vega de Atarfe, centro eTwinning, resaltamos los valores que eTwinning aporta a la educaci\u00f3n de los futuros ciudadanos europeos.<\/p>\n<p>&nbsp;<\/p>\n<p><img loading=\"lazy\" decoding=\"async\" class=\"aligncenter wp-image-1570 size-full\" src=\"https:\/\/blogsaverroes.juntadeandalucia.es\/iesvaetwinning\/files\/2021\/05\/D\u00eda-eTwinning-21.jpg\" alt=\"\" width=\"1080\" height=\"1620\" srcset=\"https:\/\/blogsaverroes.juntadeandalucia.es\/iesvaetwinning\/files\/2021\/05\/D\u00eda-eTwinning-21.jpg 1080w, https:\/\/blogsaverroes.juntadeandalucia.es\/iesvaetwinning\/files\/2021\/05\/D\u00eda-eTwinning-21-200x300.jpg 200w, https:\/\/blogsaverroes.juntadeandalucia.es\/iesvaetwinning\/files\/2021\/05\/D\u00eda-eTwinning-21-683x1024.jpg 683w, https:\/\/blogsaverroes.juntadeandalucia.es\/iesvaetwinning\/files\/2021\/05\/D\u00eda-eTwinning-21-768x1152.jpg 768w, https:\/\/blogsaverroes.juntadeandalucia.es\/iesvaetwinning\/files\/2021\/05\/D\u00eda-eTwinning-21-1024x1536.jpg 1024w\" sizes=\"(max-width: 1080px) 100vw, 1080px\" \/><\/p>\n<p>&nbsp;<\/p>\n<p><a href=\"http:\/\/etwinning.es\/es\/celebra-el-dia-etwinning-2021\/\"><img loading=\"lazy\" decoding=\"async\" class=\"aligncenter wp-image-1573 size-full\" src=\"https:\/\/blogsaverroes.juntadeandalucia.es\/iesvaetwinning\/files\/2021\/05\/eTwinning_day.jpg\" alt=\"\" width=\"711\" height=\"400\" srcset=\"https:\/\/blogsaverroes.juntadeandalucia.es\/iesvaetwinning\/files\/2021\/05\/eTwinning_day.jpg 711w, https:\/\/blogsaverroes.juntadeandalucia.es\/iesvaetwinning\/files\/2021\/05\/eTwinning_day-300x169.jpg 300w\" sizes=\"(max-width: 711px) 100vw, 711px\" \/><\/a><\/p>\n<p style=\"text-align: center\">Haz clic en la imagen para ver el art\u00edculo relacionado<\/p>\n<p><img loading=\"lazy\" decoding=\"async\" class=\"wp-image-1575 size-medium aligncenter\" src=\"https:\/\/blogsaverroes.juntadeandalucia.es\/iesvaetwinning\/files\/2021\/05\/D\u00eda-de-Europa-211x300.jpg\" alt=\"\" width=\"211\" height=\"300\" srcset=\"https:\/\/blogsaverroes.juntadeandalucia.es\/iesvaetwinning\/files\/2021\/05\/D\u00eda-de-Europa-211x300.jpg 211w, https:\/\/blogsaverroes.juntadeandalucia.es\/iesvaetwinning\/files\/2021\/05\/D\u00eda-de-Europa-720x1024.jpg 720w, https:\/\/blogsaverroes.juntadeandalucia.es\/iesvaetwinning\/files\/2021\/05\/D\u00eda-de-Europa-768x1093.jpg 768w, https:\/\/blogsaverroes.juntadeandalucia.es\/iesvaetwinning\/files\/2021\/05\/D\u00eda-de-Europa-1079x1536.jpg 1079w, https:\/\/blogsaverroes.juntadeandalucia.es\/iesvaetwinning\/files\/2021\/05\/D\u00eda-de-Europa-1439x2048.jpg 1439w, https:\/\/blogsaverroes.juntadeandalucia.es\/iesvaetwinning\/files\/2021\/05\/D\u00eda-de-Europa-scaled.jpg 1799w\" sizes=\"(max-width: 211px) 100vw, 211px\" \/><\/p>\n<p style=\"text-align: center\">By Eliana (1\u00ba ESO D)<\/p>\n","protected":false},"excerpt":{"rendered":"<p>Coincidiendo con el d\u00eda de Europa, el 9 de mayo celebramos el d\u00eda de eTwinning como muestra de colaboraci\u00f3n entre los centros y por ende,&hellip;<\/p>\n","protected":false},"author":8182,"featured_media":0,"parent":0,"menu_order":0,"comment_status":"closed","ping_status":"closed","template":"","meta":{"ngg_post_thumbnail":0,"footnotes":""},"aioseo_notices":[],"_links":{"self":[{"href":"https:\/\/blogsaverroes.juntadeandalucia.es\/iesvaetwinning\/wp-json\/wp\/v2\/pages\/1565"}],"collection":[{"href":"https:\/\/blogsaverroes.juntadeandalucia.es\/iesvaetwinning\/wp-json\/wp\/v2\/pages"}],"about":[{"href":"https:\/\/blogsaverroes.juntadeandalucia.es\/iesvaetwinning\/wp-json\/wp\/v2\/types\/page"}],"author":[{"embeddable":true,"href":"https:\/\/blogsaverroes.juntadeandalucia.es\/iesvaetwinning\/wp-json\/wp\/v2\/users\/8182"}],"replies":[{"embeddable":true,"href":"https:\/\/blogsaverroes.juntadeandalucia.es\/iesvaetwinning\/wp-json\/wp\/v2\/comments?post=1565"}],"version-history":[{"count":8,"href":"https:\/\/blogsaverroes.juntadeandalucia.es\/iesvaetwinning\/wp-json\/wp\/v2\/pages\/1565\/revisions"}],"predecessor-version":[{"id":1781,"href":"https:\/\/blogsaverroes.juntadeandalucia.es\/iesvaetwinning\/wp-json\/wp\/v2\/pages\/1565\/revisions\/1781"}],"wp:attachment":[{"href":"https:\/\/blogsaverroes.juntadeandalucia.es\/iesvaetwinning\/wp-json\/wp\/v2\/media?parent=1565"}],"curies":[{"name":"wp","href":"https:\/\/api.w.org\/{rel}","templated":true}]}}

Efemérides y ocasiones especiales

<p>Coincidiendo con el día de Europa, el 9 de mayo celebramos el día de eTwinning como muestra de colaboración entre los centros y por ende, entre las naciones.</p>
<p>Desde el IES Vega de Atarfe, centro eTwinning, resaltamos los valores que eTwinning aporta a la educación de los futuros ciudadanos europeos.</p>
<p>&nbsp;</p>
<p><img loading="lazy" decoding="async" class="aligncenter wp-image-1570 size-full" src="https://blogsaverroes.juntadeandalucia.es/iesvaetwinning/files/2021/05/Día-eTwinning-21.jpg" alt="" width="1080" height="1620" srcset="https://blogsaverroes.juntadeandalucia.es/iesvaetwinning/files/2021/05/Día-eTwinning-21.jpg 1080w, https://blogsaverroes.juntadeandalucia.es/iesvaetwinning/files/2021/05/Día-eTwinning-21-200x300.jpg 200w, https://blogsaverroes.juntadeandalucia.es/iesvaetwinning/files/2021/05/Día-eTwinning-21-683x1024.jpg 683w, https://blogsaverroes.juntadeandalucia.es/iesvaetwinning/files/2021/05/Día-eTwinning-21-768x1152.jpg 768w, https://blogsaverroes.juntadeandalucia.es/iesvaetwinning/files/2021/05/Día-eTwinning-21-1024x1536.jpg 1024w" sizes="(max-width: 1080px) 100vw, 1080px" /></p>
<p>&nbsp;</p>
<p><a href="http://etwinning.es/es/celebra-el-dia-etwinning-2021/"><img loading="lazy" decoding="async" class="aligncenter wp-image-1573 size-full" src="https://blogsaverroes.juntadeandalucia.es/iesvaetwinning/files/2021/05/eTwinning_day.jpg" alt="" width="711" height="400" srcset="https://blogsaverroes.juntadeandalucia.es/iesvaetwinning/files/2021/05/eTwinning_day.jpg 711w, https://blogsaverroes.juntadeandalucia.es/iesvaetwinning/files/2021/05/eTwinning_day-300x169.jpg 300w" sizes="(max-width: 711px) 100vw, 711px" /></a></p>
<p style="text-align: center">Haz clic en la imagen para ver el artículo relacionado</p>
<p><img loading="lazy" decoding="async" class="wp-image-1575 size-medium aligncenter" src="https://blogsaverroes.juntadeandalucia.es/iesvaetwinning/files/2021/05/Día-de-Europa-211x300.jpg" alt="" width="211" height="300" srcset="https://blogsaverroes.juntadeandalucia.es/iesvaetwinning/files/2021/05/Día-de-Europa-211x300.jpg 211w, https://blogsaverroes.juntadeandalucia.es/iesvaetwinning/files/2021/05/Día-de-Europa-720x1024.jpg 720w, https://blogsaverroes.juntadeandalucia.es/iesvaetwinning/files/2021/05/Día-de-Europa-768x1093.jpg 768w, https://blogsaverroes.juntadeandalucia.es/iesvaetwinning/files/2021/05/Día-de-Europa-1079x1536.jpg 1079w, https://blogsaverroes.juntadeandalucia.es/iesvaetwinning/files/2021/05/Día-de-Europa-1439x2048.jpg 1439w, https://blogsaverroes.juntadeandalucia.es/iesvaetwinning/files/2021/05/Día-de-Europa-scaled.jpg 1799w" sizes="(max-width: 211px) 100vw, 211px" /></p>
<p style="text-align: center">By Eliana (1º ESO D)</p>

<p>Coincidiendo con el día de Europa, el 9 de mayo celebramos el día de eTwinning como muestra de colaboración entre los centros y por ende,&hellip;</p>
