{"id":429,"date":"2020-02-26T18:21:31","date_gmt":"2020-02-26T17:21:31","guid":{"rendered":"https:\/\/blogsaverroes.juntadeandalucia.es\/iesvaetwinning\/?page_id=429"},"modified":"2021-06-06T00:14:20","modified_gmt":"2021-06-05T22:14:20","slug":"proyectos-2017-18-2","status":"publish","type":"page","link":"https:\/\/blogsaverroes.juntadeandalucia.es\/iesvaetwinning\/proyectos-2017-18-2\/","title":{"rendered":"Proyectos 2017\/18"},"content":{"rendered":"<h2><span style=\"color: #339966;font-size: 24pt\">Home is where your heart is<\/span><\/h2>\n<p><strong><span style=\"color: #0000ff;font-size: 14pt\"><a style=\"color: #0000ff\" href=\"https:\/\/ssts.si\/mirja-mrovlje-prejela-nagrado-za-sodelovanje-ssts-siska-v-projektu-zlati-kabel-etwining\/\">Premio Nacional Golden Cable en Eslovenia<\/a><\/span><\/strong>. Coordinado por Rosario Rodr\u00edguez y M\u00aa Carmen Rodr\u00edguez con Mirja Mrovlje del Centro T\u00e9cnico Siska en Liubliana. 1\u00ba Bachillerato, Ingl\u00e9s.<\/p>\n<p style=\"text-align: center\"><a href=\"https:\/\/twinspace.etwinning.net\/60953\/home\" target=\"_blank\" rel=\"noopener noreferrer\"><img loading=\"lazy\" decoding=\"async\" class=\"alignnone size-medium wp-image-266\" src=\"https:\/\/blogsaverroes.juntadeandalucia.es\/iesvaetwinning\/files\/2020\/02\/logo-lju-235x300.jpg\" alt=\"\" width=\"235\" height=\"300\" srcset=\"https:\/\/blogsaverroes.juntadeandalucia.es\/iesvaetwinning\/files\/2020\/02\/logo-lju-235x300.jpg 235w, https:\/\/blogsaverroes.juntadeandalucia.es\/iesvaetwinning\/files\/2020\/02\/logo-lju-19x24.jpg 19w, https:\/\/blogsaverroes.juntadeandalucia.es\/iesvaetwinning\/files\/2020\/02\/logo-lju-28x36.jpg 28w, https:\/\/blogsaverroes.juntadeandalucia.es\/iesvaetwinning\/files\/2020\/02\/logo-lju-38x48.jpg 38w, https:\/\/blogsaverroes.juntadeandalucia.es\/iesvaetwinning\/files\/2020\/02\/logo-lju.jpg 502w\" sizes=\"(max-width: 235px) 100vw, 235px\" \/><\/a><span style=\"font-size: 8pt\">Click on image for <a href=\"https:\/\/twinspace.etwinning.net\/60953\/home\" target=\"_blank\" rel=\"noopener noreferrer\">Twinspace<\/a><\/span><\/p>\n<p><span style=\"color: #808080;text-align: justify\">\u201cWhen in Rome do as the Romans do\u201d.&nbsp; An old saying advice is worth keeping. Travelling is the best way to share culture so let\u2019s travel and learn about others by means of technology! What is it in SPAIN that makes it so attractive? What is it in SLOVENIA that makes it so interesting? Discovering our cities and countries broadens horizons, knowledge and minds. Are we so different or so similar?. By working on a \u00abnow and then\u00bb basis students will discover that many of the sites and topics they learn about are part of UNESCO Cultural Heritage.<\/span><\/p>\n<p style=\"text-align: justify\"><span style=\"color: #808080;font-size: 10pt\">\u00abAll\u00e1 donde fueres haz lo que vieres\u00bb El consejo de un viejo refr\u00e1n vale la pena guardarlo. Viajar es la mejor forma de compartir la cultura as\u00ed que vamos a viajar y a aprender sobre los dem\u00e1s a trav\u00e9s de la tecnolog\u00eda. \u00bfQu\u00e9 hace a Espa\u00f1a tan atractiva? \u00bfQu\u00e9 hace a Eslovenia tan interesante? Descubrir nuestras ciudades y pa\u00edses ampl\u00eda horizontes, conocimiento y mentes. \u00bfSomos tan diferentes o tan similares? Con un trabajo tipo \u00abantes y despu\u00e9s\u00bb los participantes van a descubrir que muchos de los sitios y temas de los que est\u00e1n aprendiendo son parte del Patrimonio Cultural de la Unesco.<\/span><\/p>\n<p style=\"text-align: center\"><a href=\"https:\/\/issuu.com\/rosa.mru\/docs\/home_is_where_your_heart_is\" target=\"_blank\" rel=\"noopener noreferrer\"><img loading=\"lazy\" decoding=\"async\" class=\"aligncenter wp-image-390 size-full\" src=\"https:\/\/blogsaverroes.juntadeandalucia.es\/iesvaetwinning\/files\/2020\/02\/Captura-home-is.jpg\" alt=\"\" width=\"429\" height=\"497\" srcset=\"https:\/\/blogsaverroes.juntadeandalucia.es\/iesvaetwinning\/files\/2020\/02\/Captura-home-is.jpg 429w, https:\/\/blogsaverroes.juntadeandalucia.es\/iesvaetwinning\/files\/2020\/02\/Captura-home-is-259x300.jpg 259w, https:\/\/blogsaverroes.juntadeandalucia.es\/iesvaetwinning\/files\/2020\/02\/Captura-home-is-21x24.jpg 21w, https:\/\/blogsaverroes.juntadeandalucia.es\/iesvaetwinning\/files\/2020\/02\/Captura-home-is-31x36.jpg 31w, https:\/\/blogsaverroes.juntadeandalucia.es\/iesvaetwinning\/files\/2020\/02\/Captura-home-is-41x48.jpg 41w\" sizes=\"(max-width: 429px) 100vw, 429px\" \/><\/a><\/p>\n<ul>\n<li><span style=\"color: #ff00ff\"><a style=\"color: #ff00ff\" href=\"https:\/\/twinspace.etwinning.net\/60953\/pages\/page\/400448\" target=\"_blank\" rel=\"noopener noreferrer\">Our cultural heritage\/Nuestro patrimonio cultural.<\/a> <span style=\"color: #000000\">Colaboraci\u00f3n de las familias<\/span><\/span><\/li>\n<li><span style=\"color: #ff00ff\"><a style=\"color: #ff00ff\" href=\"https:\/\/twinspace.etwinning.net\/60953\/pages\/page\/367346\" target=\"_blank\" rel=\"noopener noreferrer\">Granada cultural heritage challenge\/Desaf\u00edo sobre patrimonio cultural Granada<\/a><\/span><\/li>\n<li><span style=\"color: #ff00ff\"><a style=\"color: #ff00ff\" href=\"https:\/\/twinspace.etwinning.net\/60953\/pages\/page\/401185\" target=\"_blank\" rel=\"noopener noreferrer\">Ljubliana cultural heritage challenge\/Desaf\u00edo sobre patrimonio cultural Liubliana<\/a><\/span><\/li>\n<li><a href=\"https:\/\/twinspace.etwinning.net\/60953\/pages\/page\/412231\" target=\"_blank\" rel=\"noopener noreferrer\"><span style=\"color: #ff00ff\">Souvenir of the visit \/ Recuerdos de la visita<\/span><\/a><\/li>\n<\/ul>\n<p>&nbsp;<\/p>\n<h2><a href=\"https:\/\/youtu.be\/XA-rFM9ZwvU\" target=\"_blank\" rel=\"noopener noreferrer\"><img loading=\"lazy\" decoding=\"async\" class=\"aligncenter wp-image-662 size-full\" src=\"https:\/\/blogsaverroes.juntadeandalucia.es\/iesvaetwinning\/files\/2020\/03\/Foto-despedida.jpg\" alt=\"\" width=\"586\" height=\"412\" srcset=\"https:\/\/blogsaverroes.juntadeandalucia.es\/iesvaetwinning\/files\/2020\/03\/Foto-despedida.jpg 586w, https:\/\/blogsaverroes.juntadeandalucia.es\/iesvaetwinning\/files\/2020\/03\/Foto-despedida-300x211.jpg 300w, https:\/\/blogsaverroes.juntadeandalucia.es\/iesvaetwinning\/files\/2020\/03\/Foto-despedida-24x17.jpg 24w, https:\/\/blogsaverroes.juntadeandalucia.es\/iesvaetwinning\/files\/2020\/03\/Foto-despedida-36x25.jpg 36w, https:\/\/blogsaverroes.juntadeandalucia.es\/iesvaetwinning\/files\/2020\/03\/Foto-despedida-48x34.jpg 48w\" sizes=\"(max-width: 586px) 100vw, 586px\" \/><\/a><\/h2>\n<h2 style=\"text-align: center\"><span style=\"font-size: 12pt;color: #333399\">Click on image for video of the visit<\/span><\/h2>\n<h1><span style=\"color: #ff0000;font-size: 24pt\">L&#8217;oie europ\u00e9enne<\/span><\/h1>\n<p>Coordinado por M\u00aa Jos\u00e9 Ruiz de Valdivia y Rosario Rodr\u00edguez.&nbsp; 4\u00ba ESO. Franc\u00e9s <a href=\"https:\/\/twinspace.etwinning.net\/46621\/home\"><img loading=\"lazy\" decoding=\"async\" class=\"alignnone wp-image-267\" src=\"https:\/\/blogsaverroes.juntadeandalucia.es\/iesvaetwinning\/files\/2020\/02\/img_3268-300x181.png\" alt=\"\" width=\"400\" height=\"241\" srcset=\"https:\/\/blogsaverroes.juntadeandalucia.es\/iesvaetwinning\/files\/2020\/02\/img_3268-300x181.png 300w, https:\/\/blogsaverroes.juntadeandalucia.es\/iesvaetwinning\/files\/2020\/02\/img_3268-24x14.png 24w, https:\/\/blogsaverroes.juntadeandalucia.es\/iesvaetwinning\/files\/2020\/02\/img_3268-36x22.png 36w, https:\/\/blogsaverroes.juntadeandalucia.es\/iesvaetwinning\/files\/2020\/02\/img_3268-48x29.png 48w, https:\/\/blogsaverroes.juntadeandalucia.es\/iesvaetwinning\/files\/2020\/02\/img_3268.png 477w\" sizes=\"(max-width: 400px) 100vw, 400px\" \/><\/a> <span style=\"font-size: 8pt\">Click on image for Twinspace<\/span><\/p>\n<p>Allons jouer?!! Notre oie va voyager \u00e0 travers l&#8217;Union Europ\u00e9enne et d\u00e9couvrir surtout Italie, France, Espagne et Roumanie. Nous cr\u00e9erons ainsi un jeu de l&#8217;oie virtuel. Les \u00e9l\u00e8ves feront par groupe des recherches sur les th\u00e8mes suivants:<br \/>\n&#8211; L&#8217;\u00e9conomie &#8211; L&#8217;environnement &#8211; Le syst\u00e8me \u00e9ducation &#8211; Les droits hommes femmes &#8211; Les apports au pays &#8211; Le financement pour la ville &#8211; L&#8217;opinion des adultes sur l&#8217;Union Europ\u00e9enne &#8211; Les institutions europ\u00e9ennes &#8211; L&#8217;histoire d\u2019UE &#8211; L\u2019immigration<\/p>\n<p><span style=\"font-size: 10pt\">Jugamos?? Nuestra oca va a viajar a trav\u00e9s de la Uni\u00f3n Europea y descubrir\u00e1 especialmente, Italia, Francia, Espa\u00f1a y Ruman\u00eda. Vamos a crear un juego de la oca virtual. Los alumnos har\u00e1n investigaci\u00f3n en grupo sobre los temas siguientes: &#8211; econom\u00eda &#8211; medioambiente -sistema educativo &#8211; derechos de hombres y mujeres &#8211; aportaciones a los pa\u00edses &#8211; financiaci\u00f3n en su ciudad -opini\u00f3n de los adultos sobre la UE -instituciones europeas &#8211; historia de la UE &#8211; immigraci\u00f3n<\/span><\/p>\n<ul>\n<li class=\"title-blue\"><a href=\"https:\/\/twinspace.etwinning.net\/46621\/pages\/page\/360003\" target=\"_blank\" rel=\"noopener noreferrer\"><span id=\"page-title\">Pr\u00e9sentations sur Patrimoine europ\u00e9en<\/span><\/a><\/li>\n<li><a href=\"https:\/\/twinspace.etwinning.net\/46621\/pages\/page\/408735\" target=\"_blank\" rel=\"noopener noreferrer\">Des parties: Granada &#8211; France<\/a><\/li>\n<\/ul>\n<p>&nbsp;<\/p>\n<h6><a href=\"https:\/\/www.thinglink.com\/channel\/1055850207939395586\/slideshow\" target=\"_blank\" rel=\"noopener noreferrer\"><span style=\"color: #000080;font-size: 18pt\">Le jeu \/ El juego<\/span><\/a><\/h6>\n<p style=\"text-align: center\"><a href=\"https:\/\/www.thinglink.com\/channel\/1055850207939395586\/slideshow\"><img loading=\"lazy\" decoding=\"async\" class=\"wp-image-437 aligncenter\" src=\"https:\/\/blogsaverroes.juntadeandalucia.es\/iesvaetwinning\/files\/2020\/02\/oievoiture-300x185.png\" alt=\"\" width=\"400\" height=\"246\" srcset=\"https:\/\/blogsaverroes.juntadeandalucia.es\/iesvaetwinning\/files\/2020\/02\/oievoiture-300x185.png 300w, https:\/\/blogsaverroes.juntadeandalucia.es\/iesvaetwinning\/files\/2020\/02\/oievoiture-24x15.png 24w, https:\/\/blogsaverroes.juntadeandalucia.es\/iesvaetwinning\/files\/2020\/02\/oievoiture-36x22.png 36w, https:\/\/blogsaverroes.juntadeandalucia.es\/iesvaetwinning\/files\/2020\/02\/oievoiture-48x30.png 48w, https:\/\/blogsaverroes.juntadeandalucia.es\/iesvaetwinning\/files\/2020\/02\/oievoiture.png 634w\" sizes=\"(max-width: 400px) 100vw, 400px\" \/><\/a><span style=\"font-size: 8pt\">Click on image to play<\/span><\/p>\n<p>&nbsp;<\/p>\n<h1><span style=\"color: #99ccff\">We are what we eat<\/span><\/h1>\n<p>Coordinado por Rosario Rodr\u00edguez Utrilla con 1\u00ba CFGM de Gesti\u00f3n Administrativa. Ingl\u00e9s.<\/p>\n<p><a href=\"https:\/\/twinspace.etwinning.net\/52299\/home\" target=\"_blank\" rel=\"noopener noreferrer\"><img loading=\"lazy\" decoding=\"async\" class=\"alignnone wp-image-261 size-medium\" src=\"https:\/\/blogsaverroes.juntadeandalucia.es\/iesvaetwinning\/files\/2020\/02\/logo-we-are-300x196.jpg\" alt=\"\" width=\"300\" height=\"196\" srcset=\"https:\/\/blogsaverroes.juntadeandalucia.es\/iesvaetwinning\/files\/2020\/02\/logo-we-are-300x196.jpg 300w, https:\/\/blogsaverroes.juntadeandalucia.es\/iesvaetwinning\/files\/2020\/02\/logo-we-are-768x501.jpg 768w, https:\/\/blogsaverroes.juntadeandalucia.es\/iesvaetwinning\/files\/2020\/02\/logo-we-are-24x16.jpg 24w, https:\/\/blogsaverroes.juntadeandalucia.es\/iesvaetwinning\/files\/2020\/02\/logo-we-are-36x23.jpg 36w, https:\/\/blogsaverroes.juntadeandalucia.es\/iesvaetwinning\/files\/2020\/02\/logo-we-are-48x31.jpg 48w, https:\/\/blogsaverroes.juntadeandalucia.es\/iesvaetwinning\/files\/2020\/02\/logo-we-are.jpg 927w\" sizes=\"(max-width: 300px) 100vw, 300px\" \/><\/a><span style=\"font-size: 8pt\">Click on image for Twinspace<\/span><\/p>\n<p>\u00abA healthy mind in a healthy body\u00bb Students from Slovakia, Poland and Spain find out about their habits related to food, eating and physical activity. What&#8217;s going on with national healthy recipes and habits of cooking? Do we usually make a healthy choice of food at a reasonable price? Junk food or healthy food? That&#8217;s the question.<\/p>\n<p><span style=\"font-size: 10pt\">Mente sana en cuerpo sano. Alumnos de Eslovaquia, Polonia y Espa\u00f1a investigan sobre sus h\u00e1bitos relacionados con la salud, alimentaci\u00f3n y actividad f\u00edsica. \u00bfQu\u00e9 est\u00e1 pasando con las sanas recetas nacionales y formas de cocinar? \u00bfCogemos a menudo la opci\u00f3n m\u00e1s sana de comida a un precio razonable? \u00bfComida basura o comida sana?, esa es la question.<\/span><\/p>\n<p>&nbsp;<\/p>\n<ul>\n<li><a href=\"https:\/\/twinspace.etwinning.net\/52299\/pages\/page\/319938\" target=\"_blank\" rel=\"noopener noreferrer\"><strong><span style=\"color: #3366ff\">Quiz time<\/span><\/strong><\/a>!!&nbsp; Prueba cu\u00e1nto sabes sobre h\u00e1bitos saludables&nbsp;<\/li>\n<li style=\"text-align: left\"><span style=\"font-size: 14pt;color: #0000ff\"><a style=\"color: #0000ff\" href=\"https:\/\/youtu.be\/kCmf-R1-2vw\">Our game videoconference \/ Nuestro juego<\/a><\/span><a href=\"https:\/\/youtu.be\/TT_D83pzeBo\"><img loading=\"lazy\" decoding=\"async\" class=\"aligncenter wp-image-453 size-full\" src=\"https:\/\/blogsaverroes.juntadeandalucia.es\/iesvaetwinning\/files\/2020\/02\/millionaire-logo.jpg\" alt=\"\" width=\"187\" height=\"187\" srcset=\"https:\/\/blogsaverroes.juntadeandalucia.es\/iesvaetwinning\/files\/2020\/02\/millionaire-logo.jpg 187w, https:\/\/blogsaverroes.juntadeandalucia.es\/iesvaetwinning\/files\/2020\/02\/millionaire-logo-150x150.jpg 150w, https:\/\/blogsaverroes.juntadeandalucia.es\/iesvaetwinning\/files\/2020\/02\/millionaire-logo-100x100.jpg 100w, https:\/\/blogsaverroes.juntadeandalucia.es\/iesvaetwinning\/files\/2020\/02\/millionaire-logo-24x24.jpg 24w, https:\/\/blogsaverroes.juntadeandalucia.es\/iesvaetwinning\/files\/2020\/02\/millionaire-logo-36x36.jpg 36w, https:\/\/blogsaverroes.juntadeandalucia.es\/iesvaetwinning\/files\/2020\/02\/millionaire-logo-48x48.jpg 48w\" sizes=\"(max-width: 187px) 100vw, 187px\" \/><\/a><\/li>\n<\/ul>\n","protected":false},"excerpt":{"rendered":"<p>Home is where your heart is Premio Nacional Golden Cable en Eslovenia. Coordinado por Rosario Rodr\u00edguez y M\u00aa Carmen Rodr\u00edguez con Mirja Mrovlje del Centro&hellip;<\/p>\n","protected":false},"author":8182,"featured_media":0,"parent":0,"menu_order":0,"comment_status":"closed","ping_status":"closed","template":"","meta":{"ngg_post_thumbnail":0,"footnotes":""},"aioseo_notices":[],"_links":{"self":[{"href":"https:\/\/blogsaverroes.juntadeandalucia.es\/iesvaetwinning\/wp-json\/wp\/v2\/pages\/429"}],"collection":[{"href":"https:\/\/blogsaverroes.juntadeandalucia.es\/iesvaetwinning\/wp-json\/wp\/v2\/pages"}],"about":[{"href":"https:\/\/blogsaverroes.juntadeandalucia.es\/iesvaetwinning\/wp-json\/wp\/v2\/types\/page"}],"author":[{"embeddable":true,"href":"https:\/\/blogsaverroes.juntadeandalucia.es\/iesvaetwinning\/wp-json\/wp\/v2\/users\/8182"}],"replies":[{"embeddable":true,"href":"https:\/\/blogsaverroes.juntadeandalucia.es\/iesvaetwinning\/wp-json\/wp\/v2\/comments?post=429"}],"version-history":[{"count":50,"href":"https:\/\/blogsaverroes.juntadeandalucia.es\/iesvaetwinning\/wp-json\/wp\/v2\/pages\/429\/revisions"}],"predecessor-version":[{"id":1609,"href":"https:\/\/blogsaverroes.juntadeandalucia.es\/iesvaetwinning\/wp-json\/wp\/v2\/pages\/429\/revisions\/1609"}],"wp:attachment":[{"href":"https:\/\/blogsaverroes.juntadeandalucia.es\/iesvaetwinning\/wp-json\/wp\/v2\/media?parent=429"}],"curies":[{"name":"wp","href":"https:\/\/api.w.org\/{rel}","templated":true}]}}