{"id":729,"date":"2020-03-17T22:42:55","date_gmt":"2020-03-17T21:42:55","guid":{"rendered":"https:\/\/blogsaverroes.juntadeandalucia.es\/iesvaetwinning\/?page_id=729"},"modified":"2025-09-02T18:21:34","modified_gmt":"2025-09-02T16:21:34","slug":"etwinning-school","status":"publish","type":"page","link":"https:\/\/blogsaverroes.juntadeandalucia.es\/iesvaetwinning\/etwinning-school\/","title":{"rendered":"eTwinning School"},"content":{"rendered":"<table style=\"border-collapse: collapse;width: 100%\">\n<tbody>\n<tr>\n<td style=\"width: 25%\"><img loading=\"lazy\" decoding=\"async\" class=\"size-full wp-image-2383 aligncenter\" src=\"https:\/\/blogsaverroes.juntadeandalucia.es\/iesvaetwinning\/files\/2025\/04\/eTwinning-School-18-19.jpg\" alt=\"\" width=\"795\" height=\"935\" srcset=\"https:\/\/blogsaverroes.juntadeandalucia.es\/iesvaetwinning\/files\/2025\/04\/eTwinning-School-18-19.jpg 795w, https:\/\/blogsaverroes.juntadeandalucia.es\/iesvaetwinning\/files\/2025\/04\/eTwinning-School-18-19-255x300.jpg 255w, https:\/\/blogsaverroes.juntadeandalucia.es\/iesvaetwinning\/files\/2025\/04\/eTwinning-School-18-19-768x903.jpg 768w\" sizes=\"(max-width: 795px) 100vw, 795px\" \/><\/td>\n<td style=\"width: 25%\"><img loading=\"lazy\" decoding=\"async\" class=\"alignnone size-full wp-image-2382 aligncenter\" src=\"https:\/\/blogsaverroes.juntadeandalucia.es\/iesvaetwinning\/files\/2025\/04\/etwinning-school-20-21.png\" alt=\"\" width=\"233\" height=\"255\"><\/td>\n<td style=\"width: 25%\"><img decoding=\"async\" class=\"aligncenter\" src=\"https:\/\/alojaweb.educastur.es\/documents\/2465536\/9898670\/eTwinning+23-24+233x300\/2857867c-ed25-4db6-af83-35475198109e?t=1687341145640\" alt=\"Proyecto eTwinning 2018-2019: &quot;Eat to live, live to eat&quot; - eTwinning - Alojaweb\"><\/td>\n<td style=\"width: 25%\"><img loading=\"lazy\" decoding=\"async\" class=\"alignnone size-full wp-image-2380\" src=\"https:\/\/blogsaverroes.juntadeandalucia.es\/iesvaetwinning\/files\/2025\/04\/eTwinning-School-25.png\" alt=\"\" width=\"233\" height=\"300\"><\/td>\n<\/tr>\n<\/tbody>\n<\/table>\n<p style=\"text-align: center\"><span style=\"color: #ff0000;font-family: 'comic sans ms', sans-serif;font-size: 24pt\">\u00a1 Renovamos Sello Centro eTwinning !<\/span><\/p>\n<p>Gracias a la labor realizada por profesorado y alumnado del centro en estos dos a\u00f1os volvemos a ser<\/p>\n<p><img loading=\"lazy\" decoding=\"async\" class=\"aligncenter wp-image-2242 size-large\" src=\"https:\/\/blogsaverroes.juntadeandalucia.es\/iesvaetwinning\/files\/2023\/05\/eTwSchool-1024x435.jpg\" alt=\"\" width=\"843\" height=\"358\" srcset=\"https:\/\/blogsaverroes.juntadeandalucia.es\/iesvaetwinning\/files\/2023\/05\/eTwSchool-1024x435.jpg 1024w, https:\/\/blogsaverroes.juntadeandalucia.es\/iesvaetwinning\/files\/2023\/05\/eTwSchool-300x128.jpg 300w, https:\/\/blogsaverroes.juntadeandalucia.es\/iesvaetwinning\/files\/2023\/05\/eTwSchool-768x327.jpg 768w, https:\/\/blogsaverroes.juntadeandalucia.es\/iesvaetwinning\/files\/2023\/05\/eTwSchool.jpg 1089w\" sizes=\"(max-width: 843px) 100vw, 843px\" \/><\/p>\n<p style=\"text-align: center\"><span style=\"font-size: 18pt\"><strong><span style=\"color: #ff0000\">We are eTwinning School again<\/span><\/strong><\/span><\/p>\n<p>Nuestro centro mantiene su sello Centro eTwinning. El IES Vega de Atarfe estuvo entre los primeros centros en recibir en 2018 el reconocimiento que se otorga cada dos a\u00f1os. Este reconocimiento nos compromete a seguir liderando el trabajo en equipo, la innovaci\u00f3n, el uso de herramientas digitales, la seguridad en Internet y seguir considerando a nuestro alumnado como modelo de cambio. Enhorabuena a quienes hab\u00e9is puesto vuestro granito de arena.<\/p>\n<p style=\"text-align: center\">&nbsp; &nbsp; &nbsp; &nbsp;<\/p>\n<p><a href=\"https:\/\/www.etwinning.net\/es\/pub\/highlights\/the-etwinning-school-label---.htm\" target=\"_blank\" rel=\"noopener noreferrer\"><strong><span style=\"color: #993366;font-size: 24pt\">\u00bfQu\u00e9 es un Centro eTwinning?<\/span><\/strong><\/a><\/p>\n<h2><span style=\"color: #800080\">Misi\u00f3n de un Centro eTwinning<\/span><\/h2>\n<p>Los centros galardonados con el Sello Centro eTwinning son centros comprometidos en:<\/p>\n<ol>\n<li>El liderazgo compartido a nivel pedag\u00f3gico y profesional<\/li>\n<li>Colaboraci\u00f3n y trabajo en equipo<\/li>\n<li>Alumnado como agentes de cambio en el centro y en las familias<\/li>\n<li>Modelo para otros centros<\/li>\n<li>Innovaci\u00f3n pedag\u00f3gica<\/li>\n<\/ol>\n<p><img loading=\"lazy\" decoding=\"async\" class=\"wp-image-761 size-large aligncenter\" src=\"https:\/\/blogsaverroes.juntadeandalucia.es\/iesvaetwinning\/files\/2020\/04\/valores-centro-eTwinning_page-0001-724x1024.jpg\" alt=\"\" width=\"724\" height=\"1024\" srcset=\"https:\/\/blogsaverroes.juntadeandalucia.es\/iesvaetwinning\/files\/2020\/04\/valores-centro-eTwinning_page-0001-724x1024.jpg 724w, https:\/\/blogsaverroes.juntadeandalucia.es\/iesvaetwinning\/files\/2020\/04\/valores-centro-eTwinning_page-0001-212x300.jpg 212w, https:\/\/blogsaverroes.juntadeandalucia.es\/iesvaetwinning\/files\/2020\/04\/valores-centro-eTwinning_page-0001-768x1086.jpg 768w, https:\/\/blogsaverroes.juntadeandalucia.es\/iesvaetwinning\/files\/2020\/04\/valores-centro-eTwinning_page-0001-17x24.jpg 17w, https:\/\/blogsaverroes.juntadeandalucia.es\/iesvaetwinning\/files\/2020\/04\/valores-centro-eTwinning_page-0001-25x36.jpg 25w, https:\/\/blogsaverroes.juntadeandalucia.es\/iesvaetwinning\/files\/2020\/04\/valores-centro-eTwinning_page-0001-34x48.jpg 34w, https:\/\/blogsaverroes.juntadeandalucia.es\/iesvaetwinning\/files\/2020\/04\/valores-centro-eTwinning_page-0001.jpg 1755w\" sizes=\"(max-width: 724px) 100vw, 724px\" \/><\/p>\n<p>Presentaci\u00f3n de la Embajadora eTwinning Mar\u00eda Rosario Rodr\u00edguez Utrilla sobre los centros eTwinning y el liderazgo en este tipo de centros<\/p>\n<table style=\"border-collapse: collapse;width: 79.3746%\">\n<tbody>\n<tr>\n<td style=\"width: 82.9545%\"><div style=\"width: 843px;\" class=\"wp-video\"><!--[if lt IE 9]><script>document.createElement('video');<\/script><![endif]-->\n<video class=\"wp-video-shortcode\" id=\"video-729-1\" width=\"843\" height=\"474\" autoplay=\"1\" preload=\"metadata\" controls=\"controls\"><source type=\"video\/mp4\" src=\"https:\/\/blogsaverroes.juntadeandalucia.es\/iesvaetwinning\/files\/2020\/03\/C\u00f3mo-son-las-eTwinning-schools.mp4?_=1\" \/><a href=\"https:\/\/blogsaverroes.juntadeandalucia.es\/iesvaetwinning\/files\/2020\/03\/C\u00f3mo-son-las-eTwinning-schools.mp4\">https:\/\/blogsaverroes.juntadeandalucia.es\/iesvaetwinning\/files\/2020\/03\/C\u00f3mo-son-las-eTwinning-schools.mp4<\/a><\/video><\/div><\/p>\n<p>&nbsp;<\/td>\n<td style=\"width: 29.1194%\">&nbsp;<\/td>\n<\/tr>\n<\/tbody>\n<\/table>\n<p>&nbsp;<\/p>\n<p><span style=\"font-size: 18pt;color: #ff9900\">Somos centro eTwinning desde 2018<\/span><\/p>\n<p><span style=\"font-size: 14pt;color: #800080\"><img loading=\"lazy\" decoding=\"async\" class=\"alignnone wp-image-1487\" src=\"https:\/\/blogsaverroes.juntadeandalucia.es\/iesvaetwinning\/files\/2021\/01\/pin.jpg\" alt=\"\" width=\"30\" height=\"44\" srcset=\"https:\/\/blogsaverroes.juntadeandalucia.es\/iesvaetwinning\/files\/2021\/01\/pin.jpg 234w, https:\/\/blogsaverroes.juntadeandalucia.es\/iesvaetwinning\/files\/2021\/01\/pin-206x300.jpg 206w, https:\/\/blogsaverroes.juntadeandalucia.es\/iesvaetwinning\/files\/2021\/01\/pin-17x24.jpg 17w, https:\/\/blogsaverroes.juntadeandalucia.es\/iesvaetwinning\/files\/2021\/01\/pin-25x36.jpg 25w, https:\/\/blogsaverroes.juntadeandalucia.es\/iesvaetwinning\/files\/2021\/01\/pin-33x48.jpg 33w\" sizes=\"(max-width: 30px) 100vw, 30px\" \/><a style=\"color: #800080\" href=\"http:\/\/etwinning.es\/es\/centros-etwinning-2018\/\" target=\"_blank\" rel=\"noopener noreferrer\">Listado de centros eTwinning 2018-2019<\/a><\/span><\/p>\n<p>En 2018 un total de 1217 centros fueron galardonados con el <span style=\"color: #993366\">Sello de <strong><a href=\"http:\/\/etwinning.es\/es\/quieres-ser-un-centro-etwinning\/\">Centros eTwinning<\/a> (2018-2019)<\/strong><\/span>, de los cuales 94 fueron centros espa\u00f1oles y <strong>5 andaluces y 2 granadinos.<\/strong><\/p>\n<p><span style=\"font-size: 14pt;color: #800080\"><a style=\"color: #800080\" href=\"http:\/\/etwinning.es\/es\/centros-etwinning-2020-2021\/\" target=\"_blank\" rel=\"noopener noreferrer\"><img loading=\"lazy\" decoding=\"async\" class=\"alignnone wp-image-1487\" src=\"https:\/\/blogsaverroes.juntadeandalucia.es\/iesvaetwinning\/files\/2021\/01\/pin.jpg\" alt=\"\" width=\"30\" height=\"44\" srcset=\"https:\/\/blogsaverroes.juntadeandalucia.es\/iesvaetwinning\/files\/2021\/01\/pin.jpg 234w, https:\/\/blogsaverroes.juntadeandalucia.es\/iesvaetwinning\/files\/2021\/01\/pin-206x300.jpg 206w, https:\/\/blogsaverroes.juntadeandalucia.es\/iesvaetwinning\/files\/2021\/01\/pin-17x24.jpg 17w, https:\/\/blogsaverroes.juntadeandalucia.es\/iesvaetwinning\/files\/2021\/01\/pin-25x36.jpg 25w, https:\/\/blogsaverroes.juntadeandalucia.es\/iesvaetwinning\/files\/2021\/01\/pin-33x48.jpg 33w\" sizes=\"(max-width: 30px) 100vw, 30px\" \/>Listado de centros eTwinning 2020-2021<\/a><\/span><\/p>\n<p>De un total de 2139 centros reconocidos con este sello durante esta convocatoria, 107 son espa\u00f1oles y<strong><a href=\"http:\/\/www.juntadeandalucia.es\/educacion\/portals\/web\/ced\/novedades\/-\/novedades\/detalle\/hjBmVtrRLS6e\/premios-europeos-etwinning-para-centros-educativos-andaluces-1az8yfkg3hi0r\" target=\"_blank\" rel=\"noopener noreferrer\"> 16 andaluces<\/a>.<\/strong> Estos centros destacan en<\/p>\n<ul>\n<li><a href=\"https:\/\/www.schooleducationgateway.eu\/es\/pub\/resources\/tutorials\/digital-competence-the-vital-.htm\">uso de herramientas digitales,<\/a><\/li>\n<li><a href=\"https:\/\/www.etwinning.net\/es\/pub\/support\/esafety-and-etwinning.htm\" target=\"_blank\" rel=\"noopener noreferrer\">prevenci\u00f3n y la seguridad en l\u00ednea o (eSafety)<\/a>,<\/li>\n<li><a href=\"https:\/\/www.etwinning.net\/es\/pub\/get-inspired\/testimonials.htm\" target=\"_blank\" rel=\"noopener noreferrer\">enfoques pedag\u00f3gicos innovadores y creativos<\/a>,<\/li>\n<li><a href=\"https:\/\/www.etwinning.net\/es\/pub\/benefits\/learning-opportunities.htm\">apoyo a la formaci\u00f3n continua de su personal<\/a>&nbsp;y<\/li>\n<li><a href=\"http:\/\/www.etwinning.net\/es\/pub\/get-inspired\/kits.cfm\" target=\"_blank\" rel=\"noopener noreferrer\">fomento de pr\u00e1cticas de aprendizaje cooperativas para personal y estudiantes<\/a><\/li>\n<\/ul>\n<p><a href=\"https:\/\/school-education.ec.europa.eu\/en\/recognition\/etwinning-school-label\"><span style=\"font-size: 14pt\"><span style=\"font-size: 14pt;color: #800080\"><img loading=\"lazy\" decoding=\"async\" class=\"alignnone wp-image-1487\" src=\"https:\/\/blogsaverroes.juntadeandalucia.es\/iesvaetwinning\/files\/2021\/01\/pin.jpg\" alt=\"\" width=\"30\" height=\"44\" srcset=\"https:\/\/blogsaverroes.juntadeandalucia.es\/iesvaetwinning\/files\/2021\/01\/pin.jpg 234w, https:\/\/blogsaverroes.juntadeandalucia.es\/iesvaetwinning\/files\/2021\/01\/pin-206x300.jpg 206w, https:\/\/blogsaverroes.juntadeandalucia.es\/iesvaetwinning\/files\/2021\/01\/pin-17x24.jpg 17w, https:\/\/blogsaverroes.juntadeandalucia.es\/iesvaetwinning\/files\/2021\/01\/pin-25x36.jpg 25w, https:\/\/blogsaverroes.juntadeandalucia.es\/iesvaetwinning\/files\/2021\/01\/pin-33x48.jpg 33w\" sizes=\"(max-width: 30px) 100vw, 30px\" \/><\/span>Listado de centros eTwinning 23-24<\/span><\/a><\/p>\n<p><a href=\"https:\/\/www.juntadeandalucia.es\/educacion\/portales\/web\/programas-educativos-internacionales\/w\/etwinning-school-2025-2026?redirect=%2Feducacion%2Fportales%2Fweb%2Fprogramas-educativos-internacionales%2Finicio%3Fp_p_id%3Dcom_liferay_asset_publisher_web_portlet_AssetPublisherPortlet_INSTANCE_ofqk%26p_p_lifecycle%3D0%26p_p_state%3Dnormal%26p_p_mode%3Dview%26_com_liferay_asset_publisher_web_portlet_AssetPublisherPortlet_INSTANCE_ofqk_delta%3D12%26p_r_p_resetCur%3Dfalse%26_com_liferay_asset_publisher_web_portlet_AssetPublisherPortlet_INSTANCE_ofqk_cur%3D9\" target=\"_blank\" rel=\"noopener\"><span style=\"font-size: 14pt\"><span style=\"font-size: 14pt;color: #800080\"><img loading=\"lazy\" decoding=\"async\" class=\"alignnone wp-image-1487\" src=\"https:\/\/blogsaverroes.juntadeandalucia.es\/iesvaetwinning\/files\/2021\/01\/pin.jpg\" alt=\"\" width=\"30\" height=\"44\" srcset=\"https:\/\/blogsaverroes.juntadeandalucia.es\/iesvaetwinning\/files\/2021\/01\/pin.jpg 234w, https:\/\/blogsaverroes.juntadeandalucia.es\/iesvaetwinning\/files\/2021\/01\/pin-206x300.jpg 206w, https:\/\/blogsaverroes.juntadeandalucia.es\/iesvaetwinning\/files\/2021\/01\/pin-17x24.jpg 17w, https:\/\/blogsaverroes.juntadeandalucia.es\/iesvaetwinning\/files\/2021\/01\/pin-25x36.jpg 25w, https:\/\/blogsaverroes.juntadeandalucia.es\/iesvaetwinning\/files\/2021\/01\/pin-33x48.jpg 33w\" sizes=\"(max-width: 30px) 100vw, 30px\" \/><\/span>Listado de centros eTwinning 25-26<\/span><\/a><\/p>\n<p>&nbsp;<\/p>\n","protected":false},"excerpt":{"rendered":"<p>\u00a1 Renovamos Sello Centro eTwinning ! Gracias a la labor realizada por profesorado y alumnado del centro en estos dos a\u00f1os volvemos a ser We&hellip;<\/p>\n","protected":false},"author":8182,"featured_media":0,"parent":0,"menu_order":0,"comment_status":"closed","ping_status":"closed","template":"","meta":{"ngg_post_thumbnail":0,"footnotes":""},"aioseo_notices":[],"_links":{"self":[{"href":"https:\/\/blogsaverroes.juntadeandalucia.es\/iesvaetwinning\/wp-json\/wp\/v2\/pages\/729"}],"collection":[{"href":"https:\/\/blogsaverroes.juntadeandalucia.es\/iesvaetwinning\/wp-json\/wp\/v2\/pages"}],"about":[{"href":"https:\/\/blogsaverroes.juntadeandalucia.es\/iesvaetwinning\/wp-json\/wp\/v2\/types\/page"}],"author":[{"embeddable":true,"href":"https:\/\/blogsaverroes.juntadeandalucia.es\/iesvaetwinning\/wp-json\/wp\/v2\/users\/8182"}],"replies":[{"embeddable":true,"href":"https:\/\/blogsaverroes.juntadeandalucia.es\/iesvaetwinning\/wp-json\/wp\/v2\/comments?post=729"}],"version-history":[{"count":33,"href":"https:\/\/blogsaverroes.juntadeandalucia.es\/iesvaetwinning\/wp-json\/wp\/v2\/pages\/729\/revisions"}],"predecessor-version":[{"id":2425,"href":"https:\/\/blogsaverroes.juntadeandalucia.es\/iesvaetwinning\/wp-json\/wp\/v2\/pages\/729\/revisions\/2425"}],"wp:attachment":[{"href":"https:\/\/blogsaverroes.juntadeandalucia.es\/iesvaetwinning\/wp-json\/wp\/v2\/media?parent=729"}],"curies":[{"name":"wp","href":"https:\/\/api.w.org\/{rel}","templated":true}]}}