{"id":1218,"date":"2021-04-19T15:30:19","date_gmt":"2021-04-19T14:30:19","guid":{"rendered":"https:\/\/blogsaverroes.juntadeandalucia.es\/iesvalledelalmanzora\/?page_id=1218"},"modified":"2025-09-29T11:56:25","modified_gmt":"2025-09-29T10:56:25","slug":"orientacion","status":"publish","type":"page","link":"https:\/\/blogsaverroes.juntadeandalucia.es\/iesvalledelalmanzora\/orientacion\/","title":{"rendered":"Orientaci\u00f3n"},"content":{"rendered":"<p>[et_pb_section fb_built=&#8221;1&#8243; admin_label=&#8221;section&#8221; _builder_version=&#8221;4.16&#8243; global_colors_info=&#8221;{}&#8221;][et_pb_row admin_label=&#8221;row&#8221; _builder_version=&#8221;4.16&#8243; background_size=&#8221;initial&#8221; background_position=&#8221;top_left&#8221; background_repeat=&#8221;repeat&#8221; global_colors_info=&#8221;{}&#8221;][et_pb_column type=&#8221;4_4&#8243; _builder_version=&#8221;4.16&#8243; custom_padding=&#8221;|||&#8221; global_colors_info=&#8221;{}&#8221; custom_padding__hover=&#8221;|||&#8221;][et_pb_text admin_label=&#8221;Text&#8221; _builder_version=&#8221;4.16&#8243; background_size=&#8221;initial&#8221; background_position=&#8221;top_left&#8221; background_repeat=&#8221;repeat&#8221; global_colors_info=&#8221;{}&#8221;]<\/p>\n<p>Orientadora: D\u00aa. Paula Rodr\u00edguez G\u00f3mez<\/p>\n<p>Contacto:<\/p>\n<ul>\n<li>Tel\u00e9fono: 950639924 (Conserjer\u00eda)<\/li>\n<li>Email: <a href=\"mailto:joseserrano@iesvalledelalmanzora.es\"><span style=\"text-decoration: underline\"><span style=\"color: #3366ff;text-decoration: underline\">paularodriguez@iesvalledelalmanzora.es<\/span><\/span><\/a><\/li>\n<\/ul>\n<p>Puedes acceder al programa &#8220;Orienta 2025-2026&#8221; pinchando en el siguiente enlace:<\/p>\n<ul>\n<li><a href=\"https:\/\/elorienta.com\/iesvalledelalmanzora\/\" target=\"_blank\" rel=\"noopener\">BLOG PROGRAMA ORIENTA<\/a><\/li>\n<\/ul>\n<p>[\/et_pb_text][\/et_pb_column][\/et_pb_row][\/et_pb_section]<\/p>\n","protected":false},"excerpt":{"rendered":"<p>Orientadora: D\u00aa. Paula Rodr\u00edguez G\u00f3mez Contacto: Tel\u00e9fono: 950639924 (Conserjer\u00eda) Email: paularodriguez@iesvalledelalmanzora.es Puedes acceder al programa &#8220;Orienta 2025-2026&#8221; pinchando en el siguiente enlace: BLOG PROGRAMA ORIENTA<\/p>\n","protected":false},"author":12871,"featured_media":0,"parent":0,"menu_order":0,"comment_status":"closed","ping_status":"closed","template":"","meta":{"_et_pb_use_builder":"on","_et_pb_old_content":"Orientador: D. Jos\u00e9 Serrano\r\n\r\nContacto:\r\n<ul>\r\n \t<li>Tel\u00e9fono: 950639924 (Conserjer\u00eda)<\/li>\r\n \t<li>Email: <a href=\"mailto:joseserrano@iesvalledelalmanzora.es\"><span style=\"text-decoration: underline\"><span style=\"color: #3366ff;text-decoration: underline\">joseserrano@iesvalledelalmanzora.es<\/span><\/span><\/a><\/li>\r\n<\/ul>\r\nPuedes acceder al programa \"Orienta 2021-2022\" pinchando en el siguiente enlace:\r\n<ul>\r\n \t<li><a href=\"https:\/\/elorienta.com\/iesvalledelalmanzora\/\" target=\"_blank\" rel=\"noopener\">BLOG PROGRAMA ORIENTA<\/a><\/li>\r\n<\/ul>","_et_gb_content_width":"","ngg_post_thumbnail":0,"footnotes":""},"aioseo_notices":[],"_links":{"self":[{"href":"https:\/\/blogsaverroes.juntadeandalucia.es\/iesvalledelalmanzora\/wp-json\/wp\/v2\/pages\/1218"}],"collection":[{"href":"https:\/\/blogsaverroes.juntadeandalucia.es\/iesvalledelalmanzora\/wp-json\/wp\/v2\/pages"}],"about":[{"href":"https:\/\/blogsaverroes.juntadeandalucia.es\/iesvalledelalmanzora\/wp-json\/wp\/v2\/types\/page"}],"author":[{"embeddable":true,"href":"https:\/\/blogsaverroes.juntadeandalucia.es\/iesvalledelalmanzora\/wp-json\/wp\/v2\/users\/12871"}],"replies":[{"embeddable":true,"href":"https:\/\/blogsaverroes.juntadeandalucia.es\/iesvalledelalmanzora\/wp-json\/wp\/v2\/comments?post=1218"}],"version-history":[{"count":8,"href":"https:\/\/blogsaverroes.juntadeandalucia.es\/iesvalledelalmanzora\/wp-json\/wp\/v2\/pages\/1218\/revisions"}],"predecessor-version":[{"id":2402,"href":"https:\/\/blogsaverroes.juntadeandalucia.es\/iesvalledelalmanzora\/wp-json\/wp\/v2\/pages\/1218\/revisions\/2402"}],"wp:attachment":[{"href":"https:\/\/blogsaverroes.juntadeandalucia.es\/iesvalledelalmanzora\/wp-json\/wp\/v2\/media?parent=1218"}],"curies":[{"name":"wp","href":"https:\/\/api.w.org\/{rel}","templated":true}]}}

Orientación

<p>[et_pb_section fb_built=&#8221;1&#8243; admin_label=&#8221;section&#8221; _builder_version=&#8221;4.16&#8243; global_colors_info=&#8221;{}&#8221;][et_pb_row admin_label=&#8221;row&#8221; _builder_version=&#8221;4.16&#8243; background_size=&#8221;initial&#8221; background_position=&#8221;top_left&#8221; background_repeat=&#8221;repeat&#8221; global_colors_info=&#8221;{}&#8221;][et_pb_column type=&#8221;4_4&#8243; _builder_version=&#8221;4.16&#8243; custom_padding=&#8221;|||&#8221; global_colors_info=&#8221;{}&#8221; custom_padding__hover=&#8221;|||&#8221;][et_pb_text admin_label=&#8221;Text&#8221; _builder_version=&#8221;4.16&#8243; background_size=&#8221;initial&#8221; background_position=&#8221;top_left&#8221; background_repeat=&#8221;repeat&#8221; global_colors_info=&#8221;{}&#8221;]</p>
<p>Orientadora: Dª. Paula Rodríguez Gómez</p>
<p>Contacto:</p>
<ul>
<li>Teléfono: 950639924 (Conserjería)</li>
<li>Email: <a href="mailto:joseserrano@iesvalledelalmanzora.es"><span style="text-decoration: underline"><span style="color: #3366ff;text-decoration: underline">paularodriguez@iesvalledelalmanzora.es</span></span></a></li>
</ul>
<p>Puedes acceder al programa &#8220;Orienta 2025-2026&#8221; pinchando en el siguiente enlace:</p>
<ul>
<li><a href="https://elorienta.com/iesvalledelalmanzora/" target="_blank" rel="noopener">BLOG PROGRAMA ORIENTA</a></li>
</ul>
<p>[/et_pb_text][/et_pb_column][/et_pb_row][/et_pb_section]</p>

<p>Orientadora: Dª. Paula Rodríguez Gómez Contacto: Teléfono: 950639924 (Conserjería) Email: paularodriguez@iesvalledelalmanzora.es Puedes acceder al programa &#8220;Orienta 2025-2026&#8221; pinchando en el siguiente enlace: BLOG PROGRAMA ORIENTA</p>

Orientador: D. José Serrano

Contacto:
<ul>
 	<li>Teléfono: 950639924 (Conserjería)</li>
 	<li>Email: <a href="mailto:joseserrano@iesvalledelalmanzora.es"><span style="text-decoration: underline"><span style="color: #3366ff;text-decoration: underline">joseserrano@iesvalledelalmanzora.es</span></span></a></li>
</ul>
Puedes acceder al programa "Orienta 2021-2022" pinchando en el siguiente enlace:
<ul>
 	<li><a href="https://elorienta.com/iesvalledelalmanzora/" target="_blank" rel="noopener">BLOG PROGRAMA ORIENTA</a></li>
</ul>
