{"id":2248,"date":"2024-05-03T11:26:22","date_gmt":"2024-05-03T10:26:22","guid":{"rendered":"https:\/\/blogsaverroes.juntadeandalucia.es\/iesvalledelalmanzora\/?page_id=2248"},"modified":"2026-03-27T10:52:38","modified_gmt":"2026-03-27T09:52:38","slug":"difusion-actuaciones","status":"publish","type":"page","link":"https:\/\/blogsaverroes.juntadeandalucia.es\/iesvalledelalmanzora\/difusion-actuaciones\/","title":{"rendered":"Movilidad alumnado a ATENAS 23-24"},"content":{"rendered":"<p><span style=\"font-size: 18pt;color: #000080;font-family: 'comic sans ms', sans-serif\">En esta p\u00e1gina compartimos fotos y v\u00eddeos de la movilidad de nuestro alumnado a Atenas (Grecia) en febrero-marzo de 2024.<\/span><\/p>\n<p>&nbsp;<span style=\"color: #000000\">Os compartimos un v\u00eddeo de nuestra experiencia en Atenas:<\/span><\/p>\n<p><a href=\"https:\/\/drive.google.com\/file\/d\/1o0h5kuaRguYfqeEVMuf8qkH-nZeBkMLa\/view?usp=sharing\" target=\"_blank\" rel=\"noopener\"><span style=\"color: #000080\">ENLACE A V\u00cdDEO<\/span><\/a><\/p>\n<p>&nbsp;<\/p>\n","protected":false},"excerpt":{"rendered":"<p>En esta p\u00e1gina compartimos fotos y v\u00eddeos de la movilidad de nuestro alumnado a Atenas (Grecia) en febrero-marzo de 2024. &nbsp;Os compartimos un v\u00eddeo de nuestra experiencia en Atenas: ENLACE A V\u00cdDEO &nbsp;<\/p>\n","protected":false},"author":12871,"featured_media":0,"parent":0,"menu_order":0,"comment_status":"closed","ping_status":"closed","template":"","meta":{"_et_pb_use_builder":"","_et_pb_old_content":"","_et_gb_content_width":"","ngg_post_thumbnail":0,"footnotes":""},"aioseo_notices":[],"_links":{"self":[{"href":"https:\/\/blogsaverroes.juntadeandalucia.es\/iesvalledelalmanzora\/wp-json\/wp\/v2\/pages\/2248"}],"collection":[{"href":"https:\/\/blogsaverroes.juntadeandalucia.es\/iesvalledelalmanzora\/wp-json\/wp\/v2\/pages"}],"about":[{"href":"https:\/\/blogsaverroes.juntadeandalucia.es\/iesvalledelalmanzora\/wp-json\/wp\/v2\/types\/page"}],"author":[{"embeddable":true,"href":"https:\/\/blogsaverroes.juntadeandalucia.es\/iesvalledelalmanzora\/wp-json\/wp\/v2\/users\/12871"}],"replies":[{"embeddable":true,"href":"https:\/\/blogsaverroes.juntadeandalucia.es\/iesvalledelalmanzora\/wp-json\/wp\/v2\/comments?post=2248"}],"version-history":[{"count":6,"href":"https:\/\/blogsaverroes.juntadeandalucia.es\/iesvalledelalmanzora\/wp-json\/wp\/v2\/pages\/2248\/revisions"}],"predecessor-version":[{"id":2575,"href":"https:\/\/blogsaverroes.juntadeandalucia.es\/iesvalledelalmanzora\/wp-json\/wp\/v2\/pages\/2248\/revisions\/2575"}],"wp:attachment":[{"href":"https:\/\/blogsaverroes.juntadeandalucia.es\/iesvalledelalmanzora\/wp-json\/wp\/v2\/media?parent=2248"}],"curies":[{"name":"wp","href":"https:\/\/api.w.org\/{rel}","templated":true}]}}

<p><span style="font-size: 18pt;color: #000080;font-family: 'comic sans ms', sans-serif">En esta página compartimos fotos y vídeos de la movilidad de nuestro alumnado a Atenas (Grecia) en febrero-marzo de 2024.</span></p>
<p>&nbsp;<span style="color: #000000">Os compartimos un vídeo de nuestra experiencia en Atenas:</span></p>
<p><a href="https://drive.google.com/file/d/1o0h5kuaRguYfqeEVMuf8qkH-nZeBkMLa/view?usp=sharing" target="_blank" rel="noopener"><span style="color: #000080">ENLACE A VÍDEO</span></a></p>
<p>&nbsp;</p>

<p>En esta página compartimos fotos y vídeos de la movilidad de nuestro alumnado a Atenas (Grecia) en febrero-marzo de 2024. &nbsp;Os compartimos un vídeo de nuestra experiencia en Atenas: ENLACE A VÍDEO &nbsp;</p>
