{"id":2263,"date":"2024-07-05T08:15:48","date_gmt":"2024-07-05T07:15:48","guid":{"rendered":"https:\/\/blogsaverroes.juntadeandalucia.es\/iesvalledelalmanzora\/?page_id=2263"},"modified":"2024-07-05T09:43:19","modified_gmt":"2024-07-05T08:43:19","slug":"job-shadowing-profesorado-en-serbia","status":"publish","type":"page","link":"https:\/\/blogsaverroes.juntadeandalucia.es\/iesvalledelalmanzora\/job-shadowing-profesorado-en-serbia\/","title":{"rendered":"Job Shadowing Profesorado en SERBIA"},"content":{"rendered":"<p><img loading=\"lazy\" decoding=\"async\" class=\"aligncenter size-full wp-image-2273\" src=\"https:\/\/blogsaverroes.juntadeandalucia.es\/iesvalledelalmanzora\/files\/2024\/07\/IMG_5260mod-scaled.jpg\" alt=\"\" width=\"2560\" height=\"1165\" srcset=\"https:\/\/blogsaverroes.juntadeandalucia.es\/iesvalledelalmanzora\/files\/2024\/07\/IMG_5260mod-scaled.jpg 2560w, https:\/\/blogsaverroes.juntadeandalucia.es\/iesvalledelalmanzora\/files\/2024\/07\/IMG_5260mod-1280x583.jpg 1280w, https:\/\/blogsaverroes.juntadeandalucia.es\/iesvalledelalmanzora\/files\/2024\/07\/IMG_5260mod-980x446.jpg 980w, https:\/\/blogsaverroes.juntadeandalucia.es\/iesvalledelalmanzora\/files\/2024\/07\/IMG_5260mod-480x218.jpg 480w\" sizes=\"(min-width: 0px) and (max-width: 480px) 480px, (min-width: 481px) and (max-width: 980px) 980px, (min-width: 981px) and (max-width: 1280px) 1280px, (min-width: 1281px) 2560px, 100vw\" \/><\/p>\n<p>Dentro del Programa Erasmus+ del IES Valle del Almanzora, en el curso 23-24 hemos contado con la concesi\u00f3n de una movilidad de Job Shadowing para dos profesores.<\/p>\n<p>El Job Shadowing es una pr\u00e1ctica donde una persona observa el trabajo de un profesional para aprender de su experiencia. En el proyecto Erasmus+, esta pr\u00e1ctica se realiza para ver como trabajan en otros institutos de Europa. En nuestro caso, dos profesores viajamos a un instituto en Bercej (Serbia) para conocer nuevas t\u00e9cnicas y formas de ense\u00f1ar, y aprender de las mejores pr\u00e1cticas de nuestros colegas europeos. Fue una oportunidad valiosa para mejorar nuestras habilidades y enriquecer nuestro enfoque educativo.<\/p>\n<p>Esta movilidad se llev\u00f3 a cabo del 3 al 7 de junio de 2024 en el centro educativo Gimnazija de Becej. El 3 de junio llegamos al aeropuerto y nos trasladamos al hotel en la ciudad de Novi Sad.<\/p>\n<p>El 4 de junio, visitamos por primera vez el centro, donde fuimos recibidos por Dragana, profesora de filolog\u00eda, y Miodrag, el director del centro. Conocimos la organizaci\u00f3n y oferta formativa del instituto. Posteriormente, asistimos a clases de F\u00edsica y Educaci\u00f3n F\u00edsica seg\u00fan nuestro calendario planificado, y nos reunimos con Djina, coordinadora del programa Erasmus+, quien nos explic\u00f3 c\u00f3mo se desarrollar\u00eda nuestra estancia.<\/p>\n<p>El 5 de junio, llegamos al centro para observar clases de Qu\u00edmica y Educaci\u00f3n F\u00edsica, y m\u00e1s tarde asistimos a clases de Matem\u00e1ticas y Qu\u00edmica. Continuamos nuestro aprendizaje el 6 de junio, participando en clases de F\u00edsica y Educaci\u00f3n F\u00edsica.&nbsp;El 7 de junio, nuestro \u00faltimo d\u00eda, comenzamos asistiendo a clases de F\u00edsica y Educaci\u00f3n F\u00edsica. Tambi\u00e9n participamos en clases de Qu\u00edmica y Health and Sports. La experiencia culmin\u00f3 con la entrega de certificados por parte del Director y Djina, la coordinadora Erasmus+, despidiendo as\u00ed esta semana llena de aprendizajes.<\/p>\n<p>La experiencia de Job Shadowing en el Gimnazija de Becej fue enormemente enriquecedora. Este tipo de intercambios fomenta el aprendizaje continuo y la mejora profesional, ayud\u00e1ndonos a implementar pr\u00e1cticas innovadoras en nuestras propias aulas y mejorar nuestra labor docente.<\/p>\n<p>Y como no, tambi\u00e9n es una gran oportunidad para conocer otro pa\u00eds europeo, su cultura, sus costumbres y, sobretodo, su gente.<\/p>\nngg_shortcode_0_placeholder\n<p style=\"text-align: center\">&nbsp;<\/p>\n","protected":false},"excerpt":{"rendered":"<p>Dentro del Programa Erasmus+ del IES Valle del Almanzora, en el curso 23-24 hemos contado con la concesi\u00f3n de una movilidad de Job Shadowing para dos profesores. El Job Shadowing es una pr\u00e1ctica donde una persona observa el trabajo de un profesional para aprender de su experiencia. En el proyecto Erasmus+, esta pr\u00e1ctica se realiza [&hellip;]<\/p>\n","protected":false},"author":12871,"featured_media":0,"parent":0,"menu_order":0,"comment_status":"closed","ping_status":"closed","template":"","meta":{"_et_pb_use_builder":"","_et_pb_old_content":"","_et_gb_content_width":"","ngg_post_thumbnail":0,"footnotes":""},"aioseo_notices":[],"_links":{"self":[{"href":"https:\/\/blogsaverroes.juntadeandalucia.es\/iesvalledelalmanzora\/wp-json\/wp\/v2\/pages\/2263"}],"collection":[{"href":"https:\/\/blogsaverroes.juntadeandalucia.es\/iesvalledelalmanzora\/wp-json\/wp\/v2\/pages"}],"about":[{"href":"https:\/\/blogsaverroes.juntadeandalucia.es\/iesvalledelalmanzora\/wp-json\/wp\/v2\/types\/page"}],"author":[{"embeddable":true,"href":"https:\/\/blogsaverroes.juntadeandalucia.es\/iesvalledelalmanzora\/wp-json\/wp\/v2\/users\/12871"}],"replies":[{"embeddable":true,"href":"https:\/\/blogsaverroes.juntadeandalucia.es\/iesvalledelalmanzora\/wp-json\/wp\/v2\/comments?post=2263"}],"version-history":[{"count":7,"href":"https:\/\/blogsaverroes.juntadeandalucia.es\/iesvalledelalmanzora\/wp-json\/wp\/v2\/pages\/2263\/revisions"}],"predecessor-version":[{"id":2288,"href":"https:\/\/blogsaverroes.juntadeandalucia.es\/iesvalledelalmanzora\/wp-json\/wp\/v2\/pages\/2263\/revisions\/2288"}],"wp:attachment":[{"href":"https:\/\/blogsaverroes.juntadeandalucia.es\/iesvalledelalmanzora\/wp-json\/wp\/v2\/media?parent=2263"}],"curies":[{"name":"wp","href":"https:\/\/api.w.org\/{rel}","templated":true}]}}

<p><img loading="lazy" decoding="async" class="aligncenter size-full wp-image-2273" src="https://blogsaverroes.juntadeandalucia.es/iesvalledelalmanzora/files/2024/07/IMG_5260mod-scaled.jpg" alt="" width="2560" height="1165" srcset="https://blogsaverroes.juntadeandalucia.es/iesvalledelalmanzora/files/2024/07/IMG_5260mod-scaled.jpg 2560w, https://blogsaverroes.juntadeandalucia.es/iesvalledelalmanzora/files/2024/07/IMG_5260mod-1280x583.jpg 1280w, https://blogsaverroes.juntadeandalucia.es/iesvalledelalmanzora/files/2024/07/IMG_5260mod-980x446.jpg 980w, https://blogsaverroes.juntadeandalucia.es/iesvalledelalmanzora/files/2024/07/IMG_5260mod-480x218.jpg 480w" sizes="(min-width: 0px) and (max-width: 480px) 480px, (min-width: 481px) and (max-width: 980px) 980px, (min-width: 981px) and (max-width: 1280px) 1280px, (min-width: 1281px) 2560px, 100vw" /></p>
<p>Dentro del Programa Erasmus+ del IES Valle del Almanzora, en el curso 23-24 hemos contado con la concesión de una movilidad de Job Shadowing para dos profesores.</p>
<p>El Job Shadowing es una práctica donde una persona observa el trabajo de un profesional para aprender de su experiencia. En el proyecto Erasmus+, esta práctica se realiza para ver como trabajan en otros institutos de Europa. En nuestro caso, dos profesores viajamos a un instituto en Bercej (Serbia) para conocer nuevas técnicas y formas de enseñar, y aprender de las mejores prácticas de nuestros colegas europeos. Fue una oportunidad valiosa para mejorar nuestras habilidades y enriquecer nuestro enfoque educativo.</p>
<p>Esta movilidad se llevó a cabo del 3 al 7 de junio de 2024 en el centro educativo Gimnazija de Becej. El 3 de junio llegamos al aeropuerto y nos trasladamos al hotel en la ciudad de Novi Sad.</p>
<p>El 4 de junio, visitamos por primera vez el centro, donde fuimos recibidos por Dragana, profesora de filología, y Miodrag, el director del centro. Conocimos la organización y oferta formativa del instituto. Posteriormente, asistimos a clases de Física y Educación Física según nuestro calendario planificado, y nos reunimos con Djina, coordinadora del programa Erasmus+, quien nos explicó cómo se desarrollaría nuestra estancia.</p>
<p>El 5 de junio, llegamos al centro para observar clases de Química y Educación Física, y más tarde asistimos a clases de Matemáticas y Química. Continuamos nuestro aprendizaje el 6 de junio, participando en clases de Física y Educación Física.&nbsp;El 7 de junio, nuestro último día, comenzamos asistiendo a clases de Física y Educación Física. También participamos en clases de Química y Health and Sports. La experiencia culminó con la entrega de certificados por parte del Director y Djina, la coordinadora Erasmus+, despidiendo así esta semana llena de aprendizajes.</p>
<p>La experiencia de Job Shadowing en el Gimnazija de Becej fue enormemente enriquecedora. Este tipo de intercambios fomenta el aprendizaje continuo y la mejora profesional, ayudándonos a implementar prácticas innovadoras en nuestras propias aulas y mejorar nuestra labor docente.</p>
<p>Y como no, también es una gran oportunidad para conocer otro país europeo, su cultura, sus costumbres y, sobretodo, su gente.</p>
ngg_shortcode_0_placeholder
<p style="text-align: center">&nbsp;</p>

<p>Dentro del Programa Erasmus+ del IES Valle del Almanzora, en el curso 23-24 hemos contado con la concesión de una movilidad de Job Shadowing para dos profesores. El Job Shadowing es una práctica donde una persona observa el trabajo de un profesional para aprender de su experiencia. En el proyecto Erasmus+, esta práctica se realiza [&hellip;]</p>
