{"id":825,"date":"2020-12-18T08:32:50","date_gmt":"2020-12-18T07:32:50","guid":{"rendered":"https:\/\/blogsaverroes.juntadeandalucia.es\/pre\/plantilla-pencil\/?page_id=824"},"modified":"2022-07-19T16:50:28","modified_gmt":"2022-07-19T15:50:28","slug":"1eso","status":"publish","type":"page","link":"https:\/\/blogsaverroes.juntadeandalucia.es\/iesvalledelalmanzora\/1eso\/","title":{"rendered":"1\u00ba de ESO"},"content":{"rendered":"<p>[et_pb_section fb_built=&#8221;1&#8243; _builder_version=&#8221;3.23.3&#8243; custom_padding=&#8221;0px||0px|&#8221; z_index_tablet=&#8221;500&#8243; box_shadow_horizontal_tablet=&#8221;0px&#8221; box_shadow_vertical_tablet=&#8221;0px&#8221; box_shadow_blur_tablet=&#8221;40px&#8221; box_shadow_spread_tablet=&#8221;0px&#8221; global_colors_info=&#8221;{}&#8221;][et_pb_row _builder_version=&#8221;3.25&#8243; background_size=&#8221;initial&#8221; background_position=&#8221;top_left&#8221; background_repeat=&#8221;repeat&#8221; global_colors_info=&#8221;{}&#8221;][et_pb_column type=&#8221;4_4&#8243; _builder_version=&#8221;3.25&#8243; custom_padding=&#8221;|||&#8221; global_colors_info=&#8221;{}&#8221; custom_padding__hover=&#8221;|||&#8221;][et_pb_image src=&#8221;https:\/\/blogsaverroes.juntadeandalucia.es\/iesvalledelalmanzora\/files\/2021\/04\/Banner-1ESO.jpg&#8221; title_text=&#8221;Banner 1ESO&#8221; admin_label=&#8221;Imagen de la portada&#8221; _builder_version=&#8221;4.5.0&#8243; z_index_tablet=&#8221;500&#8243; box_shadow_horizontal_tablet=&#8221;0px&#8221; box_shadow_vertical_tablet=&#8221;0px&#8221; box_shadow_blur_tablet=&#8221;40px&#8221; box_shadow_spread_tablet=&#8221;0px&#8221; global_colors_info=&#8221;{}&#8221;][\/et_pb_image][et_pb_text admin_label=&#8221;Texto descriptivo&#8221; _builder_version=&#8221;4.5.0&#8243; z_index_tablet=&#8221;500&#8243; text_text_shadow_horizontal_length_tablet=&#8221;0px&#8221; text_text_shadow_vertical_length_tablet=&#8221;0px&#8221; text_text_shadow_blur_strength_tablet=&#8221;1px&#8221; link_text_shadow_horizontal_length_tablet=&#8221;0px&#8221; link_text_shadow_vertical_length_tablet=&#8221;0px&#8221; link_text_shadow_blur_strength_tablet=&#8221;1px&#8221; ul_text_shadow_horizontal_length_tablet=&#8221;0px&#8221; ul_text_shadow_vertical_length_tablet=&#8221;0px&#8221; ul_text_shadow_blur_strength_tablet=&#8221;1px&#8221; ol_text_shadow_horizontal_length_tablet=&#8221;0px&#8221; ol_text_shadow_vertical_length_tablet=&#8221;0px&#8221; ol_text_shadow_blur_strength_tablet=&#8221;1px&#8221; quote_text_shadow_horizontal_length_tablet=&#8221;0px&#8221; quote_text_shadow_vertical_length_tablet=&#8221;0px&#8221; quote_text_shadow_blur_strength_tablet=&#8221;1px&#8221; header_text_shadow_horizontal_length_tablet=&#8221;0px&#8221; header_text_shadow_vertical_length_tablet=&#8221;0px&#8221; header_text_shadow_blur_strength_tablet=&#8221;1px&#8221; header_2_text_shadow_horizontal_length_tablet=&#8221;0px&#8221; header_2_text_shadow_vertical_length_tablet=&#8221;0px&#8221; header_2_text_shadow_blur_strength_tablet=&#8221;1px&#8221; header_3_text_shadow_horizontal_length_tablet=&#8221;0px&#8221; header_3_text_shadow_vertical_length_tablet=&#8221;0px&#8221; header_3_text_shadow_blur_strength_tablet=&#8221;1px&#8221; header_4_text_shadow_horizontal_length_tablet=&#8221;0px&#8221; header_4_text_shadow_vertical_length_tablet=&#8221;0px&#8221; header_4_text_shadow_blur_strength_tablet=&#8221;1px&#8221; header_5_text_shadow_horizontal_length_tablet=&#8221;0px&#8221; header_5_text_shadow_vertical_length_tablet=&#8221;0px&#8221; header_5_text_shadow_blur_strength_tablet=&#8221;1px&#8221; header_6_text_shadow_horizontal_length_tablet=&#8221;0px&#8221; header_6_text_shadow_vertical_length_tablet=&#8221;0px&#8221; header_6_text_shadow_blur_strength_tablet=&#8221;1px&#8221; box_shadow_horizontal_tablet=&#8221;0px&#8221; box_shadow_vertical_tablet=&#8221;0px&#8221; box_shadow_blur_tablet=&#8221;40px&#8221; box_shadow_spread_tablet=&#8221;0px&#8221; global_colors_info=&#8221;{}&#8221;]<\/p>\n<h2>1\u00ba de ESO<\/h2>\n<p>Los libros de texto est\u00e1n recogidos dentro del <a href=\"https:\/\/www.google.com\/url?sa=t&amp;rct=j&amp;q=&amp;esrc=s&amp;source=web&amp;cd=&amp;ved=2ahUKEwiCuOzKiIrwAhVGSRUIHXJmAPEQFjAAegQIBBAD&amp;url=https%3A%2F%2Fwww.juntadeandalucia.es%2Feducacion%2Fportals%2Fdelegate%2Fcontent%2F9ca44401-927e-484a-9c2e-a29542cc81d8%2FInstrucciones%2520gratuidad_20-21&amp;usg=AOvVaw3PLPooRrTipzTene-SHjXn\">Programa de Gratuidad de Libros de Texto<\/a> y ser\u00e1n entregados al alumnado en el propio centro cuando comiencen las clases.<\/p>\n<p>Materias y libros asignados a cada una de ellas (las materias sin libro asignado utilizan otros materiales):<\/p>\n<table style=\"width: 100%;height: 529px\">\n<tbody>\n<tr style=\"height: 46px\">\n<td style=\"width: 24.9053%;height: 46px\">Materia<\/td>\n<td style=\"width: 9.94318%;height: 46px\">EAN<\/td>\n<td style=\"width: 21.3068%;height: 46px\">Editorial<\/td>\n<td style=\"width: 36.0795%;height: 46px\">T\u00edtulo<\/td>\n<td style=\"width: 6.43939%;height: 46px\">A\u00f1o de Impl.<\/td>\n<\/tr>\n<tr style=\"height: 46px\">\n<td style=\"width: 24.9053%;height: 46px\">Biolog\u00eda y Geolog\u00eda<\/td>\n<td style=\"width: 9.94318%;height: 46px\">9788491325536<\/td>\n<td style=\"width: 21.3068%;height: 46px\">Santillana Grazalema, S.L.<\/td>\n<td style=\"width: 36.0795%;height: 46px\">Biolog\u00eda y Geolog\u00eda.1\u00ba ESO.Biolog\u00eda y Geolog\u00eda 1\u00ba Saber Hacer Contigo.<\/td>\n<td style=\"width: 6.43939%;height: 46px\">2020<\/td>\n<\/tr>\n<tr style=\"height: 23px\">\n<td style=\"width: 24.9053%;height: 23px\">Geograf\u00eda e Historia<\/td>\n<td style=\"width: 9.94318%;height: 23px\">9788468251561<\/td>\n<td style=\"width: 21.3068%;height: 23px\">Editorial Vicens Vives S.A.<\/td>\n<td style=\"width: 36.0795%;height: 23px\">Geograf\u00eda e Historia.1\u00ba ESO.En Red GH 1 Andaluc\u00eda.<\/td>\n<td style=\"width: 6.43939%;height: 23px\">2020<\/td>\n<\/tr>\n<tr style=\"height: 46px\">\n<td style=\"width: 24.9053%;height: 46px\">Lengua Castellana y Literatura<\/td>\n<td style=\"width: 9.94318%;height: 46px\">9788415721567<\/td>\n<td style=\"width: 21.3068%;height: 46px\">Sansy Ediciones Sl<\/td>\n<td style=\"width: 36.0795%;height: 46px\">Lengua Castellana y Literatura. 1\u00ba E.S.O. Lengua y Literatura 1\u00ba ESO ICARIA.<\/td>\n<td style=\"width: 6.43939%;height: 46px\">2020<\/td>\n<\/tr>\n<tr style=\"height: 46px\">\n<td style=\"width: 24.9053%;height: 46px\">Matem\u00e1ticas<\/td>\n<td style=\"width: 9.94318%;height: 46px\">9788413185071<\/td>\n<td style=\"width: 21.3068%;height: 46px\">Ediciones SM, S.A.<\/td>\n<td style=\"width: 36.0795%;height: 46px\">Matem\u00e1ticas. 1\u00ba ESO. Matem\u00e1ticas. 1 ESO. Savia nueva generaci\u00f3n. And.<\/td>\n<td style=\"width: 6.43939%;height: 46px\">2020<\/td>\n<\/tr>\n<tr style=\"height: 23px\">\n<td style=\"width: 24.9053%;height: 23px\">Ingl\u00e9s<\/td>\n<td style=\"width: 9.94318%;height: 23px\">9789925304844<\/td>\n<td style=\"width: 21.3068%;height: 23px\">Burlington Books, S.A.<\/td>\n<td style=\"width: 36.0795%;height: 23px\">Ingl\u00e9s. 1\u00ba ESO. Network Andalusia 1\u00ba ESO Student&#8217;s Book.<\/td>\n<td style=\"width: 6.43939%;height: 23px\">2020<\/td>\n<\/tr>\n<tr style=\"height: 46px\">\n<td style=\"width: 24.9053%;height: 46px\">Educaci\u00f3n F\u00edsica<\/td>\n<td style=\"width: 9.94318%;height: 46px\">\u00a0<\/td>\n<td style=\"width: 21.3068%;height: 46px\">\u00a0<\/td>\n<td style=\"width: 36.0795%;height: 46px\">\u00a0<\/td>\n<td style=\"width: 6.43939%;height: 46px\">\u00a0<\/td>\n<\/tr>\n<tr>\n<td style=\"width: 24.9053%\"><\/td>\n<td style=\"width: 9.94318%\"><\/td>\n<td style=\"width: 21.3068%\">\u00a0<\/td>\n<td style=\"width: 36.0795%\">\u00a0<\/td>\n<td style=\"width: 6.43939%\">\u00a0<\/td>\n<\/tr>\n<tr style=\"height: 46px\">\n<td style=\"width: 24.9053%;height: 46px\">M\u00fasica<\/td>\n<td style=\"width: 9.94318%;height: 46px\">9788448610944<\/td>\n<td style=\"width: 21.3068%;height: 46px\">Mcgraw-Hill Interamericana De Espa\u00f1a, Sau<\/td>\n<td style=\"width: 36.0795%;height: 46px\">M\u00fasica.1\u00ba y 2\u00ba ESO.M\u00fasica Clave A Andaluc\u00eda.<\/td>\n<td style=\"width: 6.43939%;height: 46px\">2020<\/td>\n<\/tr>\n<tr style=\"height: 23px\">\n<td style=\"width: 24.9053%;height: 23px\">Religi\u00f3n Cat\u00f3lica<\/td>\n<td style=\"width: 9.94318%;height: 23px\">9788413184609<\/td>\n<td style=\"width: 21.3068%;height: 23px\">Ediciones SM, S.A.<\/td>\n<td style=\"width: 36.0795%;height: 23px\">Religi\u00f3n Cat\u00f3lica. 1\u00ba ESO. Religi\u00f3n. 1 ESO. Silo\u00e9. Andaluc\u00eda.<\/td>\n<td style=\"width: 6.43939%;height: 23px\">2020<\/td>\n<\/tr>\n<tr style=\"height: 23px\">\n<td style=\"width: 24.9053%;height: 23px\">\n<p>Atenci\u00f3n Educativa<\/p>\n<\/td>\n<td style=\"width: 9.94318%;height: 23px\">\u00a0<\/td>\n<td style=\"width: 21.3068%;height: 23px\">\u00a0<\/td>\n<td style=\"width: 36.0795%;height: 23px\">\u00a0<\/td>\n<td style=\"width: 6.43939%;height: 23px\">\u00a0<\/td>\n<\/tr>\n<tr style=\"height: 23px\">\n<td style=\"width: 24.9053%;height: 23px\">Computaci\u00f3n y Rob\u00f3tica<\/td>\n<td style=\"width: 9.94318%;height: 46px\">\u00a0<\/td>\n<td style=\"width: 21.3068%;height: 46px\">\u00a0<\/td>\n<td style=\"width: 36.0795%;height: 46px\">\u00a0<\/td>\n<td style=\"width: 6.43939%;height: 46px\">\u00a0<\/td>\n<\/tr>\n<tr style=\"height: 23px\">\n<td style=\"width: 24.9053%;height: 23px\">Franc\u00e9s (Segundo Idioma)<\/td>\n<td style=\"width: 9.94318%;height: 46px\">\u00a0<\/td>\n<td style=\"width: 21.3068%;height: 46px\">\u00a0<\/td>\n<td style=\"width: 36.0795%;height: 46px\">\u00a0<\/td>\n<td style=\"width: 6.43939%;height: 46px\">\u00a0<\/td>\n<\/tr>\n<tr style=\"height: 46px\">\n<td style=\"width: 24.9053%;height: 46px\">Programa de Refuerzo de Materias Troncales<\/td>\n<td style=\"width: 9.94318%;height: 23px\">\u00a0<\/td>\n<td style=\"width: 21.3068%;height: 23px\">\u00a0<\/td>\n<td style=\"width: 36.0795%;height: 23px\">\u00a0<\/td>\n<td style=\"width: 6.43939%;height: 23px\">\u00a0<\/td>\n<\/tr>\n<tr style=\"height: 46px\">\n<td style=\"width: 24.9053%;height: 46px\"><\/td>\n<td style=\"width: 9.94318%;height: 23px\">\u00a0<\/td>\n<td style=\"width: 21.3068%;height: 23px\">\u00a0<\/td>\n<td style=\"width: 36.0795%;height: 23px\">\u00a0<\/td>\n<td style=\"width: 6.43939%;height: 23px\">\u00a0<\/td>\n<\/tr>\n<\/tbody>\n<\/table>\n<p>&nbsp;<\/p>\n<p>&nbsp;<\/p>\n<p>[\/et_pb_text][\/et_pb_column][\/et_pb_row][\/et_pb_section]<\/p>\n","protected":false},"excerpt":{"rendered":"<p>1\u00ba de ESO Los libros de texto est\u00e1n recogidos dentro del Programa de Gratuidad de Libros de Texto y ser\u00e1n entregados al alumnado en el propio centro cuando comiencen las clases. Materias y libros asignados a cada una de ellas (las materias sin libro asignado utilizan otros materiales): Materia EAN Editorial T\u00edtulo A\u00f1o de Impl. [&hellip;]<\/p>\n","protected":false},"author":7051,"featured_media":0,"parent":0,"menu_order":0,"comment_status":"closed","ping_status":"closed","template":"","meta":{"_et_pb_use_builder":"on","_et_pb_old_content":"","_et_gb_content_width":"","ngg_post_thumbnail":0,"footnotes":""},"aioseo_notices":[],"_links":{"self":[{"href":"https:\/\/blogsaverroes.juntadeandalucia.es\/iesvalledelalmanzora\/wp-json\/wp\/v2\/pages\/825"}],"collection":[{"href":"https:\/\/blogsaverroes.juntadeandalucia.es\/iesvalledelalmanzora\/wp-json\/wp\/v2\/pages"}],"about":[{"href":"https:\/\/blogsaverroes.juntadeandalucia.es\/iesvalledelalmanzora\/wp-json\/wp\/v2\/types\/page"}],"author":[{"embeddable":true,"href":"https:\/\/blogsaverroes.juntadeandalucia.es\/iesvalledelalmanzora\/wp-json\/wp\/v2\/users\/7051"}],"replies":[{"embeddable":true,"href":"https:\/\/blogsaverroes.juntadeandalucia.es\/iesvalledelalmanzora\/wp-json\/wp\/v2\/comments?post=825"}],"version-history":[{"count":11,"href":"https:\/\/blogsaverroes.juntadeandalucia.es\/iesvalledelalmanzora\/wp-json\/wp\/v2\/pages\/825\/revisions"}],"predecessor-version":[{"id":1830,"href":"https:\/\/blogsaverroes.juntadeandalucia.es\/iesvalledelalmanzora\/wp-json\/wp\/v2\/pages\/825\/revisions\/1830"}],"wp:attachment":[{"href":"https:\/\/blogsaverroes.juntadeandalucia.es\/iesvalledelalmanzora\/wp-json\/wp\/v2\/media?parent=825"}],"curies":[{"name":"wp","href":"https:\/\/api.w.org\/{rel}","templated":true}]}}

1º de ESO

<p>[et_pb_section fb_built=&#8221;1&#8243; _builder_version=&#8221;3.23.3&#8243; custom_padding=&#8221;0px||0px|&#8221; z_index_tablet=&#8221;500&#8243; box_shadow_horizontal_tablet=&#8221;0px&#8221; box_shadow_vertical_tablet=&#8221;0px&#8221; box_shadow_blur_tablet=&#8221;40px&#8221; box_shadow_spread_tablet=&#8221;0px&#8221; global_colors_info=&#8221;{}&#8221;][et_pb_row _builder_version=&#8221;3.25&#8243; background_size=&#8221;initial&#8221; background_position=&#8221;top_left&#8221; background_repeat=&#8221;repeat&#8221; global_colors_info=&#8221;{}&#8221;][et_pb_column type=&#8221;4_4&#8243; _builder_version=&#8221;3.25&#8243; custom_padding=&#8221;|||&#8221; global_colors_info=&#8221;{}&#8221; custom_padding__hover=&#8221;|||&#8221;][et_pb_image src=&#8221;https://blogsaverroes.juntadeandalucia.es/iesvalledelalmanzora/files/2021/04/Banner-1ESO.jpg&#8221; title_text=&#8221;Banner 1ESO&#8221; admin_label=&#8221;Imagen de la portada&#8221; _builder_version=&#8221;4.5.0&#8243; z_index_tablet=&#8221;500&#8243; box_shadow_horizontal_tablet=&#8221;0px&#8221; box_shadow_vertical_tablet=&#8221;0px&#8221; box_shadow_blur_tablet=&#8221;40px&#8221; box_shadow_spread_tablet=&#8221;0px&#8221; global_colors_info=&#8221;{}&#8221;][/et_pb_image][et_pb_text admin_label=&#8221;Texto descriptivo&#8221; _builder_version=&#8221;4.5.0&#8243; z_index_tablet=&#8221;500&#8243; text_text_shadow_horizontal_length_tablet=&#8221;0px&#8221; text_text_shadow_vertical_length_tablet=&#8221;0px&#8221; text_text_shadow_blur_strength_tablet=&#8221;1px&#8221; link_text_shadow_horizontal_length_tablet=&#8221;0px&#8221; link_text_shadow_vertical_length_tablet=&#8221;0px&#8221; link_text_shadow_blur_strength_tablet=&#8221;1px&#8221; ul_text_shadow_horizontal_length_tablet=&#8221;0px&#8221; ul_text_shadow_vertical_length_tablet=&#8221;0px&#8221; ul_text_shadow_blur_strength_tablet=&#8221;1px&#8221; ol_text_shadow_horizontal_length_tablet=&#8221;0px&#8221; ol_text_shadow_vertical_length_tablet=&#8221;0px&#8221; ol_text_shadow_blur_strength_tablet=&#8221;1px&#8221; quote_text_shadow_horizontal_length_tablet=&#8221;0px&#8221; quote_text_shadow_vertical_length_tablet=&#8221;0px&#8221; quote_text_shadow_blur_strength_tablet=&#8221;1px&#8221; header_text_shadow_horizontal_length_tablet=&#8221;0px&#8221; header_text_shadow_vertical_length_tablet=&#8221;0px&#8221; header_text_shadow_blur_strength_tablet=&#8221;1px&#8221; header_2_text_shadow_horizontal_length_tablet=&#8221;0px&#8221; header_2_text_shadow_vertical_length_tablet=&#8221;0px&#8221; header_2_text_shadow_blur_strength_tablet=&#8221;1px&#8221; header_3_text_shadow_horizontal_length_tablet=&#8221;0px&#8221; header_3_text_shadow_vertical_length_tablet=&#8221;0px&#8221; header_3_text_shadow_blur_strength_tablet=&#8221;1px&#8221; header_4_text_shadow_horizontal_length_tablet=&#8221;0px&#8221; header_4_text_shadow_vertical_length_tablet=&#8221;0px&#8221; header_4_text_shadow_blur_strength_tablet=&#8221;1px&#8221; header_5_text_shadow_horizontal_length_tablet=&#8221;0px&#8221; header_5_text_shadow_vertical_length_tablet=&#8221;0px&#8221; header_5_text_shadow_blur_strength_tablet=&#8221;1px&#8221; header_6_text_shadow_horizontal_length_tablet=&#8221;0px&#8221; header_6_text_shadow_vertical_length_tablet=&#8221;0px&#8221; header_6_text_shadow_blur_strength_tablet=&#8221;1px&#8221; box_shadow_horizontal_tablet=&#8221;0px&#8221; box_shadow_vertical_tablet=&#8221;0px&#8221; box_shadow_blur_tablet=&#8221;40px&#8221; box_shadow_spread_tablet=&#8221;0px&#8221; global_colors_info=&#8221;{}&#8221;]</p>
<h2>1º de ESO</h2>
<p>Los libros de texto están recogidos dentro del <a href="https://www.google.com/url?sa=t&amp;rct=j&amp;q=&amp;esrc=s&amp;source=web&amp;cd=&amp;ved=2ahUKEwiCuOzKiIrwAhVGSRUIHXJmAPEQFjAAegQIBBAD&amp;url=https%3A%2F%2Fwww.juntadeandalucia.es%2Feducacion%2Fportals%2Fdelegate%2Fcontent%2F9ca44401-927e-484a-9c2e-a29542cc81d8%2FInstrucciones%2520gratuidad_20-21&amp;usg=AOvVaw3PLPooRrTipzTene-SHjXn">Programa de Gratuidad de Libros de Texto</a> y serán entregados al alumnado en el propio centro cuando comiencen las clases.</p>
<p>Materias y libros asignados a cada una de ellas (las materias sin libro asignado utilizan otros materiales):</p>
<table style="width: 100%;height: 529px">
<tbody>
<tr style="height: 46px">
<td style="width: 24.9053%;height: 46px">Materia</td>
<td style="width: 9.94318%;height: 46px">EAN</td>
<td style="width: 21.3068%;height: 46px">Editorial</td>
<td style="width: 36.0795%;height: 46px">Título</td>
<td style="width: 6.43939%;height: 46px">Año de Impl.</td>
</tr>
<tr style="height: 46px">
<td style="width: 24.9053%;height: 46px">Biología y Geología</td>
<td style="width: 9.94318%;height: 46px">9788491325536</td>
<td style="width: 21.3068%;height: 46px">Santillana Grazalema, S.L.</td>
<td style="width: 36.0795%;height: 46px">Biología y Geología.1º ESO.Biología y Geología 1º Saber Hacer Contigo.</td>
<td style="width: 6.43939%;height: 46px">2020</td>
</tr>
<tr style="height: 23px">
<td style="width: 24.9053%;height: 23px">Geografía e Historia</td>
<td style="width: 9.94318%;height: 23px">9788468251561</td>
<td style="width: 21.3068%;height: 23px">Editorial Vicens Vives S.A.</td>
<td style="width: 36.0795%;height: 23px">Geografía e Historia.1º ESO.En Red GH 1 Andalucía.</td>
<td style="width: 6.43939%;height: 23px">2020</td>
</tr>
<tr style="height: 46px">
<td style="width: 24.9053%;height: 46px">Lengua Castellana y Literatura</td>
<td style="width: 9.94318%;height: 46px">9788415721567</td>
<td style="width: 21.3068%;height: 46px">Sansy Ediciones Sl</td>
<td style="width: 36.0795%;height: 46px">Lengua Castellana y Literatura. 1º E.S.O. Lengua y Literatura 1º ESO ICARIA.</td>
<td style="width: 6.43939%;height: 46px">2020</td>
</tr>
<tr style="height: 46px">
<td style="width: 24.9053%;height: 46px">Matemáticas</td>
<td style="width: 9.94318%;height: 46px">9788413185071</td>
<td style="width: 21.3068%;height: 46px">Ediciones SM, S.A.</td>
<td style="width: 36.0795%;height: 46px">Matemáticas. 1º ESO. Matemáticas. 1 ESO. Savia nueva generación. And.</td>
<td style="width: 6.43939%;height: 46px">2020</td>
</tr>
<tr style="height: 23px">
<td style="width: 24.9053%;height: 23px">Inglés</td>
<td style="width: 9.94318%;height: 23px">9789925304844</td>
<td style="width: 21.3068%;height: 23px">Burlington Books, S.A.</td>
<td style="width: 36.0795%;height: 23px">Inglés. 1º ESO. Network Andalusia 1º ESO Student&#8217;s Book.</td>
<td style="width: 6.43939%;height: 23px">2020</td>
</tr>
<tr style="height: 46px">
<td style="width: 24.9053%;height: 46px">Educación Física</td>
<td style="width: 9.94318%;height: 46px"> </td>
<td style="width: 21.3068%;height: 46px"> </td>
<td style="width: 36.0795%;height: 46px"> </td>
<td style="width: 6.43939%;height: 46px"> </td>
</tr>
<tr>
<td style="width: 24.9053%"></td>
<td style="width: 9.94318%"></td>
<td style="width: 21.3068%"> </td>
<td style="width: 36.0795%"> </td>
<td style="width: 6.43939%"> </td>
</tr>
<tr style="height: 46px">
<td style="width: 24.9053%;height: 46px">Música</td>
<td style="width: 9.94318%;height: 46px">9788448610944</td>
<td style="width: 21.3068%;height: 46px">Mcgraw-Hill Interamericana De España, Sau</td>
<td style="width: 36.0795%;height: 46px">Música.1º y 2º ESO.Música Clave A Andalucía.</td>
<td style="width: 6.43939%;height: 46px">2020</td>
</tr>
<tr style="height: 23px">
<td style="width: 24.9053%;height: 23px">Religión Católica</td>
<td style="width: 9.94318%;height: 23px">9788413184609</td>
<td style="width: 21.3068%;height: 23px">Ediciones SM, S.A.</td>
<td style="width: 36.0795%;height: 23px">Religión Católica. 1º ESO. Religión. 1 ESO. Siloé. Andalucía.</td>
<td style="width: 6.43939%;height: 23px">2020</td>
</tr>
<tr style="height: 23px">
<td style="width: 24.9053%;height: 23px">
<p>Atención Educativa</p>
</td>
<td style="width: 9.94318%;height: 23px"> </td>
<td style="width: 21.3068%;height: 23px"> </td>
<td style="width: 36.0795%;height: 23px"> </td>
<td style="width: 6.43939%;height: 23px"> </td>
</tr>
<tr style="height: 23px">
<td style="width: 24.9053%;height: 23px">Computación y Robótica</td>
<td style="width: 9.94318%;height: 46px"> </td>
<td style="width: 21.3068%;height: 46px"> </td>
<td style="width: 36.0795%;height: 46px"> </td>
<td style="width: 6.43939%;height: 46px"> </td>
</tr>
<tr style="height: 23px">
<td style="width: 24.9053%;height: 23px">Francés (Segundo Idioma)</td>
<td style="width: 9.94318%;height: 46px"> </td>
<td style="width: 21.3068%;height: 46px"> </td>
<td style="width: 36.0795%;height: 46px"> </td>
<td style="width: 6.43939%;height: 46px"> </td>
</tr>
<tr style="height: 46px">
<td style="width: 24.9053%;height: 46px">Programa de Refuerzo de Materias Troncales</td>
<td style="width: 9.94318%;height: 23px"> </td>
<td style="width: 21.3068%;height: 23px"> </td>
<td style="width: 36.0795%;height: 23px"> </td>
<td style="width: 6.43939%;height: 23px"> </td>
</tr>
<tr style="height: 46px">
<td style="width: 24.9053%;height: 46px"></td>
<td style="width: 9.94318%;height: 23px"> </td>
<td style="width: 21.3068%;height: 23px"> </td>
<td style="width: 36.0795%;height: 23px"> </td>
<td style="width: 6.43939%;height: 23px"> </td>
</tr>
</tbody>
</table>
<p>&nbsp;</p>
<p>&nbsp;</p>
<p>[/et_pb_text][/et_pb_column][/et_pb_row][/et_pb_section]</p>

<p>1º de ESO Los libros de texto están recogidos dentro del Programa de Gratuidad de Libros de Texto y serán entregados al alumnado en el propio centro cuando comiencen las clases. Materias y libros asignados a cada una de ellas (las materias sin libro asignado utilizan otros materiales): Materia EAN Editorial Título Año de Impl. [&hellip;]</p>
