{"id":831,"date":"2020-12-18T08:35:33","date_gmt":"2020-12-18T07:35:33","guid":{"rendered":"https:\/\/blogsaverroes.juntadeandalucia.es\/pre\/plantilla-pencil\/?page_id=831"},"modified":"2021-09-08T10:13:01","modified_gmt":"2021-09-08T09:13:01","slug":"4eso","status":"publish","type":"page","link":"https:\/\/blogsaverroes.juntadeandalucia.es\/iesvalledelalmanzora\/4eso\/","title":{"rendered":"4\u00ba de ESO"},"content":{"rendered":"<p>[et_pb_section fb_built=&#8221;1&#8243; _builder_version=&#8221;3.23.3&#8243; custom_padding=&#8221;0px||0px|&#8221; z_index_tablet=&#8221;500&#8243; box_shadow_horizontal_tablet=&#8221;0px&#8221; box_shadow_vertical_tablet=&#8221;0px&#8221; box_shadow_blur_tablet=&#8221;40px&#8221; box_shadow_spread_tablet=&#8221;0px&#8221;][et_pb_row _builder_version=&#8221;3.25&#8243; background_size=&#8221;initial&#8221; background_position=&#8221;top_left&#8221; background_repeat=&#8221;repeat&#8221;][et_pb_column type=&#8221;4_4&#8243; _builder_version=&#8221;3.25&#8243; custom_padding=&#8221;|||&#8221; custom_padding__hover=&#8221;|||&#8221;][et_pb_image src=&#8221;https:\/\/blogsaverroes.juntadeandalucia.es\/iesvalledelalmanzora\/files\/2021\/04\/Banner-4ESO.jpg&#8221; title_text=&#8221;Banner 4ESO&#8221; admin_label=&#8221;Imagen de la portada&#8221; _builder_version=&#8221;4.5.0&#8243; z_index_tablet=&#8221;500&#8243; box_shadow_horizontal_tablet=&#8221;0px&#8221; box_shadow_vertical_tablet=&#8221;0px&#8221; box_shadow_blur_tablet=&#8221;40px&#8221; box_shadow_spread_tablet=&#8221;0px&#8221;][\/et_pb_image][et_pb_text admin_label=&#8221;Texto descriptivo&#8221; _builder_version=&#8221;4.5.0&#8243; hover_enabled=&#8221;0&#8243; z_index_tablet=&#8221;500&#8243; text_text_shadow_horizontal_length_tablet=&#8221;0px&#8221; text_text_shadow_vertical_length_tablet=&#8221;0px&#8221; text_text_shadow_blur_strength_tablet=&#8221;1px&#8221; link_text_shadow_horizontal_length_tablet=&#8221;0px&#8221; link_text_shadow_vertical_length_tablet=&#8221;0px&#8221; link_text_shadow_blur_strength_tablet=&#8221;1px&#8221; ul_text_shadow_horizontal_length_tablet=&#8221;0px&#8221; ul_text_shadow_vertical_length_tablet=&#8221;0px&#8221; ul_text_shadow_blur_strength_tablet=&#8221;1px&#8221; ol_text_shadow_horizontal_length_tablet=&#8221;0px&#8221; ol_text_shadow_vertical_length_tablet=&#8221;0px&#8221; ol_text_shadow_blur_strength_tablet=&#8221;1px&#8221; quote_text_shadow_horizontal_length_tablet=&#8221;0px&#8221; quote_text_shadow_vertical_length_tablet=&#8221;0px&#8221; quote_text_shadow_blur_strength_tablet=&#8221;1px&#8221; header_text_shadow_horizontal_length_tablet=&#8221;0px&#8221; header_text_shadow_vertical_length_tablet=&#8221;0px&#8221; header_text_shadow_blur_strength_tablet=&#8221;1px&#8221; header_2_text_shadow_horizontal_length_tablet=&#8221;0px&#8221; header_2_text_shadow_vertical_length_tablet=&#8221;0px&#8221; header_2_text_shadow_blur_strength_tablet=&#8221;1px&#8221; header_3_text_shadow_horizontal_length_tablet=&#8221;0px&#8221; header_3_text_shadow_vertical_length_tablet=&#8221;0px&#8221; header_3_text_shadow_blur_strength_tablet=&#8221;1px&#8221; header_4_text_shadow_horizontal_length_tablet=&#8221;0px&#8221; header_4_text_shadow_vertical_length_tablet=&#8221;0px&#8221; header_4_text_shadow_blur_strength_tablet=&#8221;1px&#8221; header_5_text_shadow_horizontal_length_tablet=&#8221;0px&#8221; header_5_text_shadow_vertical_length_tablet=&#8221;0px&#8221; header_5_text_shadow_blur_strength_tablet=&#8221;1px&#8221; header_6_text_shadow_horizontal_length_tablet=&#8221;0px&#8221; header_6_text_shadow_vertical_length_tablet=&#8221;0px&#8221; header_6_text_shadow_blur_strength_tablet=&#8221;1px&#8221; box_shadow_horizontal_tablet=&#8221;0px&#8221; box_shadow_vertical_tablet=&#8221;0px&#8221; box_shadow_blur_tablet=&#8221;40px&#8221; box_shadow_spread_tablet=&#8221;0px&#8221;]<\/p>\n<h2>4\u00ba de ESO<\/h2>\n<p>Los libros de texto est\u00e1n recogidos dentro del <a href=\"https:\/\/www.google.com\/url?sa=t&amp;rct=j&amp;q=&amp;esrc=s&amp;source=web&amp;cd=&amp;ved=2ahUKEwiCuOzKiIrwAhVGSRUIHXJmAPEQFjAAegQIBBAD&amp;url=https%3A%2F%2Fwww.juntadeandalucia.es%2Feducacion%2Fportals%2Fdelegate%2Fcontent%2F9ca44401-927e-484a-9c2e-a29542cc81d8%2FInstrucciones%2520gratuidad_20-21&amp;usg=AOvVaw3PLPooRrTipzTene-SHjXn\">Programa de Gratuidad de Libros de Texto<\/a>. Las familias deber\u00e1n descargar el cheque-libro del punto de recogida electr\u00f3nica en iPasen y gestionarlo en el establecimiento que de su elecci\u00f3n.<\/p>\n<p>Materias y libros asignados a cada una de ellas (las materias sin libro utilizan otros materiales o bien libros no asociados al PGLT):<\/p>\n<table style=\"width: 102.627%;height: 646px\" width=\"1322\">\n<tbody>\n<tr style=\"height: 23px\">\n<td style=\"width: 22.316%;height: 23px\" width=\"285\">Materia<\/td>\n<td style=\"width: 10.046%;height: 23px\" width=\"127\">EAN<\/td>\n<td style=\"width: 13.0368%;height: 23px\" width=\"173\">Editorial<\/td>\n<td style=\"width: 45.7822%;height: 23px\" width=\"630\">T\u00edtulo<\/td>\n<td style=\"width: 8.20552%;height: 23px\" width=\"107\">A\u00f1o de Impl.<\/td>\n<\/tr>\n<tr style=\"height: 23px\">\n<td style=\"width: 22.316%;height: 23px\" width=\"285\">Geograf\u00eda e Historia<\/td>\n<td style=\"width: 10.046%;height: 23px\" width=\"127\">9788468264479<\/td>\n<td style=\"width: 13.0368%;height: 23px\" width=\"173\">Editorial Vicens Vives S.A.<\/td>\n<td style=\"width: 45.7822%;height: 23px\" width=\"630\">Geograf\u00eda e Historia.4\u00ba ESO.En Red GH 4 Andaluc\u00eda.<\/td>\n<td style=\"width: 8.20552%;height: 23px\" width=\"107\">2021<\/td>\n<\/tr>\n<tr style=\"height: 23px\">\n<td style=\"width: 22.316%;height: 23px\" width=\"285\">Lengua Castellana y Literatura<\/td>\n<td style=\"width: 10.046%;height: 23px\" width=\"127\">9788415721741<\/td>\n<td style=\"width: 13.0368%;height: 23px\" width=\"173\">Sansy Ediciones Sl<\/td>\n<td style=\"width: 45.7822%;height: 23px\" width=\"630\">Lengua castellana y Literatura. 4\u00ba ESO. Lengua castellana y Literatura 4\u00ba ESO Proyecto Icaria<\/td>\n<td style=\"width: 8.20552%;height: 23px\" width=\"107\">2021<\/td>\n<\/tr>\n<tr style=\"height: 23px\">\n<td style=\"width: 22.316%;height: 23px\" width=\"285\">Ingl\u00e9s<\/td>\n<td style=\"width: 10.046%;height: 23px\" width=\"127\">9789925304875<\/td>\n<td style=\"width: 13.0368%;height: 23px\" width=\"173\">Burlington Books, S.A.<\/td>\n<td style=\"width: 45.7822%;height: 23px\" width=\"630\">Ingl\u00e9s.4\u00ba ESO.Network 4\u00ba ESO Andalusia.<\/td>\n<td style=\"width: 8.20552%;height: 23px\" width=\"107\">2021<\/td>\n<\/tr>\n<tr style=\"height: 70px\">\n<td style=\"width: 22.316%;height: 70px\" width=\"285\">Matem\u00e1ticas&nbsp;Orientadas&nbsp;a&nbsp;las&nbsp;Ense\u00f1anzas<br \/>Acad\u00e9micas<\/td>\n<td style=\"width: 10.046%;height: 70px\" width=\"127\">9788413920177<\/td>\n<td style=\"width: 13.0368%;height: 70px\" width=\"173\">Ediciones SM, S.A<\/td>\n<td style=\"width: 45.7822%;height: 70px\" width=\"630\">Matem\u00e1ticas&nbsp;Orientadas&nbsp;a&nbsp;las&nbsp;Ense\u00f1anzas<br \/>Acad\u00e9micas.4\u00ba&nbsp;ESO.Matem\u00e1ticas&nbsp;Acad\u00e9micas.<br \/>4\u00ba&nbsp;ESO.SNG.Andaluc\u00eda.<\/td>\n<td style=\"width: 8.20552%;height: 70px\" width=\"107\">&nbsp;2021<\/td>\n<\/tr>\n<tr style=\"height: 70px\">\n<td style=\"width: 22.316%;height: 70px\" width=\"285\">Matem\u00e1ticas&nbsp;Orientadas&nbsp;a&nbsp;las&nbsp;Ense\u00f1anzas<br \/>Aplicadas<\/td>\n<td style=\"width: 10.046%;height: 70px\" width=\"127\">9788413920146<\/td>\n<td style=\"width: 13.0368%;height: 70px\" width=\"173\">Ediciones SM, S.A<\/td>\n<td style=\"width: 45.7822%;height: 70px\" width=\"630\">Matem\u00e1ticas&nbsp;Orientadas&nbsp;a&nbsp;las&nbsp;Ense\u00f1anzas<br \/>Aplicadas.4\u00ba&nbsp;ESO.Matem\u00e1ticas&nbsp;Aplicadas&nbsp;4\u00ba<br \/>ESO.&nbsp;SNG.&nbsp;Andaluc\u00eda.<\/td>\n<td style=\"width: 8.20552%;height: 70px\" width=\"107\">&nbsp;2021<\/td>\n<\/tr>\n<tr style=\"height: 23px\">\n<td style=\"width: 22.316%;height: 23px\">Biolog\u00eda y Geolog\u00eda<\/td>\n<td style=\"width: 10.046%;height: 23px\">&nbsp;<\/td>\n<td style=\"width: 13.0368%;height: 23px\">&nbsp;<\/td>\n<td style=\"width: 45.7822%;height: 23px\">&nbsp;<\/td>\n<td style=\"width: 8.20552%;height: 23px\">&nbsp;<\/td>\n<\/tr>\n<tr style=\"height: 23px\">\n<td style=\"width: 22.316%;height: 23px\">Ciencias Aplicadas a la Actividad Profesional<\/td>\n<td style=\"width: 10.046%;height: 23px\">&nbsp;<\/td>\n<td style=\"width: 13.0368%;height: 23px\">&nbsp;<\/td>\n<td style=\"width: 45.7822%;height: 23px\">&nbsp;<\/td>\n<td style=\"width: 8.20552%;height: 23px\">&nbsp;<\/td>\n<\/tr>\n<tr style=\"height: 23px\">\n<td style=\"width: 22.316%;height: 23px\" width=\"285\">Econom\u00eda<\/td>\n<td style=\"width: 10.046%;height: 23px\" width=\"127\">9788413920405<\/td>\n<td style=\"width: 13.0368%;height: 23px\" width=\"173\">Ediciones SM, S.A.<\/td>\n<td style=\"width: 45.7822%;height: 23px\" width=\"630\">Econom\u00eda.4\u00ba ESO.Econom\u00eda 4\u00ba ESO Savia.Andaluc\u00eda.<\/td>\n<td style=\"width: 8.20552%;height: 23px\" width=\"107\">2021<\/td>\n<\/tr>\n<tr style=\"height: 46px\">\n<td style=\"width: 22.316%;height: 46px\" width=\"285\">Iniciaci\u00f3n a la Actividad Emprendedora y Empresarial<\/td>\n<td style=\"width: 10.046%;height: 46px\" width=\"127\">9788491327431<\/td>\n<td style=\"width: 13.0368%;height: 46px\" width=\"173\">Santillana Grazalema, S.L.<\/td>\n<td style=\"width: 45.7822%;height: 46px\" width=\"630\">Iniciaci\u00f3n a la Actividad Emprendedora y Empresarial.4\u00ba ESO.Iniciaci\u00f3n a la Actividad Emprendedora y Empresarial Saber Hacer Contigo.<\/td>\n<td style=\"width: 8.20552%;height: 46px\" width=\"107\">2021<\/td>\n<\/tr>\n<tr style=\"height: 23px\">\n<td style=\"width: 22.316%;height: 23px\">F\u00edsica y Qu\u00edmica<\/td>\n<td style=\"width: 10.046%;height: 23px\">&nbsp;<\/td>\n<td style=\"width: 13.0368%;height: 23px\">&nbsp;<\/td>\n<td style=\"width: 45.7822%;height: 23px\">&nbsp;<\/td>\n<td style=\"width: 8.20552%;height: 23px\">&nbsp;<\/td>\n<\/tr>\n<tr style=\"height: 46px\">\n<td style=\"width: 22.316%;height: 46px\" width=\"285\">Tecnolog\u00eda<\/td>\n<td style=\"width: 10.046%;height: 46px\" width=\"127\">9788491327264<\/td>\n<td style=\"width: 13.0368%;height: 46px\" width=\"173\">Santillana Grazalema, S.L.<\/td>\n<td style=\"width: 45.7822%;height: 46px\" width=\"630\">Tecnolog\u00eda.4\u00ba ESO.Tecnolog\u00eda Inventa 4 Saber Hacer Contigo.<\/td>\n<td style=\"width: 8.20552%;height: 46px\" width=\"107\">2021<\/td>\n<\/tr>\n<tr style=\"height: 23px\">\n<td style=\"width: 22.316%;height: 23px\" width=\"285\">Lat\u00edn<\/td>\n<td style=\"width: 10.046%;height: 23px\" width=\"127\">9788469883938<\/td>\n<td style=\"width: 13.0368%;height: 23px\" width=\"173\">Grupo Anaya, S.A.<\/td>\n<td style=\"width: 45.7822%;height: 23px\" width=\"630\">Lat\u00edn.4\u00ba ESO.Lat\u00edn 4.<\/td>\n<td style=\"width: 8.20552%;height: 23px\" width=\"107\">2021<\/td>\n<\/tr>\n<tr style=\"height: 23px\">\n<td style=\"width: 22.316%;height: 23px\" width=\"285\">Educaci\u00f3n F\u00edsica<\/td>\n<td style=\"width: 10.046%;height: 23px\" width=\"127\">&nbsp;<\/td>\n<td style=\"width: 13.0368%;height: 23px\" width=\"173\">&nbsp;<\/td>\n<td style=\"width: 45.7822%;height: 23px\" width=\"630\">&nbsp;<\/td>\n<td style=\"width: 8.20552%;height: 23px\" width=\"107\">&nbsp;<\/td>\n<\/tr>\n<tr style=\"height: 23px\">\n<td style=\"width: 22.316%;height: 23px\" width=\"285\">Religi\u00f3n Cat\u00f3lica<\/td>\n<td style=\"width: 10.046%;height: 23px\" width=\"127\">9788413184630<\/td>\n<td style=\"width: 13.0368%;height: 23px\" width=\"173\">Ediciones SM, S.A.<\/td>\n<td style=\"width: 45.7822%;height: 23px\" width=\"630\">Religi\u00f3n Cat\u00f3lica.4\u00ba ESO.Religi\u00f3n Cat\u00f3lica.4\u00ba ESO. Silo\u00e9.Andaluc\u00eda.<\/td>\n<td style=\"width: 8.20552%;height: 23px\" width=\"107\">2021<\/td>\n<\/tr>\n<tr style=\"height: 46px\">\n<td style=\"width: 22.316%;height: 46px\" width=\"285\">Valores \u00c9ticos<\/td>\n<td style=\"width: 10.046%;height: 46px\" width=\"127\">&nbsp;<\/td>\n<td style=\"width: 13.0368%;height: 46px\" width=\"173\">&nbsp;<\/td>\n<td style=\"width: 45.7822%;height: 46px\" width=\"630\">&nbsp;<\/td>\n<td style=\"width: 8.20552%;height: 46px\" width=\"107\">&nbsp;<\/td>\n<\/tr>\n<tr style=\"height: 23px\">\n<td style=\"width: 22.316%;height: 23px\" width=\"285\">Educaci\u00f3n Pl\u00e1stica, Visual y Audiovisual<\/td>\n<td style=\"width: 10.046%;height: 23px\" width=\"127\">&nbsp;<\/td>\n<td style=\"width: 13.0368%;height: 23px\" width=\"173\">&nbsp;<\/td>\n<td style=\"width: 45.7822%;height: 23px\" width=\"630\">&nbsp;<\/td>\n<td style=\"width: 8.20552%;height: 23px\" width=\"107\">&nbsp;<\/td>\n<\/tr>\n<tr style=\"height: 23px\">\n<td style=\"width: 22.316%;height: 23px\" width=\"285\">M\u00fasica<\/td>\n<td style=\"width: 10.046%;height: 23px\" width=\"127\">&nbsp;<\/td>\n<td style=\"width: 13.0368%;height: 23px\" width=\"173\">&nbsp;<\/td>\n<td style=\"width: 45.7822%;height: 23px\" width=\"630\">&nbsp;<\/td>\n<td style=\"width: 8.20552%;height: 23px\" width=\"107\">&nbsp;<\/td>\n<\/tr>\n<tr style=\"height: 23px\">\n<td style=\"width: 22.316%;height: 23px\" width=\"285\">Tecnolog\u00edas de la Informaci\u00f3n y la Comunicaci\u00f3n<\/td>\n<td style=\"width: 10.046%;height: 23px\" width=\"127\">&nbsp;<\/td>\n<td style=\"width: 13.0368%;height: 23px\" width=\"173\">&nbsp;<\/td>\n<td style=\"width: 45.7822%;height: 23px\" width=\"630\">&nbsp;<\/td>\n<td style=\"width: 8.20552%;height: 23px\" width=\"107\">&nbsp;<\/td>\n<\/tr>\n<tr style=\"height: 23px\">\n<td style=\"width: 22.316%;height: 23px\" width=\"285\">Programa de Refuerzo de Materias Troncales<\/td>\n<td style=\"width: 10.046%;height: 23px\" width=\"127\">&nbsp;<\/td>\n<td style=\"width: 13.0368%;height: 23px\" width=\"173\">&nbsp;<\/td>\n<td style=\"width: 45.7822%;height: 23px\" width=\"630\">&nbsp;<\/td>\n<td style=\"width: 8.20552%;height: 23px\" width=\"107\">&nbsp;<\/td>\n<\/tr>\n<\/tbody>\n<\/table>\n<p>[\/et_pb_text][\/et_pb_column][\/et_pb_row][\/et_pb_section]<\/p>\n","protected":false},"excerpt":{"rendered":"<p>4\u00ba de ESO Los libros de texto est\u00e1n recogidos dentro del Programa de Gratuidad de Libros de Texto. Las familias deber\u00e1n descargar el cheque-libro del punto de recogida electr\u00f3nica en iPasen y gestionarlo en el establecimiento que de su elecci\u00f3n. Materias y libros asignados a cada una de ellas (las materias sin libro utilizan otros [&hellip;]<\/p>\n","protected":false},"author":7051,"featured_media":0,"parent":0,"menu_order":0,"comment_status":"closed","ping_status":"closed","template":"","meta":{"_et_pb_use_builder":"on","_et_pb_old_content":"","_et_gb_content_width":"","ngg_post_thumbnail":0,"footnotes":""},"aioseo_notices":[],"_links":{"self":[{"href":"https:\/\/blogsaverroes.juntadeandalucia.es\/iesvalledelalmanzora\/wp-json\/wp\/v2\/pages\/831"}],"collection":[{"href":"https:\/\/blogsaverroes.juntadeandalucia.es\/iesvalledelalmanzora\/wp-json\/wp\/v2\/pages"}],"about":[{"href":"https:\/\/blogsaverroes.juntadeandalucia.es\/iesvalledelalmanzora\/wp-json\/wp\/v2\/types\/page"}],"author":[{"embeddable":true,"href":"https:\/\/blogsaverroes.juntadeandalucia.es\/iesvalledelalmanzora\/wp-json\/wp\/v2\/users\/7051"}],"replies":[{"embeddable":true,"href":"https:\/\/blogsaverroes.juntadeandalucia.es\/iesvalledelalmanzora\/wp-json\/wp\/v2\/comments?post=831"}],"version-history":[{"count":9,"href":"https:\/\/blogsaverroes.juntadeandalucia.es\/iesvalledelalmanzora\/wp-json\/wp\/v2\/pages\/831\/revisions"}],"predecessor-version":[{"id":1552,"href":"https:\/\/blogsaverroes.juntadeandalucia.es\/iesvalledelalmanzora\/wp-json\/wp\/v2\/pages\/831\/revisions\/1552"}],"wp:attachment":[{"href":"https:\/\/blogsaverroes.juntadeandalucia.es\/iesvalledelalmanzora\/wp-json\/wp\/v2\/media?parent=831"}],"curies":[{"name":"wp","href":"https:\/\/api.w.org\/{rel}","templated":true}]}}